{"id":986,"date":"2012-07-31T18:43:13","date_gmt":"2012-07-31T16:43:13","guid":{"rendered":"http:\/\/beta.lossburg-schoemberg.de\/?page_id=986"},"modified":"2016-12-13T23:02:45","modified_gmt":"2016-12-13T22:02:45","slug":"november-verleihung-der-preise-aus-dem-landeswettbewerb","status":"publish","type":"page","link":"https:\/\/lossburg-schoemberg.de\/index.php\/rueckblick\/2006-2\/november-verleihung-der-preise-aus-dem-landeswettbewerb\/","title":{"rendered":"November: Verleihung der Preise aus dem Landeswettbewerb"},"content":{"rendered":"<p><span style=\"font-size: large;\">Verleihung der Preise aus dem Landeswettbewerb:<br \/>\n&#8222;Unser Dorf hat Zukunft &#8211; Unser Dorf soll sch\u00f6ner werden&#8220;<\/span><\/p>\n<p>In der festlichen Schlussveranstaltung in der Kongresshalle in B\u00f6blingen wurden von Peter Hauk, Minister f\u00fcr Ern\u00e4hrung und l\u00e4ndlichen Raum, die Preise und Medaillen vergeben.<br \/>\nSch\u00f6mberg erh\u00e4lt eine Goldmedaille und wird weitergemeldet zum Bundeswettbewerb.<\/p>\n<table border=\"0\" align=\"center\">\n<tbody>\n<tr>\n<td><a href=\"http:\/\/beta.lossburg-schoemberg.de\/wp-content\/uploads\/2012\/07\/BBForst1.jpg\"><img loading=\"lazy\" decoding=\"async\" class=\"aligncenter wp-image-990\" title=\"BBForst\" src=\"http:\/\/beta.lossburg-schoemberg.de\/wp-content\/uploads\/2012\/07\/BBForst1.jpg\" alt=\"\" width=\"324\" height=\"192\" \/><\/a><\/td>\n<td><a href=\"http:\/\/beta.lossburg-schoemberg.de\/wp-content\/uploads\/2012\/07\/BBAdolfKarl1.jpg\"><img loading=\"lazy\" decoding=\"async\" class=\"aligncenter wp-image-991\" title=\"BBAdolfKarl\" src=\"http:\/\/beta.lossburg-schoemberg.de\/wp-content\/uploads\/2012\/07\/BBAdolfKarl1.jpg\" alt=\"\" width=\"324\" height=\"202\" \/><\/a><\/td>\n<\/tr>\n<tr>\n<td style=\"text-align: center;\">\n<address>Ausgestellte Forstwirtschaftliche Ger\u00e4te im Foyer der Halle<\/address>\n<\/td>\n<td style=\"text-align: center;\">\n<address>Adolf Armbruster singt das Sch\u00f6mberger Lied, Karl Pfau h\u00e4lt das aus Holz geschnitzte Schild<\/address>\n<\/td>\n<\/tr>\n<tr>\n<td colspan=\"2\"><a href=\"http:\/\/beta.lossburg-schoemberg.de\/wp-content\/uploads\/2012\/07\/BBGruppeFoyer1.jpg\"><img loading=\"lazy\" decoding=\"async\" class=\"aligncenter size-medium wp-image-992\" title=\"BBGruppeFoyer\" src=\"http:\/\/beta.lossburg-schoemberg.de\/wp-content\/uploads\/2012\/07\/BBGruppeFoyer1-640x299.jpg\" alt=\"\" width=\"640\" height=\"299\" srcset=\"https:\/\/lossburg-schoemberg.de\/wp-content\/uploads\/2012\/07\/BBGruppeFoyer1-640x299.jpg 640w, https:\/\/lossburg-schoemberg.de\/wp-content\/uploads\/2012\/07\/BBGruppeFoyer1.jpg 800w\" sizes=\"auto, (max-width: 640px) 100vw, 640px\" \/><\/a><\/td>\n<\/tr>\n<tr>\n<td style=\"text-align: center;\" colspan=\"2\">\n<address>\u00a0Lo\u00dfburger und Sch\u00f6mberger vor den Stellw\u00e4nden mit den Bildern<\/address>\n<\/td>\n<\/tr>\n<tr>\n<td colspan=\"2\"><a href=\"http:\/\/beta.lossburg-schoemberg.de\/wp-content\/uploads\/2012\/07\/BBBuehne.jpg\"><img loading=\"lazy\" decoding=\"async\" class=\"aligncenter size-medium wp-image-993\" title=\"BBBuehne\" src=\"http:\/\/beta.lossburg-schoemberg.de\/wp-content\/uploads\/2012\/07\/BBBuehne-640x272.jpg\" alt=\"\" width=\"640\" height=\"272\" srcset=\"https:\/\/lossburg-schoemberg.de\/wp-content\/uploads\/2012\/07\/BBBuehne-640x272.jpg 640w, https:\/\/lossburg-schoemberg.de\/wp-content\/uploads\/2012\/07\/BBBuehne.jpg 1000w\" sizes=\"auto, (max-width: 640px) 100vw, 640px\" \/><\/a><\/td>\n<\/tr>\n<tr>\n<td style=\"text-align: center;\" colspan=\"2\">\n<address>Verleihung der Goldmedaille. Im Bild von links: Minister Peter Haug, Frau Felkel, Frau R\u00f6ller und 2 Kinder der Trachtengruppe, MDL Carmina Brenner, Leiterin der Jugendsportgruppe Anja Eberhardt, Vorsitzender der Dorfgemeinschaft Marco Eberhardt, S\u00e4nger Adolf Armbruster, Kirchengemeinder\u00e4tin Helga Walter, Pfarrer Gottfried B\u00fchrer, Stellv. Ortsvorsteher Karl Pfau, B\u00fcrgermeister Thilo Schreiber, Landrat Peter Dombrowsky<\/address>\n<\/td>\n<\/tr>\n<tr>\n<td><a href=\"http:\/\/beta.lossburg-schoemberg.de\/wp-content\/uploads\/2012\/07\/BBHauk.jpg\"><img loading=\"lazy\" decoding=\"async\" class=\"aligncenter wp-image-994\" title=\"BBHauk\" src=\"http:\/\/beta.lossburg-schoemberg.de\/wp-content\/uploads\/2012\/07\/BBHauk.jpg\" alt=\"\" width=\"324\" height=\"230\" \/><\/a><\/td>\n<td><a href=\"http:\/\/beta.lossburg-schoemberg.de\/wp-content\/uploads\/2012\/07\/BB4Gold.jpg\"><img loading=\"lazy\" decoding=\"async\" class=\"aligncenter wp-image-995\" title=\"BB4Gold\" src=\"http:\/\/beta.lossburg-schoemberg.de\/wp-content\/uploads\/2012\/07\/BB4Gold-640x442.jpg\" alt=\"\" width=\"311\" height=\"215\" srcset=\"https:\/\/lossburg-schoemberg.de\/wp-content\/uploads\/2012\/07\/BB4Gold-640x442.jpg 640w, https:\/\/lossburg-schoemberg.de\/wp-content\/uploads\/2012\/07\/BB4Gold.jpg 800w\" sizes=\"auto, (max-width: 311px) 100vw, 311px\" \/><\/a><\/td>\n<\/tr>\n<tr>\n<td style=\"text-align: center;\">\n<address>Urkunde und Goldmedaille im Bild\u00a0 von links: Minister f\u00fcr Ern\u00e4hrung und l\u00e4ndlichen Raum Peter Hauk, B\u00fcrgermeister Thilo Schreiber, Karl Pfau<\/address>\n<\/td>\n<td style=\"text-align: center;\">\n<address>Die Vertreter aller 4 Goldd\u00f6rfer in Baden-W\u00fcrrtemberg. Von links: Todtnau-Pr\u00e4g-Herrenschwand, Forbach-Bermersbach, Lo\u00dfburg- Sch\u00f6mberg, Wolpertshausen-Ha\u00dffelden<\/address>\n<\/td>\n<\/tr>\n<\/tbody>\n<\/table>\n<p>&nbsp;<\/p>\n","protected":false},"excerpt":{"rendered":"<p>Verleihung der Preise aus dem Landeswettbewerb: &#8222;Unser Dorf hat Zukunft &#8211; Unser Dorf soll sch\u00f6ner werden&#8220; In der festlichen Schlussveranstaltung in der Kongresshalle in B\u00f6blingen wurden von Peter Hauk, Minister f\u00fcr Ern\u00e4hrung und l\u00e4ndlichen Raum, die Preise und Medaillen vergeben. Sch\u00f6mberg erh\u00e4lt eine Goldmedaille und wird weitergemeldet zum Bundeswettbewerb. Ausgestellte Forstwirtschaftliche Ger\u00e4te im Foyer der &hellip; <\/p>\n<p><a class=\"more-link btn\" href=\"https:\/\/lossburg-schoemberg.de\/index.php\/rueckblick\/2006-2\/november-verleihung-der-preise-aus-dem-landeswettbewerb\/\">Weiterlesen<\/a><\/p>\n","protected":false},"author":1,"featured_media":993,"parent":383,"menu_order":50,"comment_status":"open","ping_status":"open","template":"","meta":{"footnotes":""},"class_list":["post-986","page","type-page","status-publish","has-post-thumbnail","hentry","nodate","item-wrap"],"_links":{"self":[{"href":"https:\/\/lossburg-schoemberg.de\/index.php\/wp-json\/wp\/v2\/pages\/986","targetHints":{"allow":["GET"]}}],"collection":[{"href":"https:\/\/lossburg-schoemberg.de\/index.php\/wp-json\/wp\/v2\/pages"}],"about":[{"href":"https:\/\/lossburg-schoemberg.de\/index.php\/wp-json\/wp\/v2\/types\/page"}],"author":[{"embeddable":true,"href":"https:\/\/lossburg-schoemberg.de\/index.php\/wp-json\/wp\/v2\/users\/1"}],"replies":[{"embeddable":true,"href":"https:\/\/lossburg-schoemberg.de\/index.php\/wp-json\/wp\/v2\/comments?post=986"}],"version-history":[{"count":5,"href":"https:\/\/lossburg-schoemberg.de\/index.php\/wp-json\/wp\/v2\/pages\/986\/revisions"}],"predecessor-version":[{"id":3442,"href":"https:\/\/lossburg-schoemberg.de\/index.php\/wp-json\/wp\/v2\/pages\/986\/revisions\/3442"}],"up":[{"embeddable":true,"href":"https:\/\/lossburg-schoemberg.de\/index.php\/wp-json\/wp\/v2\/pages\/383"}],"wp:featuredmedia":[{"embeddable":true,"href":"https:\/\/lossburg-schoemberg.de\/index.php\/wp-json\/wp\/v2\/media\/993"}],"wp:attachment":[{"href":"https:\/\/lossburg-schoemberg.de\/index.php\/wp-json\/wp\/v2\/media?parent=986"}],"curies":[{"name":"wp","href":"https:\/\/api.w.org\/{rel}","templated":true}]}}

<p><span style="font-size: large;">Verleihung der Preise aus dem Landeswettbewerb:<br />
&#8222;Unser Dorf hat Zukunft &#8211; Unser Dorf soll schöner werden&#8220;</span></p>
<p>In der festlichen Schlussveranstaltung in der Kongresshalle in Böblingen wurden von Peter Hauk, Minister für Ernährung und ländlichen Raum, die Preise und Medaillen vergeben.<br />
Schömberg erhält eine Goldmedaille und wird weitergemeldet zum Bundeswettbewerb.</p>
<table border="0" align="center">
<tbody>
<tr>
<td><a href="http://beta.lossburg-schoemberg.de/wp-content/uploads/2012/07/BBForst1.jpg"><img loading="lazy" decoding="async" class="aligncenter wp-image-990" title="BBForst" src="http://beta.lossburg-schoemberg.de/wp-content/uploads/2012/07/BBForst1.jpg" alt="" width="324" height="192" /></a></td>
<td><a href="http://beta.lossburg-schoemberg.de/wp-content/uploads/2012/07/BBAdolfKarl1.jpg"><img loading="lazy" decoding="async" class="aligncenter wp-image-991" title="BBAdolfKarl" src="http://beta.lossburg-schoemberg.de/wp-content/uploads/2012/07/BBAdolfKarl1.jpg" alt="" width="324" height="202" /></a></td>
</tr>
<tr>
<td style="text-align: center;">
<address>Ausgestellte Forstwirtschaftliche Geräte im Foyer der Halle</address>
</td>
<td style="text-align: center;">
<address>Adolf Armbruster singt das Schömberger Lied, Karl Pfau hält das aus Holz geschnitzte Schild</address>
</td>
</tr>
<tr>
<td colspan="2"><a href="http://beta.lossburg-schoemberg.de/wp-content/uploads/2012/07/BBGruppeFoyer1.jpg"><img loading="lazy" decoding="async" class="aligncenter size-medium wp-image-992" title="BBGruppeFoyer" src="http://beta.lossburg-schoemberg.de/wp-content/uploads/2012/07/BBGruppeFoyer1-640x299.jpg" alt="" width="640" height="299" srcset="https://lossburg-schoemberg.de/wp-content/uploads/2012/07/BBGruppeFoyer1-640x299.jpg 640w, https://lossburg-schoemberg.de/wp-content/uploads/2012/07/BBGruppeFoyer1.jpg 800w" sizes="auto, (max-width: 640px) 100vw, 640px" /></a></td>
</tr>
<tr>
<td style="text-align: center;" colspan="2">
<address> Loßburger und Schömberger vor den Stellwänden mit den Bildern</address>
</td>
</tr>
<tr>
<td colspan="2"><a href="http://beta.lossburg-schoemberg.de/wp-content/uploads/2012/07/BBBuehne.jpg"><img loading="lazy" decoding="async" class="aligncenter size-medium wp-image-993" title="BBBuehne" src="http://beta.lossburg-schoemberg.de/wp-content/uploads/2012/07/BBBuehne-640x272.jpg" alt="" width="640" height="272" srcset="https://lossburg-schoemberg.de/wp-content/uploads/2012/07/BBBuehne-640x272.jpg 640w, https://lossburg-schoemberg.de/wp-content/uploads/2012/07/BBBuehne.jpg 1000w" sizes="auto, (max-width: 640px) 100vw, 640px" /></a></td>
</tr>
<tr>
<td style="text-align: center;" colspan="2">
<address>Verleihung der Goldmedaille. Im Bild von links: Minister Peter Haug, Frau Felkel, Frau Röller und 2 Kinder der Trachtengruppe, MDL Carmina Brenner, Leiterin der Jugendsportgruppe Anja Eberhardt, Vorsitzender der Dorfgemeinschaft Marco Eberhardt, Sänger Adolf Armbruster, Kirchengemeinderätin Helga Walter, Pfarrer Gottfried Bührer, Stellv. Ortsvorsteher Karl Pfau, Bürgermeister Thilo Schreiber, Landrat Peter Dombrowsky</address>
</td>
</tr>
<tr>
<td><a href="http://beta.lossburg-schoemberg.de/wp-content/uploads/2012/07/BBHauk.jpg"><img loading="lazy" decoding="async" class="aligncenter wp-image-994" title="BBHauk" src="http://beta.lossburg-schoemberg.de/wp-content/uploads/2012/07/BBHauk.jpg" alt="" width="324" height="230" /></a></td>
<td><a href="http://beta.lossburg-schoemberg.de/wp-content/uploads/2012/07/BB4Gold.jpg"><img loading="lazy" decoding="async" class="aligncenter wp-image-995" title="BB4Gold" src="http://beta.lossburg-schoemberg.de/wp-content/uploads/2012/07/BB4Gold-640x442.jpg" alt="" width="311" height="215" srcset="https://lossburg-schoemberg.de/wp-content/uploads/2012/07/BB4Gold-640x442.jpg 640w, https://lossburg-schoemberg.de/wp-content/uploads/2012/07/BB4Gold.jpg 800w" sizes="auto, (max-width: 311px) 100vw, 311px" /></a></td>
</tr>
<tr>
<td style="text-align: center;">
<address>Urkunde und Goldmedaille im Bild  von links: Minister für Ernährung und ländlichen Raum Peter Hauk, Bürgermeister Thilo Schreiber, Karl Pfau</address>
</td>
<td style="text-align: center;">
<address>Die Vertreter aller 4 Golddörfer in Baden-Würrtemberg. Von links: Todtnau-Präg-Herrenschwand, Forbach-Bermersbach, Loßburg- Schömberg, Wolpertshausen-Haßfelden</address>
</td>
</tr>
</tbody>
</table>
<p>&nbsp;</p>

<p>Verleihung der Preise aus dem Landeswettbewerb: &#8222;Unser Dorf hat Zukunft &#8211; Unser Dorf soll schöner werden&#8220; In der festlichen Schlussveranstaltung in der Kongresshalle in Böblingen wurden von Peter Hauk, Minister für Ernährung und ländlichen Raum, die Preise und Medaillen vergeben. Schömberg erhält eine Goldmedaille und wird weitergemeldet zum Bundeswettbewerb. Ausgestellte Forstwirtschaftliche Geräte im Foyer der &hellip; </p>
<p><a class="more-link btn" href="https://lossburg-schoemberg.de/index.php/rueckblick/2006-2/november-verleihung-der-preise-aus-dem-landeswettbewerb/">Weiterlesen</a></p>
