{"id":950,"date":"2012-07-31T18:12:40","date_gmt":"2012-07-31T16:12:40","guid":{"rendered":"http:\/\/beta.lossburg-schoemberg.de\/?page_id=950"},"modified":"2016-12-16T21:01:51","modified_gmt":"2016-12-16T20:01:51","slug":"august-besuch-der-bewertungskommission-fuer-den-bundesentscheid","status":"publish","type":"page","link":"https:\/\/lossburg-schoemberg.de\/index.php\/rueckblick\/2007-2\/august-besuch-der-bewertungskommission-fuer-den-bundesentscheid\/","title":{"rendered":"August: Besuch der Bewertungskommission f\u00fcr den Bundesentscheid"},"content":{"rendered":"<p>Im Bundeswettbewerb &#8222;Unser Dorf hat Zukunft&#8220; hat sich Sch\u00f6mberg in den zur Verf\u00fcgung stehenden zweieinhalb Stunden vielf\u00e4ltig und farbig pr\u00e4sentiert. Die Sch\u00f6mberger B\u00fcrger sind sehr zahlreich erschienen und haben den Rundgang begleitet. Am Ende bedankte sich der Vorsitzende der Bundeskommission Dr. Reinhard Kubat f\u00fcr den &#8222;triumphalen Empfang&#8220; und fand viele lobende Worte. Hier ein paar Bilder einiger Stationen.<\/p>\n<table border=\"0\" align=\"center\">\n<tbody>\n<tr>\n<td><a href=\"http:\/\/beta.lossburg-schoemberg.de\/wp-content\/uploads\/2012\/07\/BuKomm1.jpg\"><img loading=\"lazy\" decoding=\"async\" class=\"aligncenter wp-image-951\" title=\"BuKomm1\" src=\"http:\/\/beta.lossburg-schoemberg.de\/wp-content\/uploads\/2012\/07\/BuKomm1.jpg\" alt=\"\" width=\"288\" height=\"200\" \/><\/a><\/td>\n<td><a href=\"http:\/\/beta.lossburg-schoemberg.de\/wp-content\/uploads\/2012\/07\/BuKomm2.jpg\"><img loading=\"lazy\" decoding=\"async\" class=\"aligncenter wp-image-952\" title=\"BuKomm2\" src=\"http:\/\/beta.lossburg-schoemberg.de\/wp-content\/uploads\/2012\/07\/BuKomm2.jpg\" alt=\"\" width=\"300\" height=\"196\" \/><\/a><\/td>\n<\/tr>\n<tr>\n<td style=\"text-align: center;\">\n<address>\u00a0Empfang im B\u00fcrger- und G\u00e4stehaus<\/address>\n<\/td>\n<td style=\"text-align: center;\">\n<address>\u00a0Die Gruppe beim Hofbauernhof und beim Bauerngarten<\/address>\n<\/td>\n<\/tr>\n<tr>\n<td><a href=\"http:\/\/beta.lossburg-schoemberg.de\/wp-content\/uploads\/2012\/07\/BuKomm3.jpg\"><img loading=\"lazy\" decoding=\"async\" class=\"aligncenter wp-image-953\" title=\"BuKomm3\" src=\"http:\/\/beta.lossburg-schoemberg.de\/wp-content\/uploads\/2012\/07\/BuKomm3.jpg\" alt=\"\" width=\"300\" height=\"187\" \/><\/a><\/td>\n<td><a href=\"http:\/\/beta.lossburg-schoemberg.de\/wp-content\/uploads\/2012\/07\/BuKomm4.jpg\"><img loading=\"lazy\" decoding=\"async\" class=\"aligncenter wp-image-954\" title=\"BuKomm4\" src=\"http:\/\/beta.lossburg-schoemberg.de\/wp-content\/uploads\/2012\/07\/BuKomm4.jpg\" alt=\"\" width=\"324\" height=\"191\" \/><\/a><\/td>\n<\/tr>\n<tr>\n<td style=\"text-align: center;\">\n<address>Waldspielplatz mit Information \u00fcber die Jugendsportgruppe<\/address>\n<\/td>\n<td style=\"text-align: center;\">\n<address>Vorf\u00fchrung einer Holz Vollerntemaschine<\/address>\n<\/td>\n<\/tr>\n<tr>\n<td><a href=\"http:\/\/beta.lossburg-schoemberg.de\/wp-content\/uploads\/2012\/07\/BuKomm5.jpg\"><img loading=\"lazy\" decoding=\"async\" class=\"aligncenter wp-image-955\" title=\"BuKomm5\" src=\"http:\/\/beta.lossburg-schoemberg.de\/wp-content\/uploads\/2012\/07\/BuKomm5.jpg\" alt=\"\" width=\"300\" height=\"212\" \/><\/a><\/td>\n<td><a href=\"http:\/\/beta.lossburg-schoemberg.de\/wp-content\/uploads\/2012\/07\/BuKomm6.jpg\"><img loading=\"lazy\" decoding=\"async\" class=\"aligncenter wp-image-956\" title=\"BuKomm6\" src=\"http:\/\/beta.lossburg-schoemberg.de\/wp-content\/uploads\/2012\/07\/BuKomm6.jpg\" alt=\"\" width=\"324\" height=\"218\" \/><\/a><\/td>\n<\/tr>\n<tr>\n<td style=\"text-align: center;\">\n<address>Historisches Backhaus, umgebaut zur modernen Ferienwohnung im Armbrusterhof in Hinterr\u00f6tenberg<\/address>\n<\/td>\n<td style=\"text-align: center;\">\n<address>Wellness im ausgeh\u00f6hlten Baumstamm im Walterhof im Hinterr\u00f6tenberg<\/address>\n<\/td>\n<\/tr>\n<tr>\n<td><a href=\"http:\/\/beta.lossburg-schoemberg.de\/wp-content\/uploads\/2012\/07\/BuKomm7.jpg\"><img loading=\"lazy\" decoding=\"async\" class=\"aligncenter wp-image-957\" title=\"BuKomm7\" src=\"http:\/\/beta.lossburg-schoemberg.de\/wp-content\/uploads\/2012\/07\/BuKomm7.jpg\" alt=\"\" width=\"324\" height=\"222\" \/><\/a><\/td>\n<td><a href=\"http:\/\/beta.lossburg-schoemberg.de\/wp-content\/uploads\/2012\/07\/BuKomm8.jpg\"><img loading=\"lazy\" decoding=\"async\" class=\"aligncenter wp-image-958\" title=\"BuKomm8\" src=\"http:\/\/beta.lossburg-schoemberg.de\/wp-content\/uploads\/2012\/07\/BuKomm8.jpg\" alt=\"\" width=\"324\" height=\"216\" \/><\/a><\/td>\n<\/tr>\n<tr>\n<td style=\"text-align: center;\">\n<address>Sahnelik\u00f6rprobe vor der Schnapsbrennerei im Walterhof im Hinterr\u00f6tenberg<\/address>\n<\/td>\n<td style=\"text-align: center;\">\n<address>\u00dcbergabe von bemalten Holz Vesperbrettchen vor der Blockh\u00fctte im Walterhof im Hinterr\u00f6tenberg<\/address>\n<\/td>\n<\/tr>\n<\/tbody>\n<\/table>\n<p>&nbsp;<\/p>\n","protected":false},"excerpt":{"rendered":"<p>Im Bundeswettbewerb &#8222;Unser Dorf hat Zukunft&#8220; hat sich Sch\u00f6mberg in den zur Verf\u00fcgung stehenden zweieinhalb Stunden vielf\u00e4ltig und farbig pr\u00e4sentiert. Die Sch\u00f6mberger B\u00fcrger sind sehr zahlreich erschienen und haben den Rundgang begleitet. Am Ende bedankte sich der Vorsitzende der Bundeskommission Dr. Reinhard Kubat f\u00fcr den &#8222;triumphalen Empfang&#8220; und fand viele lobende Worte. Hier ein paar &hellip; <\/p>\n<p><a class=\"more-link btn\" href=\"https:\/\/lossburg-schoemberg.de\/index.php\/rueckblick\/2007-2\/august-besuch-der-bewertungskommission-fuer-den-bundesentscheid\/\">Weiterlesen<\/a><\/p>\n","protected":false},"author":1,"featured_media":952,"parent":44,"menu_order":30,"comment_status":"open","ping_status":"open","template":"","meta":{"footnotes":""},"class_list":["post-950","page","type-page","status-publish","has-post-thumbnail","hentry","nodate","item-wrap"],"_links":{"self":[{"href":"https:\/\/lossburg-schoemberg.de\/index.php\/wp-json\/wp\/v2\/pages\/950","targetHints":{"allow":["GET"]}}],"collection":[{"href":"https:\/\/lossburg-schoemberg.de\/index.php\/wp-json\/wp\/v2\/pages"}],"about":[{"href":"https:\/\/lossburg-schoemberg.de\/index.php\/wp-json\/wp\/v2\/types\/page"}],"author":[{"embeddable":true,"href":"https:\/\/lossburg-schoemberg.de\/index.php\/wp-json\/wp\/v2\/users\/1"}],"replies":[{"embeddable":true,"href":"https:\/\/lossburg-schoemberg.de\/index.php\/wp-json\/wp\/v2\/comments?post=950"}],"version-history":[{"count":2,"href":"https:\/\/lossburg-schoemberg.de\/index.php\/wp-json\/wp\/v2\/pages\/950\/revisions"}],"predecessor-version":[{"id":3459,"href":"https:\/\/lossburg-schoemberg.de\/index.php\/wp-json\/wp\/v2\/pages\/950\/revisions\/3459"}],"up":[{"embeddable":true,"href":"https:\/\/lossburg-schoemberg.de\/index.php\/wp-json\/wp\/v2\/pages\/44"}],"wp:featuredmedia":[{"embeddable":true,"href":"https:\/\/lossburg-schoemberg.de\/index.php\/wp-json\/wp\/v2\/media\/952"}],"wp:attachment":[{"href":"https:\/\/lossburg-schoemberg.de\/index.php\/wp-json\/wp\/v2\/media?parent=950"}],"curies":[{"name":"wp","href":"https:\/\/api.w.org\/{rel}","templated":true}]}}