{"id":945,"date":"2012-07-31T18:01:40","date_gmt":"2012-07-31T16:01:40","guid":{"rendered":"http:\/\/beta.lossburg-schoemberg.de\/?page_id=945"},"modified":"2016-12-16T21:00:54","modified_gmt":"2016-12-16T20:00:54","slug":"november-bundesweiter-vorlesetag-in-schoemberg","status":"publish","type":"page","link":"https:\/\/lossburg-schoemberg.de\/index.php\/rueckblick\/2007-2\/november-bundesweiter-vorlesetag-in-schoemberg\/","title":{"rendered":"November: Bundesweiter Vorlesetag in Sch\u00f6mberg"},"content":{"rendered":"<p><a href=\"http:\/\/beta.lossburg-schoemberg.de\/wp-content\/uploads\/2012\/07\/Wir_lesen_vor_Bild.jpg\"><img loading=\"lazy\" decoding=\"async\" class=\"alignright wp-image-946\" title=\"Wir_lesen_vor_Bild\" src=\"http:\/\/beta.lossburg-schoemberg.de\/wp-content\/uploads\/2012\/07\/Wir_lesen_vor_Bild.jpg\" alt=\"\" width=\"384\" height=\"308\" \/><\/a><strong>Vorlesen mit der Puppe Mirabell<\/strong><\/p>\n<p>Die Evangelische Kirchengemeinde Sch\u00f6mberg hat die Initiative von \u201eDie Zeit\u201c und der \u201eStiftung Lesen\u201c zum bundesweiten Vorlesetag am 23. November 2007 aufgegriffen. Hintergrund dieser Initiative ist es, Kinder beizeiten an B\u00fccher heran zu f\u00fchren und ihnen Spa\u00df am Lesen zu vermitteln.<\/p>\n<p>Unter dem Motto \u201eG\u2019schichten ond Gs\u00e4lzbrot\u201c wurde eine unterhaltsame Vorlesestunde gestaltet. Eine muntere Schar Kinder, teilweise von ihren Eltern begleitet, str\u00f6mte ins B\u00fcrger- und G\u00e4stehaus. Unter dem Arm brachten sie Decken und Kuschelkissen mit, damit sie es sich zum Vorlesen richtig gem\u00fctlich machen konnten.<\/p>\n<p>Pfarrer Gottfried A. B\u00fchrer hatte zum Vorlesen zwei Geschichten ausgew\u00e4hlt: die erste Geschichte stammt aus der Feder von Astrid Lindgren, die in diesem Jahr hundert Jahre alt geworden w\u00e4re. Die Kinder verfolgten gespannt, wie im Gartenbeet der kleinen Britta-Kajsa auf ganz wundersame Weise die Puppe Mirabell w\u00e4chst und was die beiden danach alles miteinander erleben.<\/p>\n<p>Die zweite Geschichte von Ilona Bodden erz\u00e4hlt von einem kleinen Elefant, der nichts als Pech und Ungl\u00fcck hat \u2013 bis er eines Tages von seiner Gro\u00dfmutter erkl\u00e4rt bekam, wie er durch den R\u00fcssel trompeten kann. Das tut er dann ausgiebig und freut sich daran, wie die anderen ihn jetzt bewundern.<\/p>\n<p>Zwischen den Geschichten gab es zur St\u00e4rkung Gs\u00e4lzbrot \u2013 wie gut dies den Kindern schmeckte, konnte man bei den einen an der Dicke des Brotbelags und bei den anderen an der Zahl der verspeisten Brote ablesen.<\/p>\n<p>Nach einem Abschlusslied waren sich alle einig: der n\u00e4chste Sch\u00f6mberger Vorlesetag soll nicht erst am n\u00e4chsten bundesweiten Vorlesetag sein!<\/p>\n<p>&nbsp;<\/p>\n","protected":false},"excerpt":{"rendered":"<p>Vorlesen mit der Puppe Mirabell Die Evangelische Kirchengemeinde Sch\u00f6mberg hat die Initiative von \u201eDie Zeit\u201c und der \u201eStiftung Lesen\u201c zum bundesweiten Vorlesetag am 23. November 2007 aufgegriffen. Hintergrund dieser Initiative ist es, Kinder beizeiten an B\u00fccher heran zu f\u00fchren und ihnen Spa\u00df am Lesen zu vermitteln. Unter dem Motto \u201eG\u2019schichten ond Gs\u00e4lzbrot\u201c wurde eine unterhaltsame &hellip; <\/p>\n<p><a class=\"more-link btn\" href=\"https:\/\/lossburg-schoemberg.de\/index.php\/rueckblick\/2007-2\/november-bundesweiter-vorlesetag-in-schoemberg\/\">Weiterlesen<\/a><\/p>\n","protected":false},"author":1,"featured_media":946,"parent":44,"menu_order":40,"comment_status":"open","ping_status":"open","template":"","meta":{"footnotes":""},"class_list":["post-945","page","type-page","status-publish","has-post-thumbnail","hentry","nodate","item-wrap"],"_links":{"self":[{"href":"https:\/\/lossburg-schoemberg.de\/index.php\/wp-json\/wp\/v2\/pages\/945","targetHints":{"allow":["GET"]}}],"collection":[{"href":"https:\/\/lossburg-schoemberg.de\/index.php\/wp-json\/wp\/v2\/pages"}],"about":[{"href":"https:\/\/lossburg-schoemberg.de\/index.php\/wp-json\/wp\/v2\/types\/page"}],"author":[{"embeddable":true,"href":"https:\/\/lossburg-schoemberg.de\/index.php\/wp-json\/wp\/v2\/users\/1"}],"replies":[{"embeddable":true,"href":"https:\/\/lossburg-schoemberg.de\/index.php\/wp-json\/wp\/v2\/comments?post=945"}],"version-history":[{"count":2,"href":"https:\/\/lossburg-schoemberg.de\/index.php\/wp-json\/wp\/v2\/pages\/945\/revisions"}],"predecessor-version":[{"id":3457,"href":"https:\/\/lossburg-schoemberg.de\/index.php\/wp-json\/wp\/v2\/pages\/945\/revisions\/3457"}],"up":[{"embeddable":true,"href":"https:\/\/lossburg-schoemberg.de\/index.php\/wp-json\/wp\/v2\/pages\/44"}],"wp:featuredmedia":[{"embeddable":true,"href":"https:\/\/lossburg-schoemberg.de\/index.php\/wp-json\/wp\/v2\/media\/946"}],"wp:attachment":[{"href":"https:\/\/lossburg-schoemberg.de\/index.php\/wp-json\/wp\/v2\/media?parent=945"}],"curies":[{"name":"wp","href":"https:\/\/api.w.org\/{rel}","templated":true}]}}