{"id":883,"date":"2012-07-31T17:11:32","date_gmt":"2012-07-31T15:11:32","guid":{"rendered":"http:\/\/beta.lossburg-schoemberg.de\/?page_id=883"},"modified":"2016-12-16T21:10:12","modified_gmt":"2016-12-16T20:10:12","slug":"messe-berlin","status":"publish","type":"page","link":"https:\/\/lossburg-schoemberg.de\/index.php\/rueckblick\/2008-2\/messe-berlin\/","title":{"rendered":"Messe Berlin"},"content":{"rendered":"<p style=\"text-align: center;\"><strong><span style=\"font-size: large;\">Sch\u00f6mberg auf der Internationalen Gr\u00fcnen Woche in Berlin vom 16. bis 25. Januar 2008<\/span><\/strong><\/p>\n<p align=\"left\">In der Messehalle des Bundesministeriums f\u00fcr Ern\u00e4hrung, Landwirtschaft und Verbraucherschutz wurden die l\u00e4ndlichen Regionen in Ihrer Vielf\u00e4ltigkeit pr\u00e4sentiert.<\/p>\n<p align=\"left\">Hier war das\u00a0<a href=\"http:\/\/www.gemeinde-lossburg.de\/ceasy\/modules\/cms\/main.php5?cPageId=20\">&#8222;Lo\u00dfburger Ferienland&#8220;<\/a>\u00a0und der\u00a0<a href=\"http:\/\/www.freudenstadt-tourismus.de\/\">&#8222;Freudenstadt Tourismus&#8220;<\/a>\u00a0mit einem Messestand vertreten.<\/p>\n<p align=\"left\"><a href=\"http:\/\/beta.lossburg-schoemberg.de\/wp-content\/uploads\/2012\/07\/Stand_leer.jpg\"><img loading=\"lazy\" decoding=\"async\" class=\"aligncenter size-medium wp-image-884\" title=\"Stand_leer\" src=\"http:\/\/beta.lossburg-schoemberg.de\/wp-content\/uploads\/2012\/07\/Stand_leer-640x482.jpg\" alt=\"\" width=\"640\" height=\"482\" srcset=\"https:\/\/lossburg-schoemberg.de\/wp-content\/uploads\/2012\/07\/Stand_leer-640x482.jpg 640w, https:\/\/lossburg-schoemberg.de\/wp-content\/uploads\/2012\/07\/Stand_leer.jpg 1024w\" sizes=\"auto, (max-width: 640px) 100vw, 640px\" \/><\/a><\/p>\n<address>Bild vom Messestand, links Plakat: &#8222;Wald hat Zukunft&#8220;, darunter Schwarzw\u00e4lder Schinken der Fa. Wein aus Musbach, daneben Fassbier von &#8222;Alpirsbacher Klosterbr\u00e4u&#8220;, Auf dem Pult: Kirschwasser vom Walterhof Hinterr\u00f6tenberg und H\u00fcpfer der Fa. Uwe Mueller, ein PC mit dieser Homepage, ein Plakat aus Freudenstadt &#8222;Lebensqualit\u00e4t&#8220;, darunter Schneeschuhe, rechts oben: Wegzeiger von Wanderwegen des Schwarzwaldvereins,\u00a0 im Hintergrund Baumst\u00e4mme aus Sch\u00f6mberg und ein R\u00fcckwandposter mit dem Motiv Wald.<\/address>\n<address>\u00a0<\/address>\n<table border=\"0\" align=\"center\">\n<tbody>\n<tr>\n<td><a href=\"http:\/\/beta.lossburg-schoemberg.de\/wp-content\/uploads\/2012\/07\/Stand3.jpg\"><img loading=\"lazy\" decoding=\"async\" class=\"aligncenter wp-image-885\" title=\"Stand3\" src=\"http:\/\/beta.lossburg-schoemberg.de\/wp-content\/uploads\/2012\/07\/Stand3-640x466.jpg\" alt=\"\" width=\"307\" height=\"224\" srcset=\"https:\/\/lossburg-schoemberg.de\/wp-content\/uploads\/2012\/07\/Stand3-640x466.jpg 640w, https:\/\/lossburg-schoemberg.de\/wp-content\/uploads\/2012\/07\/Stand3.jpg 1024w\" sizes=\"auto, (max-width: 307px) 100vw, 307px\" \/><\/a><\/td>\n<td><a href=\"http:\/\/beta.lossburg-schoemberg.de\/wp-content\/uploads\/2012\/07\/Stand2.jpg\"><img loading=\"lazy\" decoding=\"async\" class=\"aligncenter wp-image-886\" title=\"Stand2\" src=\"http:\/\/beta.lossburg-schoemberg.de\/wp-content\/uploads\/2012\/07\/Stand2.jpg\" alt=\"\" width=\"307\" height=\"222\" \/><\/a><\/td>\n<\/tr>\n<tr>\n<td style=\"text-align: center;\">\n<address>\u00a0Von links: Stellv. B\u00fcrgermeister von Lo\u00dfburg\u00a0 Manfred Hauser, Sabine Winter, Ortsvorsteher von Sch\u00f6mberg Kurt Winter<\/address>\n<\/td>\n<td style=\"text-align: center;\">\n<address>Doris Heinzelmann vom Gasthof Linde, Lo\u00dfburg, Manfred Hauser und Rose Fischer vom Hotel Traube, Lo\u00dfburg.<\/address>\n<\/td>\n<\/tr>\n<tr>\n<td><a href=\"http:\/\/beta.lossburg-schoemberg.de\/wp-content\/uploads\/2012\/07\/Stand6.jpg\"><img loading=\"lazy\" decoding=\"async\" class=\"aligncenter wp-image-887\" title=\"Stand6\" src=\"http:\/\/beta.lossburg-schoemberg.de\/wp-content\/uploads\/2012\/07\/Stand6.jpg\" alt=\"\" width=\"307\" height=\"214\" \/><\/a><\/td>\n<td><a href=\"http:\/\/beta.lossburg-schoemberg.de\/wp-content\/uploads\/2012\/07\/Stand7.jpg\"><img loading=\"lazy\" decoding=\"async\" class=\"aligncenter wp-image-888\" title=\"Stand7\" src=\"http:\/\/beta.lossburg-schoemberg.de\/wp-content\/uploads\/2012\/07\/Stand7.jpg\" alt=\"\" width=\"307\" height=\"201\" \/><\/a><\/td>\n<\/tr>\n<tr>\n<td style=\"text-align: center;\">\n<address>Bei der Standbetreuung: Dorothee Stein, Kurt Winter, Marina Stein vom Gasthof Linde in Lombach und Manfred Hauser<\/address>\n<\/td>\n<td style=\"text-align: center;\">\n<address>Manfred Hauser, Jenny Schmieder von der Pension Solhof in Sch\u00f6mberg, Renate Schmid, Lo\u00dfburg Information, Kurt Winter<\/address>\n<\/td>\n<\/tr>\n<tr>\n<td><a href=\"http:\/\/beta.lossburg-schoemberg.de\/wp-content\/uploads\/2012\/07\/Stand4.jpg\"><img loading=\"lazy\" decoding=\"async\" class=\"aligncenter wp-image-889\" title=\"Stand4\" src=\"http:\/\/beta.lossburg-schoemberg.de\/wp-content\/uploads\/2012\/07\/Stand4.jpg\" alt=\"\" width=\"307\" height=\"201\" \/><\/a><\/td>\n<td><a href=\"http:\/\/beta.lossburg-schoemberg.de\/wp-content\/uploads\/2012\/07\/Woelfing_02.jpg\"><img loading=\"lazy\" decoding=\"async\" class=\"aligncenter wp-image-890\" title=\"Woelfing_02\" src=\"http:\/\/beta.lossburg-schoemberg.de\/wp-content\/uploads\/2012\/07\/Woelfing_02-640x426.jpg\" alt=\"\" width=\"307\" height=\"205\" srcset=\"https:\/\/lossburg-schoemberg.de\/wp-content\/uploads\/2012\/07\/Woelfing_02-640x426.jpg 640w, https:\/\/lossburg-schoemberg.de\/wp-content\/uploads\/2012\/07\/Woelfing_02-1024x682.jpg 1024w, https:\/\/lossburg-schoemberg.de\/wp-content\/uploads\/2012\/07\/Woelfing_02.jpg 1772w\" sizes=\"auto, (max-width: 307px) 100vw, 307px\" \/><\/a><\/td>\n<\/tr>\n<tr>\n<td style=\"text-align: center;\">\n<address>Beispielhaft f\u00fcr &#8222;Regionen mit Zukunft&#8220; wurde im Nordschwarzwald Freudenstadt mit Lo\u00dfburg ausgew\u00e4hlt.<\/address>\n<\/td>\n<td style=\"text-align: center;\">\n<address>Beliebte Wanderziele: Wittlensweiler, Gr\u00fcntal-Frutenhof, Musbach, Friedrichsturm, Gro\u00dfvatertanne, Lauterbad, Lo\u00dfburg-Zauberland&#8230;<\/address>\n<\/td>\n<\/tr>\n<tr>\n<td><a href=\"http:\/\/beta.lossburg-schoemberg.de\/wp-content\/uploads\/2012\/07\/Podiumsdiskussion.jpg\"><img loading=\"lazy\" decoding=\"async\" class=\"aligncenter wp-image-891\" title=\"Podiumsdiskussion\" src=\"http:\/\/beta.lossburg-schoemberg.de\/wp-content\/uploads\/2012\/07\/Podiumsdiskussion-640x466.jpg\" alt=\"\" width=\"306\" height=\"224\" srcset=\"https:\/\/lossburg-schoemberg.de\/wp-content\/uploads\/2012\/07\/Podiumsdiskussion-640x466.jpg 640w, https:\/\/lossburg-schoemberg.de\/wp-content\/uploads\/2012\/07\/Podiumsdiskussion.jpg 1024w\" sizes=\"auto, (max-width: 306px) 100vw, 306px\" \/><\/a><\/td>\n<td><a href=\"http:\/\/beta.lossburg-schoemberg.de\/wp-content\/uploads\/2012\/07\/Stand5.jpg\"><img loading=\"lazy\" decoding=\"async\" class=\"aligncenter wp-image-892\" title=\"Stand5\" src=\"http:\/\/beta.lossburg-schoemberg.de\/wp-content\/uploads\/2012\/07\/Stand5.jpg\" alt=\"\" width=\"307\" height=\"231\" \/><\/a><\/td>\n<\/tr>\n<tr>\n<td style=\"text-align: center;\">\n<address>Podiumsdiskussion mit Kurt Winter in der Halle des BMELV<\/address>\n<\/td>\n<td style=\"text-align: center;\">\n<address>Charly Schwenk und Doris R\u00f6ller der Trachtengruppe Lo\u00dfburg spielen &#8222;Es steht eine M\u00fchle im Schwarzw\u00e4lder Tal&#8220; mit Kuhglocken.<\/address>\n<\/td>\n<\/tr>\n<\/tbody>\n<\/table>\n","protected":false},"excerpt":{"rendered":"<p>Sch\u00f6mberg auf der Internationalen Gr\u00fcnen Woche in Berlin vom 16. bis 25. Januar 2008 In der Messehalle des Bundesministeriums f\u00fcr Ern\u00e4hrung, Landwirtschaft und Verbraucherschutz wurden die l\u00e4ndlichen Regionen in Ihrer Vielf\u00e4ltigkeit pr\u00e4sentiert. Hier war das\u00a0&#8222;Lo\u00dfburger Ferienland&#8220;\u00a0und der\u00a0&#8222;Freudenstadt Tourismus&#8220;\u00a0mit einem Messestand vertreten. Bild vom Messestand, links Plakat: &#8222;Wald hat Zukunft&#8220;, darunter Schwarzw\u00e4lder Schinken der Fa. Wein &hellip; <\/p>\n<p><a class=\"more-link btn\" href=\"https:\/\/lossburg-schoemberg.de\/index.php\/rueckblick\/2008-2\/messe-berlin\/\">Weiterlesen<\/a><\/p>\n","protected":false},"author":1,"featured_media":884,"parent":42,"menu_order":10,"comment_status":"open","ping_status":"open","template":"","meta":{"footnotes":""},"class_list":["post-883","page","type-page","status-publish","has-post-thumbnail","hentry","nodate","item-wrap"],"_links":{"self":[{"href":"https:\/\/lossburg-schoemberg.de\/index.php\/wp-json\/wp\/v2\/pages\/883","targetHints":{"allow":["GET"]}}],"collection":[{"href":"https:\/\/lossburg-schoemberg.de\/index.php\/wp-json\/wp\/v2\/pages"}],"about":[{"href":"https:\/\/lossburg-schoemberg.de\/index.php\/wp-json\/wp\/v2\/types\/page"}],"author":[{"embeddable":true,"href":"https:\/\/lossburg-schoemberg.de\/index.php\/wp-json\/wp\/v2\/users\/1"}],"replies":[{"embeddable":true,"href":"https:\/\/lossburg-schoemberg.de\/index.php\/wp-json\/wp\/v2\/comments?post=883"}],"version-history":[{"count":1,"href":"https:\/\/lossburg-schoemberg.de\/index.php\/wp-json\/wp\/v2\/pages\/883\/revisions"}],"predecessor-version":[{"id":893,"href":"https:\/\/lossburg-schoemberg.de\/index.php\/wp-json\/wp\/v2\/pages\/883\/revisions\/893"}],"up":[{"embeddable":true,"href":"https:\/\/lossburg-schoemberg.de\/index.php\/wp-json\/wp\/v2\/pages\/42"}],"wp:featuredmedia":[{"embeddable":true,"href":"https:\/\/lossburg-schoemberg.de\/index.php\/wp-json\/wp\/v2\/media\/884"}],"wp:attachment":[{"href":"https:\/\/lossburg-schoemberg.de\/index.php\/wp-json\/wp\/v2\/media?parent=883"}],"curies":[{"name":"wp","href":"https:\/\/api.w.org\/{rel}","templated":true}]}}