{"id":874,"date":"2012-07-31T16:55:22","date_gmt":"2012-07-31T14:55:22","guid":{"rendered":"http:\/\/beta.lossburg-schoemberg.de\/?page_id=874"},"modified":"2016-12-16T21:10:38","modified_gmt":"2016-12-16T20:10:38","slug":"preisverleihung","status":"publish","type":"page","link":"https:\/\/lossburg-schoemberg.de\/index.php\/rueckblick\/2008-2\/preisverleihung\/","title":{"rendered":"Preisverleihung"},"content":{"rendered":"<p><strong><span style=\"font-size: large;\">Preisverleihung vom Bundeswettbewerb im ICC in Berlin am 23. Januar 2008<\/span><\/strong><\/p>\n<table border=\"0\" align=\"center\">\n<tbody>\n<tr>\n<td colspan=\"2\"><a href=\"http:\/\/beta.lossburg-schoemberg.de\/wp-content\/uploads\/2012\/07\/GruppeBuehne2.jpg\"><img loading=\"lazy\" decoding=\"async\" class=\"aligncenter size-medium wp-image-875\" title=\"GruppeBuehne2\" src=\"http:\/\/beta.lossburg-schoemberg.de\/wp-content\/uploads\/2012\/07\/GruppeBuehne2-640x240.jpg\" alt=\"\" width=\"640\" height=\"240\" srcset=\"https:\/\/lossburg-schoemberg.de\/wp-content\/uploads\/2012\/07\/GruppeBuehne2-640x240.jpg 640w, https:\/\/lossburg-schoemberg.de\/wp-content\/uploads\/2012\/07\/GruppeBuehne2.jpg 1024w\" sizes=\"auto, (max-width: 640px) 100vw, 640px\" \/><\/a><\/td>\n<\/tr>\n<tr>\n<td style=\"text-align: center;\" colspan=\"2\">\n<address>Die Vertreter der Siegerd\u00f6rfer auf der\u00a0<a href=\"http:\/\/www.dorfwettbewerb.bund.de\/index.php?id=914\">Abschlussveranstaltung<\/a>. Sch\u00f6mberg (ganz rechts) ist mit einem geschnitzten Holzschild mit Wappen und dem Schriftzug: Sch\u00f6mberg auf der B\u00fchne. Foto: Frank W\u00f6lffing-Seelig, Berlin.\u00a0<a href=\"http:\/\/www.studio36.de\/\">www.studio36.de<\/a><\/address>\n<\/td>\n<\/tr>\n<tr>\n<td><a href=\"http:\/\/beta.lossburg-schoemberg.de\/wp-content\/uploads\/2012\/07\/FestKomission.jpg\"><img loading=\"lazy\" decoding=\"async\" class=\"aligncenter wp-image-876\" title=\"FestKomission\" src=\"http:\/\/beta.lossburg-schoemberg.de\/wp-content\/uploads\/2012\/07\/FestKomission.jpg\" alt=\"\" width=\"311\" height=\"207\" \/><\/a><\/td>\n<td><a href=\"http:\/\/beta.lossburg-schoemberg.de\/wp-content\/uploads\/2012\/07\/FestSaal.jpg\"><img loading=\"lazy\" decoding=\"async\" class=\"aligncenter wp-image-877\" title=\"FestSaal\" src=\"http:\/\/beta.lossburg-schoemberg.de\/wp-content\/uploads\/2012\/07\/FestSaal.jpg\" alt=\"\" width=\"311\" height=\"207\" \/><\/a><\/td>\n<\/tr>\n<tr>\n<td style=\"text-align: center;\">\n<address>\u00a0Die Bewertungskomission die durch die ganze Bundesrepuplik reiste um die D\u00f6rfer zu besuchen.<\/address>\n<\/td>\n<td style=\"text-align: center;\">\n<address>\u00a0Einige Sch\u00f6mberger im Festsaal. Mitte von links: Marco Eberhardt mit Schild<\/address>\n<\/td>\n<\/tr>\n<tr>\n<td><a href=\"http:\/\/beta.lossburg-schoemberg.de\/wp-content\/uploads\/2012\/07\/FestSeehofer.jpg\"><img loading=\"lazy\" decoding=\"async\" class=\"aligncenter wp-image-878\" title=\"FestSeehofer\" src=\"http:\/\/beta.lossburg-schoemberg.de\/wp-content\/uploads\/2012\/07\/FestSeehofer.jpg\" alt=\"\" width=\"307\" height=\"205\" \/><\/a><\/td>\n<td><a href=\"http:\/\/beta.lossburg-schoemberg.de\/wp-content\/uploads\/2012\/07\/FestSchoemberg.jpg\"><img loading=\"lazy\" decoding=\"async\" class=\"aligncenter wp-image-879\" title=\"FestSchoemberg\" src=\"http:\/\/beta.lossburg-schoemberg.de\/wp-content\/uploads\/2012\/07\/FestSchoemberg.jpg\" alt=\"\" width=\"307\" height=\"222\" \/><\/a><\/td>\n<\/tr>\n<tr>\n<td style=\"text-align: center;\">Bundesminister Horst Seehofer bei seiner\u00a0Festrede. Er sagte u.a. &#8222;ihre D\u00f6rfer, in denen ein reges, zukunftsorientiertes Gemeindeleben stattfindet, sind die wichtigsten D\u00f6rfer.&#8220;<\/td>\n<td style=\"text-align: center;\">Der Empfang der Silbermedaille. Von Links: Thilo Schreiber, Horst Seehofer, Kurt Winter, Michael Pelzer, Marco Eberhardt<\/td>\n<\/tr>\n<\/tbody>\n<\/table>\n<p>&nbsp;<\/p>\n","protected":false},"excerpt":{"rendered":"<p>Preisverleihung vom Bundeswettbewerb im ICC in Berlin am 23. Januar 2008 Die Vertreter der Siegerd\u00f6rfer auf der\u00a0Abschlussveranstaltung. Sch\u00f6mberg (ganz rechts) ist mit einem geschnitzten Holzschild mit Wappen und dem Schriftzug: Sch\u00f6mberg auf der B\u00fchne. Foto: Frank W\u00f6lffing-Seelig, Berlin.\u00a0www.studio36.de \u00a0Die Bewertungskomission die durch die ganze Bundesrepuplik reiste um die D\u00f6rfer zu besuchen. \u00a0Einige Sch\u00f6mberger im Festsaal. &hellip; <\/p>\n<p><a class=\"more-link btn\" href=\"https:\/\/lossburg-schoemberg.de\/index.php\/rueckblick\/2008-2\/preisverleihung\/\">Weiterlesen<\/a><\/p>\n","protected":false},"author":1,"featured_media":879,"parent":42,"menu_order":15,"comment_status":"open","ping_status":"open","template":"","meta":{"footnotes":""},"class_list":["post-874","page","type-page","status-publish","has-post-thumbnail","hentry","nodate","item-wrap"],"_links":{"self":[{"href":"https:\/\/lossburg-schoemberg.de\/index.php\/wp-json\/wp\/v2\/pages\/874","targetHints":{"allow":["GET"]}}],"collection":[{"href":"https:\/\/lossburg-schoemberg.de\/index.php\/wp-json\/wp\/v2\/pages"}],"about":[{"href":"https:\/\/lossburg-schoemberg.de\/index.php\/wp-json\/wp\/v2\/types\/page"}],"author":[{"embeddable":true,"href":"https:\/\/lossburg-schoemberg.de\/index.php\/wp-json\/wp\/v2\/users\/1"}],"replies":[{"embeddable":true,"href":"https:\/\/lossburg-schoemberg.de\/index.php\/wp-json\/wp\/v2\/comments?post=874"}],"version-history":[{"count":4,"href":"https:\/\/lossburg-schoemberg.de\/index.php\/wp-json\/wp\/v2\/pages\/874\/revisions"}],"predecessor-version":[{"id":3469,"href":"https:\/\/lossburg-schoemberg.de\/index.php\/wp-json\/wp\/v2\/pages\/874\/revisions\/3469"}],"up":[{"embeddable":true,"href":"https:\/\/lossburg-schoemberg.de\/index.php\/wp-json\/wp\/v2\/pages\/42"}],"wp:featuredmedia":[{"embeddable":true,"href":"https:\/\/lossburg-schoemberg.de\/index.php\/wp-json\/wp\/v2\/media\/879"}],"wp:attachment":[{"href":"https:\/\/lossburg-schoemberg.de\/index.php\/wp-json\/wp\/v2\/media?parent=874"}],"curies":[{"name":"wp","href":"https:\/\/api.w.org\/{rel}","templated":true}]}}