{"id":866,"date":"2012-07-31T16:38:11","date_gmt":"2012-07-31T14:38:11","guid":{"rendered":"http:\/\/beta.lossburg-schoemberg.de\/?page_id=866"},"modified":"2016-12-16T21:14:57","modified_gmt":"2016-12-16T20:14:57","slug":"januar-gottesdienst-anders","status":"publish","type":"page","link":"https:\/\/lossburg-schoemberg.de\/index.php\/rueckblick\/2009-2\/januar-gottesdienst-anders\/","title":{"rendered":"Januar: &#8222;Gottesdienst anders&#8220;"},"content":{"rendered":"<p><strong><a href=\"http:\/\/beta.lossburg-schoemberg.de\/wp-content\/uploads\/2012\/07\/Stern.jpg\"><img loading=\"lazy\" decoding=\"async\" class=\"alignright wp-image-867\" title=\"Stern\" src=\"http:\/\/beta.lossburg-schoemberg.de\/wp-content\/uploads\/2012\/07\/Stern.jpg\" alt=\"\" width=\"358\" height=\"234\" \/><\/a>6. Januar &#8211; Erscheinungsfest<\/strong><\/p>\n<p>Der 6. Januar ist das Fest der Weisen aus dem Morgenland, volkst\u00fcmlich auch \u201edie Heiligen 3 K\u00f6nige\u201c genannt. Die biblische Geschichte dazu steht in Matth\u00e4us 2. Um diesen Tag besonders zu feiern, hat sich eine Laienspielgruppe mit Mitgliedern aus Sch\u00f6mberg, Oberehlenbogen und Reinerzau getroffen, um ein Weihnachtsspiel von Pfr. Gottfried A. B\u00fchrer Aufzuf\u00fchren.<\/p>\n<p>Gespielt wurden mehrere Szenen, beginnend\u00a0 in der Kirche, weiter \u00fcber verschiedene Stellen im Dorf bis zur Pausenhalle am B\u00fcrger- und G\u00e4stehaus. Die Zuschauer haben die Weisen auf ihrem Weg aus dem Morgenland bis hin zur Krippe begleitet und miterlebt mit, was ihnen dabei alles widerfahren ist.<\/p>\n","protected":false},"excerpt":{"rendered":"<p>6. Januar &#8211; Erscheinungsfest Der 6. Januar ist das Fest der Weisen aus dem Morgenland, volkst\u00fcmlich auch \u201edie Heiligen 3 K\u00f6nige\u201c genannt. Die biblische Geschichte dazu steht in Matth\u00e4us 2. Um diesen Tag besonders zu feiern, hat sich eine Laienspielgruppe mit Mitgliedern aus Sch\u00f6mberg, Oberehlenbogen und Reinerzau getroffen, um ein Weihnachtsspiel von Pfr. Gottfried A. &hellip; <\/p>\n<p><a class=\"more-link btn\" href=\"https:\/\/lossburg-schoemberg.de\/index.php\/rueckblick\/2009-2\/januar-gottesdienst-anders\/\">Weiterlesen<\/a><\/p>\n","protected":false},"author":1,"featured_media":867,"parent":40,"menu_order":5,"comment_status":"open","ping_status":"open","template":"","meta":{"footnotes":""},"class_list":["post-866","page","type-page","status-publish","has-post-thumbnail","hentry","nodate","item-wrap"],"_links":{"self":[{"href":"https:\/\/lossburg-schoemberg.de\/index.php\/wp-json\/wp\/v2\/pages\/866","targetHints":{"allow":["GET"]}}],"collection":[{"href":"https:\/\/lossburg-schoemberg.de\/index.php\/wp-json\/wp\/v2\/pages"}],"about":[{"href":"https:\/\/lossburg-schoemberg.de\/index.php\/wp-json\/wp\/v2\/types\/page"}],"author":[{"embeddable":true,"href":"https:\/\/lossburg-schoemberg.de\/index.php\/wp-json\/wp\/v2\/users\/1"}],"replies":[{"embeddable":true,"href":"https:\/\/lossburg-schoemberg.de\/index.php\/wp-json\/wp\/v2\/comments?post=866"}],"version-history":[{"count":3,"href":"https:\/\/lossburg-schoemberg.de\/index.php\/wp-json\/wp\/v2\/pages\/866\/revisions"}],"predecessor-version":[{"id":869,"href":"https:\/\/lossburg-schoemberg.de\/index.php\/wp-json\/wp\/v2\/pages\/866\/revisions\/869"}],"up":[{"embeddable":true,"href":"https:\/\/lossburg-schoemberg.de\/index.php\/wp-json\/wp\/v2\/pages\/40"}],"wp:featuredmedia":[{"embeddable":true,"href":"https:\/\/lossburg-schoemberg.de\/index.php\/wp-json\/wp\/v2\/media\/867"}],"wp:attachment":[{"href":"https:\/\/lossburg-schoemberg.de\/index.php\/wp-json\/wp\/v2\/media?parent=866"}],"curies":[{"name":"wp","href":"https:\/\/api.w.org\/{rel}","templated":true}]}}