{"id":851,"date":"2012-07-31T15:09:36","date_gmt":"2012-07-31T13:09:36","guid":{"rendered":"http:\/\/beta.lossburg-schoemberg.de\/?page_id=851"},"modified":"2016-12-16T21:16:40","modified_gmt":"2016-12-16T20:16:40","slug":"mai-vier-tage-dresden","status":"publish","type":"page","link":"https:\/\/lossburg-schoemberg.de\/index.php\/rueckblick\/2009-2\/mai-vier-tage-dresden\/","title":{"rendered":"Mai: Vier Tage Dresden"},"content":{"rendered":"<p>46 Reisende aus Sch\u00f6mberg, Reinerzau und umliegenden Orten machten sich am 14. Mai auf die Fahrt nach Dresden. Die dortige Altstadt war das Ziel des Interesses, und neben Semperoper, Zwinger und Schloss ganz besonders die Frauenkirche. Wir h\u00e4tten theoretisch nachsehen k\u00f6nnen, wo unser Gottesdienstopfer, das wir vor einigen Jahren f\u00fcr den Wiederaufbau der Frauenkirche zusammen gelegt haben, investiert worden ist \u2013 aber in Anbetracht seiner H\u00f6he ist dieses bestimmt in etwas Gr\u00f6\u00dferes \u201ehinein geschlupft\u201c. Faszinierender sind die Leitworte, die heute \u00fcber der Frauenkirche und der Arbeit, die in ihr geschieht, stehen: \u201eBr\u00fccken bauen, Vers\u00f6hnung leben, Glauben st\u00e4rken\u201c.<br \/>\nDem Besuch in Pillnitz mit seinen herrlichen Blumen und B\u00e4umen, einheimischen und exotischen, die manche Fachfrau und Fachmann zum Staunen brachten, folgte die R\u00fcckfahrt nach Dresden per Dampfschiff auf der Elbe. Am Samstag, dem 475. Jahrestag der ersten evangelischen Predigt in W\u00fcrttemberg, f\u00fchrte uns ein Ausflug nach Pirna, der Heimatstadt von Johannes Tetzel, Ablassh\u00e4ndler zur Zeit Luthers, und weiter in die S\u00e4chsische Schweiz auf die Bastei und auf den K\u00f6nigstein; dieser Tag endete mit einem festlichen Nachtessen in einem Restaurant hoch \u00fcber Dresden.<br \/>\nDie letzten Programmpunkte am Sonntag waren der Besuch des Gottesdienstes in der Frauenkirche und die Besichtigung der Neuen Synagoge Dresden mit ihrem auffallenden \u201everdrehten\u201c Baustil, die 2001 als Ersatz f\u00fcr den in der Reichspogromnacht 1938 zerst\u00f6rten Synagoge von Semper eingeweiht worden ist.<br \/>\nVier Tage Dresden \u2013 viel zu kurz f\u00fcr diese Stadt und die Entdeckung ihrer Besonderheiten, auch wenn unser Programm viel Zeit zur eigenen Gestaltung lie\u00df \u2013 kein Wunder, dass der Gedanke aufkam, ob man nicht zu gegebener Zeit nochmals nach Dresden \u2026???<\/p>\n<p><a href=\"http:\/\/beta.lossburg-schoemberg.de\/wp-content\/uploads\/2012\/07\/DresdenGruppe.jpg\"><img loading=\"lazy\" decoding=\"async\" class=\"alignright size-medium wp-image-852\" title=\"DresdenGruppe\" src=\"http:\/\/beta.lossburg-schoemberg.de\/wp-content\/uploads\/2012\/07\/DresdenGruppe-640x271.jpg\" alt=\"\" width=\"640\" height=\"271\" srcset=\"https:\/\/lossburg-schoemberg.de\/wp-content\/uploads\/2012\/07\/DresdenGruppe-640x271.jpg 640w, https:\/\/lossburg-schoemberg.de\/wp-content\/uploads\/2012\/07\/DresdenGruppe.jpg 900w\" sizes=\"auto, (max-width: 640px) 100vw, 640px\" \/><\/a><\/p>\n","protected":false},"excerpt":{"rendered":"<p>46 Reisende aus Sch\u00f6mberg, Reinerzau und umliegenden Orten machten sich am 14. Mai auf die Fahrt nach Dresden. Die dortige Altstadt war das Ziel des Interesses, und neben Semperoper, Zwinger und Schloss ganz besonders die Frauenkirche. Wir h\u00e4tten theoretisch nachsehen k\u00f6nnen, wo unser Gottesdienstopfer, das wir vor einigen Jahren f\u00fcr den Wiederaufbau der Frauenkirche zusammen &hellip; <\/p>\n<p><a class=\"more-link btn\" href=\"https:\/\/lossburg-schoemberg.de\/index.php\/rueckblick\/2009-2\/mai-vier-tage-dresden\/\">Weiterlesen<\/a><\/p>\n","protected":false},"author":1,"featured_media":852,"parent":40,"menu_order":20,"comment_status":"open","ping_status":"open","template":"","meta":{"footnotes":""},"class_list":["post-851","page","type-page","status-publish","has-post-thumbnail","hentry","nodate","item-wrap"],"_links":{"self":[{"href":"https:\/\/lossburg-schoemberg.de\/index.php\/wp-json\/wp\/v2\/pages\/851","targetHints":{"allow":["GET"]}}],"collection":[{"href":"https:\/\/lossburg-schoemberg.de\/index.php\/wp-json\/wp\/v2\/pages"}],"about":[{"href":"https:\/\/lossburg-schoemberg.de\/index.php\/wp-json\/wp\/v2\/types\/page"}],"author":[{"embeddable":true,"href":"https:\/\/lossburg-schoemberg.de\/index.php\/wp-json\/wp\/v2\/users\/1"}],"replies":[{"embeddable":true,"href":"https:\/\/lossburg-schoemberg.de\/index.php\/wp-json\/wp\/v2\/comments?post=851"}],"version-history":[{"count":3,"href":"https:\/\/lossburg-schoemberg.de\/index.php\/wp-json\/wp\/v2\/pages\/851\/revisions"}],"predecessor-version":[{"id":3478,"href":"https:\/\/lossburg-schoemberg.de\/index.php\/wp-json\/wp\/v2\/pages\/851\/revisions\/3478"}],"up":[{"embeddable":true,"href":"https:\/\/lossburg-schoemberg.de\/index.php\/wp-json\/wp\/v2\/pages\/40"}],"wp:featuredmedia":[{"embeddable":true,"href":"https:\/\/lossburg-schoemberg.de\/index.php\/wp-json\/wp\/v2\/media\/852"}],"wp:attachment":[{"href":"https:\/\/lossburg-schoemberg.de\/index.php\/wp-json\/wp\/v2\/media?parent=851"}],"curies":[{"name":"wp","href":"https:\/\/api.w.org\/{rel}","templated":true}]}}