{"id":5408,"date":"2025-09-22T14:47:22","date_gmt":"2025-09-22T12:47:22","guid":{"rendered":"https:\/\/lossburg-schoemberg.de\/?page_id=5408"},"modified":"2025-09-22T14:49:39","modified_gmt":"2025-09-22T12:49:39","slug":"mostfest-2025","status":"publish","type":"page","link":"https:\/\/lossburg-schoemberg.de\/index.php\/aktuelles\/mostfest-2025\/","title":{"rendered":"Mostfest 2025"},"content":{"rendered":"<p>Die Feuerwehr, Abteilung Sch\u00f6mberg l\u00e4dt ein zum traditionellem Mostfest in die Pausenhalle beim B\u00fcrger- und G\u00e4stehaus Sch\u00f6mberg<\/p>\n<p><a href=\"http:\/\/lossburg-schoemberg.de\/wp-content\/uploads\/2025\/09\/Flyer_Feuerwehr_2025.pdf\" target=\"_blank\" rel=\"noopener\">Flyer_Feuerwehr_2025<\/a><\/p>\n","protected":false},"excerpt":{"rendered":"<p>Die Feuerwehr, Abteilung Sch\u00f6mberg l\u00e4dt ein zum traditionellem Mostfest in die Pausenhalle beim B\u00fcrger- und G\u00e4stehaus Sch\u00f6mberg Flyer_Feuerwehr_2025<\/p>\n","protected":false},"author":1,"featured_media":5410,"parent":171,"menu_order":32,"comment_status":"closed","ping_status":"closed","template":"","meta":{"footnotes":""},"class_list":["post-5408","page","type-page","status-publish","has-post-thumbnail","hentry","nodate","item-wrap"],"_links":{"self":[{"href":"https:\/\/lossburg-schoemberg.de\/index.php\/wp-json\/wp\/v2\/pages\/5408","targetHints":{"allow":["GET"]}}],"collection":[{"href":"https:\/\/lossburg-schoemberg.de\/index.php\/wp-json\/wp\/v2\/pages"}],"about":[{"href":"https:\/\/lossburg-schoemberg.de\/index.php\/wp-json\/wp\/v2\/types\/page"}],"author":[{"embeddable":true,"href":"https:\/\/lossburg-schoemberg.de\/index.php\/wp-json\/wp\/v2\/users\/1"}],"replies":[{"embeddable":true,"href":"https:\/\/lossburg-schoemberg.de\/index.php\/wp-json\/wp\/v2\/comments?post=5408"}],"version-history":[{"count":3,"href":"https:\/\/lossburg-schoemberg.de\/index.php\/wp-json\/wp\/v2\/pages\/5408\/revisions"}],"predecessor-version":[{"id":5414,"href":"https:\/\/lossburg-schoemberg.de\/index.php\/wp-json\/wp\/v2\/pages\/5408\/revisions\/5414"}],"up":[{"embeddable":true,"href":"https:\/\/lossburg-schoemberg.de\/index.php\/wp-json\/wp\/v2\/pages\/171"}],"wp:featuredmedia":[{"embeddable":true,"href":"https:\/\/lossburg-schoemberg.de\/index.php\/wp-json\/wp\/v2\/media\/5410"}],"wp:attachment":[{"href":"https:\/\/lossburg-schoemberg.de\/index.php\/wp-json\/wp\/v2\/media?parent=5408"}],"curies":[{"name":"wp","href":"https:\/\/api.w.org\/{rel}","templated":true}]}}