{"id":5193,"date":"2024-07-31T22:38:13","date_gmt":"2024-07-31T20:38:13","guid":{"rendered":"https:\/\/lossburg-schoemberg.de\/?page_id=5193"},"modified":"2025-01-04T22:37:52","modified_gmt":"2025-01-04T21:37:52","slug":"backhausfest-2024","status":"publish","type":"page","link":"https:\/\/lossburg-schoemberg.de\/index.php\/rueckblick\/2024-2\/backhausfest-2024\/","title":{"rendered":"Backhausfest 2024"},"content":{"rendered":"<p>Am Samstag 03.08. ab 17 Uhr laden wir ein zum Backhausfest beim Sch\u00f6mberger Backh\u00e4usle in der Reinerzauer Stra\u00dfe.<\/p>\n<p>Es gibt Flammkuchen aus dem Holzbachofen und neben \u00fcblichen Getr\u00e4nken die schon ledend\u00e4re Bowle.<\/p>\n<p><a href=\"http:\/\/lossburg-schoemberg.de\/wp-content\/uploads\/2024\/07\/Backhaus-Hockeste.jpg\"><img loading=\"lazy\" decoding=\"async\" class=\"aligncenter size-large wp-image-5194\" src=\"http:\/\/lossburg-schoemberg.de\/wp-content\/uploads\/2024\/07\/Backhaus-Hockeste-768x1024.jpg\" alt=\"\" width=\"768\" height=\"1024\" srcset=\"https:\/\/lossburg-schoemberg.de\/wp-content\/uploads\/2024\/07\/Backhaus-Hockeste-768x1024.jpg 768w, https:\/\/lossburg-schoemberg.de\/wp-content\/uploads\/2024\/07\/Backhaus-Hockeste-225x300.jpg 225w, https:\/\/lossburg-schoemberg.de\/wp-content\/uploads\/2024\/07\/Backhaus-Hockeste-1152x1536.jpg 1152w, https:\/\/lossburg-schoemberg.de\/wp-content\/uploads\/2024\/07\/Backhaus-Hockeste-847x1129.jpg 847w, https:\/\/lossburg-schoemberg.de\/wp-content\/uploads\/2024\/07\/Backhaus-Hockeste.jpg 1200w\" sizes=\"auto, (max-width: 768px) 100vw, 768px\" \/><\/a><\/p>\n","protected":false},"excerpt":{"rendered":"<p>Am Samstag 03.08. ab 17 Uhr laden wir ein zum Backhausfest beim Sch\u00f6mberger Backh\u00e4usle in der Reinerzauer Stra\u00dfe. Es gibt Flammkuchen aus dem Holzbachofen und neben \u00fcblichen Getr\u00e4nken die schon ledend\u00e4re Bowle.<\/p>\n","protected":false},"author":1,"featured_media":5194,"parent":5244,"menu_order":20,"comment_status":"closed","ping_status":"closed","template":"","meta":{"footnotes":""},"class_list":["post-5193","page","type-page","status-publish","has-post-thumbnail","hentry","nodate","item-wrap"],"_links":{"self":[{"href":"https:\/\/lossburg-schoemberg.de\/index.php\/wp-json\/wp\/v2\/pages\/5193","targetHints":{"allow":["GET"]}}],"collection":[{"href":"https:\/\/lossburg-schoemberg.de\/index.php\/wp-json\/wp\/v2\/pages"}],"about":[{"href":"https:\/\/lossburg-schoemberg.de\/index.php\/wp-json\/wp\/v2\/types\/page"}],"author":[{"embeddable":true,"href":"https:\/\/lossburg-schoemberg.de\/index.php\/wp-json\/wp\/v2\/users\/1"}],"replies":[{"embeddable":true,"href":"https:\/\/lossburg-schoemberg.de\/index.php\/wp-json\/wp\/v2\/comments?post=5193"}],"version-history":[{"count":1,"href":"https:\/\/lossburg-schoemberg.de\/index.php\/wp-json\/wp\/v2\/pages\/5193\/revisions"}],"predecessor-version":[{"id":5195,"href":"https:\/\/lossburg-schoemberg.de\/index.php\/wp-json\/wp\/v2\/pages\/5193\/revisions\/5195"}],"up":[{"embeddable":true,"href":"https:\/\/lossburg-schoemberg.de\/index.php\/wp-json\/wp\/v2\/pages\/5244"}],"wp:featuredmedia":[{"embeddable":true,"href":"https:\/\/lossburg-schoemberg.de\/index.php\/wp-json\/wp\/v2\/media\/5194"}],"wp:attachment":[{"href":"https:\/\/lossburg-schoemberg.de\/index.php\/wp-json\/wp\/v2\/media?parent=5193"}],"curies":[{"name":"wp","href":"https:\/\/api.w.org\/{rel}","templated":true}]}}