{"id":5113,"date":"2024-03-03T21:14:35","date_gmt":"2024-03-03T20:14:35","guid":{"rendered":"https:\/\/lossburg-schoemberg.de\/?page_id=5113"},"modified":"2025-01-04T22:43:50","modified_gmt":"2025-01-04T21:43:50","slug":"schoemberger-dorfnachmittag","status":"publish","type":"page","link":"https:\/\/lossburg-schoemberg.de\/index.php\/rueckblick\/2024-2\/schoemberger-dorfnachmittag\/","title":{"rendered":"Sch\u00f6mberger Dorfnachmittag"},"content":{"rendered":"<p>Anfang M\u00e4rz 2024 konnten die Sch\u00f6mberger in der absolut voll besetzten Blockh\u00fctte ihren B\u00fcrgernachmittag feiern. Gru\u00dfworte gab es vom Ortsvorsteher Karl Pfau und vom B\u00fcrgermeister Christoph Enderle.\u00a0 F\u00fcr musikalische Unterhaltung sorgte der fr\u00fcherere K\u00e4mmerer der Gemeinde Lo\u00dfburg, G\u00fcnter Muth.\u00a0 Weiter gab es ein Bilderr\u00e4tsel in Stil von Dalli-Klick mit Bildern von Sch\u00f6mberg. Bewirtet wurden die G\u00e4ste vom Ortschaftsrat Sch\u00f6mberg und von Mitgliedern der Dorfgemeinschaft.<\/p>\n<p>Ein insgesamt sch\u00f6ner, unterhaltsamer Tag.<\/p>\n<p><a href=\"http:\/\/lossburg-schoemberg.de\/wp-content\/uploads\/2024\/03\/Dorfnachmittag-24a-scaled.jpg\"><img loading=\"lazy\" decoding=\"async\" class=\"aligncenter size-large wp-image-5115\" src=\"http:\/\/lossburg-schoemberg.de\/wp-content\/uploads\/2024\/03\/Dorfnachmittag-24a-656x1024.jpg\" alt=\"\" width=\"656\" height=\"1024\" srcset=\"https:\/\/lossburg-schoemberg.de\/wp-content\/uploads\/2024\/03\/Dorfnachmittag-24a-656x1024.jpg 656w, https:\/\/lossburg-schoemberg.de\/wp-content\/uploads\/2024\/03\/Dorfnachmittag-24a-192x300.jpg 192w, https:\/\/lossburg-schoemberg.de\/wp-content\/uploads\/2024\/03\/Dorfnachmittag-24a-768x1198.jpg 768w, https:\/\/lossburg-schoemberg.de\/wp-content\/uploads\/2024\/03\/Dorfnachmittag-24a-984x1536.jpg 984w, https:\/\/lossburg-schoemberg.de\/wp-content\/uploads\/2024\/03\/Dorfnachmittag-24a-1313x2048.jpg 1313w, https:\/\/lossburg-schoemberg.de\/wp-content\/uploads\/2024\/03\/Dorfnachmittag-24a-847x1321.jpg 847w, https:\/\/lossburg-schoemberg.de\/wp-content\/uploads\/2024\/03\/Dorfnachmittag-24a-scaled.jpg 1641w\" sizes=\"auto, (max-width: 656px) 100vw, 656px\" \/><\/a><\/p>\n","protected":false},"excerpt":{"rendered":"<p>Anfang M\u00e4rz 2024 konnten die Sch\u00f6mberger in der absolut voll besetzten Blockh\u00fctte ihren B\u00fcrgernachmittag feiern. Gru\u00dfworte gab es vom Ortsvorsteher Karl Pfau und vom B\u00fcrgermeister Christoph Enderle.\u00a0 F\u00fcr musikalische Unterhaltung sorgte der fr\u00fcherere K\u00e4mmerer der Gemeinde Lo\u00dfburg, G\u00fcnter Muth.\u00a0 Weiter gab es ein Bilderr\u00e4tsel in Stil von Dalli-Klick mit Bildern von Sch\u00f6mberg. Bewirtet wurden die &hellip; <\/p>\n<p><a class=\"more-link btn\" href=\"https:\/\/lossburg-schoemberg.de\/index.php\/rueckblick\/2024-2\/schoemberger-dorfnachmittag\/\">Weiterlesen<\/a><\/p>\n","protected":false},"author":1,"featured_media":5114,"parent":5244,"menu_order":60,"comment_status":"closed","ping_status":"closed","template":"","meta":{"footnotes":""},"class_list":["post-5113","page","type-page","status-publish","has-post-thumbnail","hentry","nodate","item-wrap"],"_links":{"self":[{"href":"https:\/\/lossburg-schoemberg.de\/index.php\/wp-json\/wp\/v2\/pages\/5113","targetHints":{"allow":["GET"]}}],"collection":[{"href":"https:\/\/lossburg-schoemberg.de\/index.php\/wp-json\/wp\/v2\/pages"}],"about":[{"href":"https:\/\/lossburg-schoemberg.de\/index.php\/wp-json\/wp\/v2\/types\/page"}],"author":[{"embeddable":true,"href":"https:\/\/lossburg-schoemberg.de\/index.php\/wp-json\/wp\/v2\/users\/1"}],"replies":[{"embeddable":true,"href":"https:\/\/lossburg-schoemberg.de\/index.php\/wp-json\/wp\/v2\/comments?post=5113"}],"version-history":[{"count":3,"href":"https:\/\/lossburg-schoemberg.de\/index.php\/wp-json\/wp\/v2\/pages\/5113\/revisions"}],"predecessor-version":[{"id":5118,"href":"https:\/\/lossburg-schoemberg.de\/index.php\/wp-json\/wp\/v2\/pages\/5113\/revisions\/5118"}],"up":[{"embeddable":true,"href":"https:\/\/lossburg-schoemberg.de\/index.php\/wp-json\/wp\/v2\/pages\/5244"}],"wp:featuredmedia":[{"embeddable":true,"href":"https:\/\/lossburg-schoemberg.de\/index.php\/wp-json\/wp\/v2\/media\/5114"}],"wp:attachment":[{"href":"https:\/\/lossburg-schoemberg.de\/index.php\/wp-json\/wp\/v2\/media?parent=5113"}],"curies":[{"name":"wp","href":"https:\/\/api.w.org\/{rel}","templated":true}]}}