{"id":5103,"date":"2024-02-21T21:47:00","date_gmt":"2024-02-21T20:47:00","guid":{"rendered":"https:\/\/lossburg-schoemberg.de\/?page_id=5103"},"modified":"2025-01-04T22:59:36","modified_gmt":"2025-01-04T21:59:36","slug":"schoemberger-termine-2024","status":"publish","type":"page","link":"https:\/\/lossburg-schoemberg.de\/index.php\/rueckblick\/2024-2\/schoemberger-termine-2024\/","title":{"rendered":"Sch\u00f6mberger Termine 2024"},"content":{"rendered":"<p>(Stand 22.03.24)<\/p>\n<p>Sa. 02.03. <strong>Sch\u00f6mberger Dorfnachmittag<\/strong>, um 14:30 Uhr in der Blockh\u00fctte.<br \/>\n(Nur f\u00fcr Sch\u00f6mberger die auch eine Einladung bekommen haben.)<\/p>\n<p>Fr. 22.03. <strong>Hauptversammlung der Dorfgemeinschaft Sch\u00f6mberg.<\/strong><br \/>\nUm 19:00 Uhr im B\u00fcrgerhaus Sch\u00f6mberg<br \/>\nWichtiger Termin, es sind Wahlen.<\/p>\n<p>Sa. 06.04. <strong>Helferfest der Dorfgemeinschaft.<\/strong><br \/>\nUm 19:00 Uhr in der Blockh\u00fctte am Spielplatz oberer Wald<br \/>\nF\u00fcr alle die im letzten Jahr in irgendeiner Weise geholfen, sich eingebracht haben.<br \/>\n(Alle Helfer bekommen eine Einladung)<\/p>\n<p>Fr. 26.04. <strong>Girlanden binden f\u00fcr dem Maibaum<\/strong><br \/>\nIn der Pausenhalle beim B\u00fcrger- und G\u00e4stehaus.<\/p>\n<p>Sa. 27.04. <strong>Dorfputzete<\/strong><br \/>\nDorf- und Waldputzaktion, Start um 09:00 Uhr am Rathaus Sch\u00f6mberg.<br \/>\nDort werde die Gruppen f\u00fcr die einzelnen Strecken eingeteilt, Handschuhe und M\u00fclls\u00e4cke ausgegeben.<br \/>\nAbschluss am Grillplatz bei der Blockh\u00fctte oberer Wald<\/p>\n<p>Di. 30.04. <strong>Maibaumstellen<\/strong> durch die Feuerwehr Abteilung Sch\u00f6mberg<br \/>\nTreffen um 18:30 Uhr am Rathaus Sch\u00f6mberg, anschlie\u00dfend gem\u00fctliches Beisammensein in der Pausenhalle beim B\u00fcrger- und G\u00e4stehaus. Die Gymnastikgruppe Sch\u00f6mberg wird Getr\u00e4nke und kleinigkeiten zum Essen anbieten.<\/p>\n<p>Mi. 01.05. <strong>Maiwanderung<\/strong>, organisiert von der Dorfgemeinschaft Sch\u00f6mberg<br \/>\nAbfahrt 08:30 Uhr am Rathaus Sch\u00f6mberg, bildund von Fahrgemeinschaften zum ZOB FDS<br \/>\nAbfahrt Freudenstadt Busbahnhof ZOB um 09:03 Uhr.<br \/>\nZiel Schwarzwaldhochstra\u00dfe, Nationalpark. Besichtigung des Nationalpark Zentrums, Cafeteria<br \/>\nWanderung zum Schliffkopf<br \/>\nVon da mit dem Bus nach FDS. Bus f\u00e4hrt jede Stunde.<br \/>\nAbschluss in einer Sch\u00f6mberger Gastwirtschaft<\/p>\n<p>Do. 09.05. <strong>Himmelfahrt. Bezirksgottesdienst<\/strong> bei der Blockh\u00fctte oberer Wald<\/p>\n<p>Sa. 22.06. <strong>Sonnwendfeier<\/strong>, ausgerichtet von der Feuerwehr Abteilung Sch\u00f6mberg<br \/>\nBeginn: 18:00 Uhr bei der Blockh\u00fctte oberer Wald, nach einbruch der Dunkelheit wird das Feuer angez\u00fcndet.<\/p>\n<p>Sa. 03.08. <strong>Backhausfest<\/strong> Sch\u00f6mberg. Ab 18:00 Uhr beim Backhaus in der Reinerzauer Stra\u00dfe.<br \/>\nEs gibt Spezialit\u00e4ten aus dem Holzbackofen<\/p>\n<p>Sa. 05.10. <strong>Herbstausflug<\/strong> der Dorfgemeinschaft<br \/>\nZwiefalten, Brauereibesichtigung,<br \/>\nweiter zur <a href=\"https:\/\/www.tressbrueder.de\/wimsener-hoehle\/\" target=\"_blank\" rel=\"noopener\">Wimsener H\u00f6hle<\/a> bei Hayingen auf der Schw\u00e4bischen Alb<\/p>\n<p>Sa. 19.10. <strong>Altennachmittag der Hugo F. Zuber Stiftung<\/strong><br \/>\nUm 14:00 Uhr in der Blockh\u00fctte oberer Wald<br \/>\n(Nur f\u00fcr Senioren ab 65 von Sch\u00f6mberg und Reinerzau)<\/p>\n<p>Fr. 06.12. <strong>Nikolausfeier<\/strong> in der Blockh\u00fctte oberer Wald<\/p>\n<p>Di. 31.12. <strong>Silvesterfeier<\/strong> in der Blockh\u00fctte oberer Wald<br \/>\n(f\u00fcr Sch\u00f6mberger die entspannt den Jahreswechsel miteinander feiern wollen)<\/p>\n<p>&nbsp;<\/p>\n","protected":false},"excerpt":{"rendered":"<p>(Stand 22.03.24) Sa. 02.03. Sch\u00f6mberger Dorfnachmittag, um 14:30 Uhr in der Blockh\u00fctte. (Nur f\u00fcr Sch\u00f6mberger die auch eine Einladung bekommen haben.) Fr. 22.03. Hauptversammlung der Dorfgemeinschaft Sch\u00f6mberg. Um 19:00 Uhr im B\u00fcrgerhaus Sch\u00f6mberg Wichtiger Termin, es sind Wahlen. Sa. 06.04. Helferfest der Dorfgemeinschaft. Um 19:00 Uhr in der Blockh\u00fctte am Spielplatz oberer Wald F\u00fcr alle &hellip; <\/p>\n<p><a class=\"more-link btn\" href=\"https:\/\/lossburg-schoemberg.de\/index.php\/rueckblick\/2024-2\/schoemberger-termine-2024\/\">Weiterlesen<\/a><\/p>\n","protected":false},"author":1,"featured_media":4945,"parent":5244,"menu_order":70,"comment_status":"closed","ping_status":"closed","template":"","meta":{"footnotes":""},"class_list":["post-5103","page","type-page","status-publish","has-post-thumbnail","hentry","nodate","item-wrap"],"_links":{"self":[{"href":"https:\/\/lossburg-schoemberg.de\/index.php\/wp-json\/wp\/v2\/pages\/5103","targetHints":{"allow":["GET"]}}],"collection":[{"href":"https:\/\/lossburg-schoemberg.de\/index.php\/wp-json\/wp\/v2\/pages"}],"about":[{"href":"https:\/\/lossburg-schoemberg.de\/index.php\/wp-json\/wp\/v2\/types\/page"}],"author":[{"embeddable":true,"href":"https:\/\/lossburg-schoemberg.de\/index.php\/wp-json\/wp\/v2\/users\/1"}],"replies":[{"embeddable":true,"href":"https:\/\/lossburg-schoemberg.de\/index.php\/wp-json\/wp\/v2\/comments?post=5103"}],"version-history":[{"count":7,"href":"https:\/\/lossburg-schoemberg.de\/index.php\/wp-json\/wp\/v2\/pages\/5103\/revisions"}],"predecessor-version":[{"id":5124,"href":"https:\/\/lossburg-schoemberg.de\/index.php\/wp-json\/wp\/v2\/pages\/5103\/revisions\/5124"}],"up":[{"embeddable":true,"href":"https:\/\/lossburg-schoemberg.de\/index.php\/wp-json\/wp\/v2\/pages\/5244"}],"wp:featuredmedia":[{"embeddable":true,"href":"https:\/\/lossburg-schoemberg.de\/index.php\/wp-json\/wp\/v2\/media\/4945"}],"wp:attachment":[{"href":"https:\/\/lossburg-schoemberg.de\/index.php\/wp-json\/wp\/v2\/media?parent=5103"}],"curies":[{"name":"wp","href":"https:\/\/api.w.org\/{rel}","templated":true}]}}