{"id":5008,"date":"2023-07-23T22:21:41","date_gmt":"2023-07-23T20:21:41","guid":{"rendered":"https:\/\/lossburg-schoemberg.de\/?page_id=5008"},"modified":"2025-10-05T16:15:48","modified_gmt":"2025-10-05T14:15:48","slug":"grillplatz-oberer-wald","status":"publish","type":"page","link":"https:\/\/lossburg-schoemberg.de\/index.php\/aktuelles\/grillplatz-oberer-wald\/","title":{"rendered":"Grillplatz &#8222;oberer Wald&#8220;"},"content":{"rendered":"<p>F\u00fcr Gruppen ab 10 Personen ist der Besuch auf dem Spiel- und Grillplatz oberer Wald bei der Blockh\u00fctte Sch\u00f6mberg anmeldepflichtig.<\/p>\n<p>Bitte melden Sie sich bei der Ortschaftsverwaltung Sch\u00f6mberg an.<\/p>\n<p>Die Anmeldung und Belegung kostet 30,- Euro<\/p>\n<p>Nicht angemeldete Gruppe m\u00fcssen damit rechnen, dass sie den Platz verlassen m\u00fcssen.<a href=\"http:\/\/lossburg-schoemberg.de\/wp-content\/uploads\/2023\/07\/Spielplatz1-scaled.jpg\"><img loading=\"lazy\" decoding=\"async\" class=\"aligncenter size-large wp-image-5009\" src=\"http:\/\/lossburg-schoemberg.de\/wp-content\/uploads\/2023\/07\/Spielplatz1-1024x735.jpg\" alt=\"\" width=\"847\" height=\"608\" srcset=\"https:\/\/lossburg-schoemberg.de\/wp-content\/uploads\/2023\/07\/Spielplatz1-1024x735.jpg 1024w, https:\/\/lossburg-schoemberg.de\/wp-content\/uploads\/2023\/07\/Spielplatz1-300x215.jpg 300w, https:\/\/lossburg-schoemberg.de\/wp-content\/uploads\/2023\/07\/Spielplatz1-768x551.jpg 768w, https:\/\/lossburg-schoemberg.de\/wp-content\/uploads\/2023\/07\/Spielplatz1-1536x1102.jpg 1536w, https:\/\/lossburg-schoemberg.de\/wp-content\/uploads\/2023\/07\/Spielplatz1-2048x1470.jpg 2048w, https:\/\/lossburg-schoemberg.de\/wp-content\/uploads\/2023\/07\/Spielplatz1-847x608.jpg 847w\" sizes=\"auto, (max-width: 847px) 100vw, 847px\" \/><\/a><\/p>\n","protected":false},"excerpt":{"rendered":"<p>F\u00fcr Gruppen ab 10 Personen ist der Besuch auf dem Spiel- und Grillplatz oberer Wald bei der Blockh\u00fctte Sch\u00f6mberg anmeldepflichtig. Bitte melden Sie sich bei der Ortschaftsverwaltung Sch\u00f6mberg an. Die Anmeldung und Belegung kostet 30,- Euro Nicht angemeldete Gruppe m\u00fcssen damit rechnen, dass sie den Platz verlassen m\u00fcssen.<\/p>\n","protected":false},"author":1,"featured_media":5009,"parent":171,"menu_order":80,"comment_status":"closed","ping_status":"closed","template":"","meta":{"footnotes":""},"class_list":["post-5008","page","type-page","status-publish","has-post-thumbnail","hentry","nodate","item-wrap"],"_links":{"self":[{"href":"https:\/\/lossburg-schoemberg.de\/index.php\/wp-json\/wp\/v2\/pages\/5008","targetHints":{"allow":["GET"]}}],"collection":[{"href":"https:\/\/lossburg-schoemberg.de\/index.php\/wp-json\/wp\/v2\/pages"}],"about":[{"href":"https:\/\/lossburg-schoemberg.de\/index.php\/wp-json\/wp\/v2\/types\/page"}],"author":[{"embeddable":true,"href":"https:\/\/lossburg-schoemberg.de\/index.php\/wp-json\/wp\/v2\/users\/1"}],"replies":[{"embeddable":true,"href":"https:\/\/lossburg-schoemberg.de\/index.php\/wp-json\/wp\/v2\/comments?post=5008"}],"version-history":[{"count":2,"href":"https:\/\/lossburg-schoemberg.de\/index.php\/wp-json\/wp\/v2\/pages\/5008\/revisions"}],"predecessor-version":[{"id":5416,"href":"https:\/\/lossburg-schoemberg.de\/index.php\/wp-json\/wp\/v2\/pages\/5008\/revisions\/5416"}],"up":[{"embeddable":true,"href":"https:\/\/lossburg-schoemberg.de\/index.php\/wp-json\/wp\/v2\/pages\/171"}],"wp:featuredmedia":[{"embeddable":true,"href":"https:\/\/lossburg-schoemberg.de\/index.php\/wp-json\/wp\/v2\/media\/5009"}],"wp:attachment":[{"href":"https:\/\/lossburg-schoemberg.de\/index.php\/wp-json\/wp\/v2\/media?parent=5008"}],"curies":[{"name":"wp","href":"https:\/\/api.w.org\/{rel}","templated":true}]}}