{"id":5,"date":"2012-06-27T23:36:10","date_gmt":"2012-06-27T21:36:10","guid":{"rendered":"http:\/\/beta.lossburg-schoemberg.de\/?page_id=5"},"modified":"2012-07-31T16:41:59","modified_gmt":"2012-07-31T14:41:59","slug":"rueckblick","status":"publish","type":"page","link":"https:\/\/lossburg-schoemberg.de\/index.php\/rueckblick\/","title":{"rendered":"R\u00fcckblick"},"content":{"rendered":"<p>Seit dem Jahr 2006 mit Beginn einer Reihe von Dorfwettbewerben gibt es diese Homepage.<br \/>\nHier, zusammengefasst, einige Ereignisse und viele sch\u00f6ne Bilder vom Sch\u00f6mberg.<\/p>\n<p style=\"text-align: center;\"><a href=\"http:\/\/beta.lossburg-schoemberg.de\/wp-content\/uploads\/2012\/06\/Winter.jpg\"><img loading=\"lazy\" decoding=\"async\" class=\" wp-image-870 aligncenter\" title=\"Winter\" src=\"http:\/\/beta.lossburg-schoemberg.de\/wp-content\/uploads\/2012\/06\/Winter-640x323.jpg\" alt=\"\" width=\"512\" height=\"258\" srcset=\"https:\/\/lossburg-schoemberg.de\/wp-content\/uploads\/2012\/06\/Winter-640x323.jpg 640w, https:\/\/lossburg-schoemberg.de\/wp-content\/uploads\/2012\/06\/Winter-340x170.jpg 340w, https:\/\/lossburg-schoemberg.de\/wp-content\/uploads\/2012\/06\/Winter.jpg 1024w\" sizes=\"auto, (max-width: 512px) 100vw, 512px\" \/><\/a><\/p>\n<address style=\"text-align: center;\">Sch\u00f6mberg im Winter. Im Hintergrund das Kinzigtal<\/address>\n","protected":false},"excerpt":{"rendered":"<p>Seit dem Jahr 2006 mit Beginn einer Reihe von Dorfwettbewerben gibt es diese Homepage. Hier, zusammengefasst, einige Ereignisse und viele sch\u00f6ne Bilder vom Sch\u00f6mberg. Sch\u00f6mberg im Winter. Im Hintergrund das Kinzigtal<\/p>\n","protected":false},"author":1,"featured_media":0,"parent":0,"menu_order":1,"comment_status":"open","ping_status":"closed","template":"","meta":{"footnotes":""},"class_list":["post-5","page","type-page","status-publish","hentry","nodate","item-wrap"],"_links":{"self":[{"href":"https:\/\/lossburg-schoemberg.de\/index.php\/wp-json\/wp\/v2\/pages\/5","targetHints":{"allow":["GET"]}}],"collection":[{"href":"https:\/\/lossburg-schoemberg.de\/index.php\/wp-json\/wp\/v2\/pages"}],"about":[{"href":"https:\/\/lossburg-schoemberg.de\/index.php\/wp-json\/wp\/v2\/types\/page"}],"author":[{"embeddable":true,"href":"https:\/\/lossburg-schoemberg.de\/index.php\/wp-json\/wp\/v2\/users\/1"}],"replies":[{"embeddable":true,"href":"https:\/\/lossburg-schoemberg.de\/index.php\/wp-json\/wp\/v2\/comments?post=5"}],"version-history":[{"count":8,"href":"https:\/\/lossburg-schoemberg.de\/index.php\/wp-json\/wp\/v2\/pages\/5\/revisions"}],"predecessor-version":[{"id":2201,"href":"https:\/\/lossburg-schoemberg.de\/index.php\/wp-json\/wp\/v2\/pages\/5\/revisions\/2201"}],"wp:attachment":[{"href":"https:\/\/lossburg-schoemberg.de\/index.php\/wp-json\/wp\/v2\/media?parent=5"}],"curies":[{"name":"wp","href":"https:\/\/api.w.org\/{rel}","templated":true}]}}