{"id":4995,"date":"2023-06-30T22:36:46","date_gmt":"2023-06-30T20:36:46","guid":{"rendered":"https:\/\/lossburg-schoemberg.de\/?page_id=4995"},"modified":"2023-12-30T21:42:01","modified_gmt":"2023-12-30T20:42:01","slug":"auskunftstermine-im-rahmen-der-umweltvertraeglichkeitspruefung","status":"publish","type":"page","link":"https:\/\/lossburg-schoemberg.de\/index.php\/rueckblick\/2023-2\/auskunftstermine-im-rahmen-der-umweltvertraeglichkeitspruefung\/","title":{"rendered":"Auskunftstermine im Rahmen der Umweltvertr\u00e4glichkeitspr\u00fcfung"},"content":{"rendered":"<p><a href=\"http:\/\/lossburg-schoemberg.de\/wp-content\/uploads\/2023\/06\/oeB-Beteiligung-Oeffentlichkeit-UVPG.pdf\">\u00f6B Beteiligung \u00d6ffentlichkeit UVPG<\/a><\/p>\n<p>&nbsp;<\/p>\n<p>LANDRATSAMT FREUDENSTADT<br \/>\n-Untere Flurbereinigungsbeh\u00f6rde-<br \/>\nZusammenlegung Lo\u00dfburg-Sch\u00f6mberg<br \/>\nLandkreis Freudenstadt<br \/>\nAz.: 3136 Z 04.02<br \/>\n\u00d6ffentliche Bekanntmachung<br \/>\nvom 21.06.2023<br \/>\nBeteiligung der \u00d6ffentlichkeit<br \/>\nim Rahmen der Umweltvertr\u00e4glichkeitspr\u00fcfung<br \/>\nDas Landratsamt Freudenstadt -untere Flurbereinigungsbeh\u00f6rde- gibt hiermit auf Grund von<br \/>\n\u00a7\u00a7 18-21 des Gesetzes \u00fcber die Umweltvertr\u00e4glichkeitspr\u00fcfung (UVPG) das Vorhaben:<br \/>\nBau der gemeinschaftlichen und \u00f6ffentlichen Anlagen sowie \u00c4nderung, Verlegung<br \/>\noder Einziehung vorhandener Anlagen in der Zusammenlegung Lo\u00dfburg-Sch\u00f6mberg<br \/>\n\u00f6ffentlich bekannt.<br \/>\nHierzu liegen die Entw\u00fcrfe (Stand Juni 2023) der Ausbaukarte mit Landschaftskarte und<br \/>\nErl\u00e4uterungsbericht, (inkl. UVP-Bericht nach \u00a7 16 UVPG) sowie weitere<br \/>\nentscheidungserhebliche Berichte und Empfehlungen (z.B. die \u00d6kologische<br \/>\nRessourcenanalyse oder die spezielle artenschutzrechtliche Pr\u00fcfung) einen Monat lang<br \/>\nim Rathaus von Lo\u00dfburg, Hauptstra\u00dfe 50, 72290 Lo\u00dfburg, zur Einsicht aus.<br \/>\nAm <strong>Mittwoch, den 12.07.2023 von 8 bis 12 Uhr und von 13 bis 16 Uhr<\/strong> sowie am<strong><br \/>\nDonnerstag, <\/strong><strong>den 20.07.2023 von 8 bis 12 Uhr und von 13 bis 17.30 Uhr<\/strong> ist ein Beauftragter des<br \/>\nLandratsamts -untere Flurbereinigungsbeh\u00f6rde- in der Ortsverwaltung Sch\u00f6mberg,<br \/>\nOrtsstra\u00dfe 2 in 72290 Lo\u00dfburg-Sch\u00f6mberg anwesend, um Ausk\u00fcnfte zu erteilen.<br \/>\nZus\u00e4tzlich kann die Bekanntmachung mit Karten und Berichten auf der Internetseite des<br \/>\nLandesamts f\u00fcr Geoinformation und Landentwicklung im o. g. Verfahren (www.lglbw.<br \/>\nde\/3136) sowie auf dem zentralen Internetportal nach \u00a7 20 UVPG (www.uvpverbund.<br \/>\nde) eingesehen werden.<br \/>\nW\u00e4hrend der einmonatigen Auslegung und einem weiteren Monat k\u00f6nnen zu dem Vorhaben<br \/>\nbei der Flurneuordnungsstelle Freudenstadt\/Calw\/Rastatt, Stuttgarter Stra\u00dfe 61, 72250<br \/>\nFreudenstadt, oder bei jeder anderen Stelle des Landratsamtes Freudenstadt<br \/>\numwelterhebliche Anregungen und Bedenken vorgebracht werden.<br \/>\nDie Anregungen und Bedenken werden gepr\u00fcft. \u00dcber die Zul\u00e4ssigkeit des Vorhabens<br \/>\nentscheidet unter Ber\u00fccksichtigung des Ergebnisses dieser Pr\u00fcfung nach Abschluss der<br \/>\nPlanung die obere Flurbereinigungsbeh\u00f6rde durch Zustimmung. Die \u00d6ffentlichkeit wird \u00fcber<br \/>\ndiese Entscheidung unterrichtet werden.<br \/>\ngez. Seitz D.S.<\/p>\n","protected":false},"excerpt":{"rendered":"<p>\u00f6B Beteiligung \u00d6ffentlichkeit UVPG &nbsp; LANDRATSAMT FREUDENSTADT -Untere Flurbereinigungsbeh\u00f6rde- Zusammenlegung Lo\u00dfburg-Sch\u00f6mberg Landkreis Freudenstadt Az.: 3136 Z 04.02 \u00d6ffentliche Bekanntmachung vom 21.06.2023 Beteiligung der \u00d6ffentlichkeit im Rahmen der Umweltvertr\u00e4glichkeitspr\u00fcfung Das Landratsamt Freudenstadt -untere Flurbereinigungsbeh\u00f6rde- gibt hiermit auf Grund von \u00a7\u00a7 18-21 des Gesetzes \u00fcber die Umweltvertr\u00e4glichkeitspr\u00fcfung (UVPG) das Vorhaben: Bau der gemeinschaftlichen und \u00f6ffentlichen Anlagen sowie &hellip; <\/p>\n<p><a class=\"more-link btn\" href=\"https:\/\/lossburg-schoemberg.de\/index.php\/rueckblick\/2023-2\/auskunftstermine-im-rahmen-der-umweltvertraeglichkeitspruefung\/\">Weiterlesen<\/a><\/p>\n","protected":false},"author":1,"featured_media":4990,"parent":5081,"menu_order":26,"comment_status":"closed","ping_status":"closed","template":"","meta":{"footnotes":""},"class_list":["post-4995","page","type-page","status-publish","has-post-thumbnail","hentry","nodate","item-wrap"],"_links":{"self":[{"href":"https:\/\/lossburg-schoemberg.de\/index.php\/wp-json\/wp\/v2\/pages\/4995","targetHints":{"allow":["GET"]}}],"collection":[{"href":"https:\/\/lossburg-schoemberg.de\/index.php\/wp-json\/wp\/v2\/pages"}],"about":[{"href":"https:\/\/lossburg-schoemberg.de\/index.php\/wp-json\/wp\/v2\/types\/page"}],"author":[{"embeddable":true,"href":"https:\/\/lossburg-schoemberg.de\/index.php\/wp-json\/wp\/v2\/users\/1"}],"replies":[{"embeddable":true,"href":"https:\/\/lossburg-schoemberg.de\/index.php\/wp-json\/wp\/v2\/comments?post=4995"}],"version-history":[{"count":3,"href":"https:\/\/lossburg-schoemberg.de\/index.php\/wp-json\/wp\/v2\/pages\/4995\/revisions"}],"predecessor-version":[{"id":4999,"href":"https:\/\/lossburg-schoemberg.de\/index.php\/wp-json\/wp\/v2\/pages\/4995\/revisions\/4999"}],"up":[{"embeddable":true,"href":"https:\/\/lossburg-schoemberg.de\/index.php\/wp-json\/wp\/v2\/pages\/5081"}],"wp:featuredmedia":[{"embeddable":true,"href":"https:\/\/lossburg-schoemberg.de\/index.php\/wp-json\/wp\/v2\/media\/4990"}],"wp:attachment":[{"href":"https:\/\/lossburg-schoemberg.de\/index.php\/wp-json\/wp\/v2\/media?parent=4995"}],"curies":[{"name":"wp","href":"https:\/\/api.w.org\/{rel}","templated":true}]}}