{"id":4982,"date":"2023-06-19T22:44:25","date_gmt":"2023-06-19T20:44:25","guid":{"rendered":"https:\/\/lossburg-schoemberg.de\/?page_id=4982"},"modified":"2023-12-30T21:34:31","modified_gmt":"2023-12-30T20:34:31","slug":"sonnwendfeier-in-schoemberg","status":"publish","type":"page","link":"https:\/\/lossburg-schoemberg.de\/index.php\/rueckblick\/2023-2\/sonnwendfeier-in-schoemberg\/","title":{"rendered":"Sonnwendfeier in Sch\u00f6mberg"},"content":{"rendered":"<p>Am Samstag, 24.06.23 ab 18 Uhr wird am Spielplatz oberer Wald die Sommersonnenwende gefeiert.<\/p>\n<p>In diesem Jahr ausgerichtet von der Dorfgemeinschaft Sch\u00f6mberg.<\/p>\n<p>Nach Einbruch der Dunkelheit wird das Feuer angez\u00fcndet. (Nur wenn keine Waldbrandgefahr besteht)<\/p>\n<p>F\u00fcr Speis und Trank ist gesorgt.<\/p>\n<p>Ab ca. 22 Uhr Barbetrieb.<\/p>\n<p>Bitte besuchen Sie uns und bringen Sie, wie immer, gute Laune mit.<\/p>\n<p><a href=\"http:\/\/lossburg-schoemberg.de\/wp-content\/uploads\/2023\/06\/Plakat-Sonnwendfeier-scaled.jpg\"><img loading=\"lazy\" decoding=\"async\" class=\"aligncenter size-large wp-image-4986\" src=\"http:\/\/lossburg-schoemberg.de\/wp-content\/uploads\/2023\/06\/Plakat-Sonnwendfeier-701x1024.jpg\" alt=\"\" width=\"701\" height=\"1024\" srcset=\"https:\/\/lossburg-schoemberg.de\/wp-content\/uploads\/2023\/06\/Plakat-Sonnwendfeier-701x1024.jpg 701w, https:\/\/lossburg-schoemberg.de\/wp-content\/uploads\/2023\/06\/Plakat-Sonnwendfeier-205x300.jpg 205w, https:\/\/lossburg-schoemberg.de\/wp-content\/uploads\/2023\/06\/Plakat-Sonnwendfeier-768x1122.jpg 768w, https:\/\/lossburg-schoemberg.de\/wp-content\/uploads\/2023\/06\/Plakat-Sonnwendfeier-1052x1536.jpg 1052w, https:\/\/lossburg-schoemberg.de\/wp-content\/uploads\/2023\/06\/Plakat-Sonnwendfeier-1402x2048.jpg 1402w, https:\/\/lossburg-schoemberg.de\/wp-content\/uploads\/2023\/06\/Plakat-Sonnwendfeier-847x1237.jpg 847w, https:\/\/lossburg-schoemberg.de\/wp-content\/uploads\/2023\/06\/Plakat-Sonnwendfeier-scaled.jpg 1753w\" sizes=\"auto, (max-width: 701px) 100vw, 701px\" \/><\/a><\/p>\n<p>&nbsp;<\/p>\n","protected":false},"excerpt":{"rendered":"<p>Am Samstag, 24.06.23 ab 18 Uhr wird am Spielplatz oberer Wald die Sommersonnenwende gefeiert. In diesem Jahr ausgerichtet von der Dorfgemeinschaft Sch\u00f6mberg. Nach Einbruch der Dunkelheit wird das Feuer angez\u00fcndet. (Nur wenn keine Waldbrandgefahr besteht) F\u00fcr Speis und Trank ist gesorgt. Ab ca. 22 Uhr Barbetrieb. Bitte besuchen Sie uns und bringen Sie, wie immer, &hellip; <\/p>\n<p><a class=\"more-link btn\" href=\"https:\/\/lossburg-schoemberg.de\/index.php\/rueckblick\/2023-2\/sonnwendfeier-in-schoemberg\/\">Weiterlesen<\/a><\/p>\n","protected":false},"author":1,"featured_media":3730,"parent":5081,"menu_order":30,"comment_status":"closed","ping_status":"closed","template":"","meta":{"footnotes":""},"class_list":["post-4982","page","type-page","status-publish","has-post-thumbnail","hentry","nodate","item-wrap"],"_links":{"self":[{"href":"https:\/\/lossburg-schoemberg.de\/index.php\/wp-json\/wp\/v2\/pages\/4982","targetHints":{"allow":["GET"]}}],"collection":[{"href":"https:\/\/lossburg-schoemberg.de\/index.php\/wp-json\/wp\/v2\/pages"}],"about":[{"href":"https:\/\/lossburg-schoemberg.de\/index.php\/wp-json\/wp\/v2\/types\/page"}],"author":[{"embeddable":true,"href":"https:\/\/lossburg-schoemberg.de\/index.php\/wp-json\/wp\/v2\/users\/1"}],"replies":[{"embeddable":true,"href":"https:\/\/lossburg-schoemberg.de\/index.php\/wp-json\/wp\/v2\/comments?post=4982"}],"version-history":[{"count":5,"href":"https:\/\/lossburg-schoemberg.de\/index.php\/wp-json\/wp\/v2\/pages\/4982\/revisions"}],"predecessor-version":[{"id":5084,"href":"https:\/\/lossburg-schoemberg.de\/index.php\/wp-json\/wp\/v2\/pages\/4982\/revisions\/5084"}],"up":[{"embeddable":true,"href":"https:\/\/lossburg-schoemberg.de\/index.php\/wp-json\/wp\/v2\/pages\/5081"}],"wp:featuredmedia":[{"embeddable":true,"href":"https:\/\/lossburg-schoemberg.de\/index.php\/wp-json\/wp\/v2\/media\/3730"}],"wp:attachment":[{"href":"https:\/\/lossburg-schoemberg.de\/index.php\/wp-json\/wp\/v2\/media?parent=4982"}],"curies":[{"name":"wp","href":"https:\/\/api.w.org\/{rel}","templated":true}]}}