{"id":486,"date":"2012-07-12T15:41:18","date_gmt":"2012-07-12T13:41:18","guid":{"rendered":"http:\/\/beta.lossburg-schoemberg.de\/?page_id=486"},"modified":"2013-04-29T22:05:23","modified_gmt":"2013-04-29T20:05:23","slug":"september-investitur-von-pfarrer-martin-frank","status":"publish","type":"page","link":"https:\/\/lossburg-schoemberg.de\/index.php\/rueckblick\/2012-2\/september-investitur-von-pfarrer-martin-frank\/","title":{"rendered":"September: Investitur v. Pfarrer Martin Frank"},"content":{"rendered":"<p>Am So. 16.09.12 um 10:00 Uhr wird in der Kirche in Sch\u00f6mberg in einem Investiturgottesdienst Pfarrer Martin Frank eingesetzt.<\/p>\n<p>Wir freuen uns auf unseren neuen Pfarrer und hei\u00dfen ihn und seine Familie recht herzlich willkommen in der Kirchengemeinde\u00a0Sch\u00f6mberg-Reinerzau.<\/p>\n<p>Anschlie\u00dfend an den Gottesdienst ist Stehempfang im B\u00fcrger- und G\u00e4stehaus Sch\u00f6mberg.<a href=\"http:\/\/beta.lossburg-schoemberg.de\/wp-content\/uploads\/2012\/07\/Kirche2br.jpg\"><img loading=\"lazy\" decoding=\"async\" class=\"aligncenter size-full wp-image-487\" title=\"Kirche2br\" alt=\"\" src=\"http:\/\/beta.lossburg-schoemberg.de\/wp-content\/uploads\/2012\/07\/Kirche2br.jpg\" width=\"640\" height=\"462\" \/><\/a><\/p>\n","protected":false},"excerpt":{"rendered":"<p>Am So. 16.09.12 um 10:00 Uhr wird in der Kirche in Sch\u00f6mberg in einem Investiturgottesdienst Pfarrer Martin Frank eingesetzt. Wir freuen uns auf unseren neuen Pfarrer und hei\u00dfen ihn und seine Familie recht herzlich willkommen in der Kirchengemeinde\u00a0Sch\u00f6mberg-Reinerzau. Anschlie\u00dfend an den Gottesdienst ist Stehempfang im B\u00fcrger- und G\u00e4stehaus Sch\u00f6mberg.<\/p>\n","protected":false},"author":1,"featured_media":487,"parent":498,"menu_order":18,"comment_status":"open","ping_status":"open","template":"","meta":{"footnotes":""},"class_list":["post-486","page","type-page","status-publish","has-post-thumbnail","hentry","nodate","item-wrap"],"_links":{"self":[{"href":"https:\/\/lossburg-schoemberg.de\/index.php\/wp-json\/wp\/v2\/pages\/486","targetHints":{"allow":["GET"]}}],"collection":[{"href":"https:\/\/lossburg-schoemberg.de\/index.php\/wp-json\/wp\/v2\/pages"}],"about":[{"href":"https:\/\/lossburg-schoemberg.de\/index.php\/wp-json\/wp\/v2\/types\/page"}],"author":[{"embeddable":true,"href":"https:\/\/lossburg-schoemberg.de\/index.php\/wp-json\/wp\/v2\/users\/1"}],"replies":[{"embeddable":true,"href":"https:\/\/lossburg-schoemberg.de\/index.php\/wp-json\/wp\/v2\/comments?post=486"}],"version-history":[{"count":9,"href":"https:\/\/lossburg-schoemberg.de\/index.php\/wp-json\/wp\/v2\/pages\/486\/revisions"}],"predecessor-version":[{"id":2096,"href":"https:\/\/lossburg-schoemberg.de\/index.php\/wp-json\/wp\/v2\/pages\/486\/revisions\/2096"}],"up":[{"embeddable":true,"href":"https:\/\/lossburg-schoemberg.de\/index.php\/wp-json\/wp\/v2\/pages\/498"}],"wp:featuredmedia":[{"embeddable":true,"href":"https:\/\/lossburg-schoemberg.de\/index.php\/wp-json\/wp\/v2\/media\/487"}],"wp:attachment":[{"href":"https:\/\/lossburg-schoemberg.de\/index.php\/wp-json\/wp\/v2\/media?parent=486"}],"curies":[{"name":"wp","href":"https:\/\/api.w.org\/{rel}","templated":true}]}}