{"id":4838,"date":"2022-09-19T08:57:11","date_gmt":"2022-09-19T06:57:11","guid":{"rendered":"http:\/\/lossburg-schoemberg.de\/?page_id=4838"},"modified":"2022-10-19T21:53:51","modified_gmt":"2022-10-19T19:53:51","slug":"herbstausflug-2022","status":"publish","type":"page","link":"https:\/\/lossburg-schoemberg.de\/index.php\/rueckblick\/2022-2\/herbstausflug-2022\/","title":{"rendered":"Herbstausflug 2022"},"content":{"rendered":"<p>In diesem Jahr konnten wir wieder unseren traditionellen Herbstausflug machen.<\/p>\n<p>Mit ca. 30 Sch\u00f6mbergern ging es mit dem Bus nach Baden-Baden zur Talstation der Merkur-Bergbahn.<\/p>\n<p>In einem Wagen konnten wir alle zusammen hochfahren zur Bergstation. Dort angekommen fanden wir ein st\u00fcrmisches Regenwetter vor. Trotzdem lie\u00dfen sich es viele nicht nehmen zum Merkurturm hoch zu laufen um den Turm innen zu besteigen. Oben angekommen hat man, gesch\u00fczt durch Fenster, einen Rundumblick. In unserem Fall konnte man eher das Wettergeschehen beobachten. Nach einen guten Mittagessen in der Bergstation brachte uns die Bahn wieder zur Talstation.<\/p>\n<p>Dort ging es weiter nach Kappelrodeck, zur Winzergenossenschaft &#8222;Hex vom Dasenstein&#8220;.<br \/>\nDort gab es erstmal eine Sektprobe. Danach ging es bei sch\u00f6nem Wanderwetter in die Kappelrodecker Weinberge mit einem sehr kompetenten Wanderf\u00fchrer. Direkt beim Felsen vom Dasenstein konnten wir mehrere Weine probieren. Zur\u00fcck zur Winzergenossenschaft konnten wir weitere Weine probieren mit vielen kleinen Geschichten rund um den Wein.<\/p>\n<p>Ein toller Tag.<\/p>\n<p><a href=\"http:\/\/lossburg-schoemberg.de\/wp-content\/uploads\/2022\/10\/Bergbahn.jpg\"><img loading=\"lazy\" decoding=\"async\" class=\"aligncenter size-full wp-image-4851\" src=\"http:\/\/lossburg-schoemberg.de\/wp-content\/uploads\/2022\/10\/Bergbahn.jpg\" alt=\"\" width=\"768\" height=\"1024\" srcset=\"https:\/\/lossburg-schoemberg.de\/wp-content\/uploads\/2022\/10\/Bergbahn.jpg 768w, https:\/\/lossburg-schoemberg.de\/wp-content\/uploads\/2022\/10\/Bergbahn-225x300.jpg 225w\" sizes=\"auto, (max-width: 768px) 100vw, 768px\" \/><\/a> <a href=\"http:\/\/lossburg-schoemberg.de\/wp-content\/uploads\/2022\/10\/Bergstation.jpg\"><img loading=\"lazy\" decoding=\"async\" class=\"aligncenter size-large wp-image-4852\" src=\"http:\/\/lossburg-schoemberg.de\/wp-content\/uploads\/2022\/10\/Bergstation.jpg\" alt=\"\" width=\"847\" height=\"635\" srcset=\"https:\/\/lossburg-schoemberg.de\/wp-content\/uploads\/2022\/10\/Bergstation.jpg 1024w, https:\/\/lossburg-schoemberg.de\/wp-content\/uploads\/2022\/10\/Bergstation-300x225.jpg 300w, https:\/\/lossburg-schoemberg.de\/wp-content\/uploads\/2022\/10\/Bergstation-768x576.jpg 768w\" sizes=\"auto, (max-width: 847px) 100vw, 847px\" \/><\/a> <a href=\"http:\/\/lossburg-schoemberg.de\/wp-content\/uploads\/2022\/10\/IMG-6818.jpg\"><img loading=\"lazy\" decoding=\"async\" class=\"aligncenter size-large wp-image-4853\" src=\"http:\/\/lossburg-schoemberg.de\/wp-content\/uploads\/2022\/10\/IMG-6818-768x1024.jpg\" alt=\"\" width=\"768\" height=\"1024\" srcset=\"https:\/\/lossburg-schoemberg.de\/wp-content\/uploads\/2022\/10\/IMG-6818-768x1024.jpg 768w, https:\/\/lossburg-schoemberg.de\/wp-content\/uploads\/2022\/10\/IMG-6818-225x300.jpg 225w, https:\/\/lossburg-schoemberg.de\/wp-content\/uploads\/2022\/10\/IMG-6818-1152x1536.jpg 1152w, https:\/\/lossburg-schoemberg.de\/wp-content\/uploads\/2022\/10\/IMG-6818.jpg 1512w\" sizes=\"auto, (max-width: 768px) 100vw, 768px\" \/><\/a> <a href=\"http:\/\/lossburg-schoemberg.de\/wp-content\/uploads\/2022\/10\/IMG-6821.jpg\"><img loading=\"lazy\" decoding=\"async\" class=\"aligncenter size-large wp-image-4854\" src=\"http:\/\/lossburg-schoemberg.de\/wp-content\/uploads\/2022\/10\/IMG-6821-1024x768.jpg\" alt=\"\" width=\"847\" height=\"635\" srcset=\"https:\/\/lossburg-schoemberg.de\/wp-content\/uploads\/2022\/10\/IMG-6821-1024x768.jpg 1024w, https:\/\/lossburg-schoemberg.de\/wp-content\/uploads\/2022\/10\/IMG-6821-300x225.jpg 300w, https:\/\/lossburg-schoemberg.de\/wp-content\/uploads\/2022\/10\/IMG-6821-768x576.jpg 768w, https:\/\/lossburg-schoemberg.de\/wp-content\/uploads\/2022\/10\/IMG-6821-1536x1152.jpg 1536w, https:\/\/lossburg-schoemberg.de\/wp-content\/uploads\/2022\/10\/IMG-6821.jpg 2016w\" sizes=\"auto, (max-width: 847px) 100vw, 847px\" \/><\/a> <a href=\"http:\/\/lossburg-schoemberg.de\/wp-content\/uploads\/2022\/10\/IMG-6822.jpg\"><img loading=\"lazy\" decoding=\"async\" class=\"aligncenter size-large wp-image-4855\" src=\"http:\/\/lossburg-schoemberg.de\/wp-content\/uploads\/2022\/10\/IMG-6822-768x1024.jpg\" alt=\"\" width=\"768\" height=\"1024\" srcset=\"https:\/\/lossburg-schoemberg.de\/wp-content\/uploads\/2022\/10\/IMG-6822-768x1024.jpg 768w, https:\/\/lossburg-schoemberg.de\/wp-content\/uploads\/2022\/10\/IMG-6822-225x300.jpg 225w, https:\/\/lossburg-schoemberg.de\/wp-content\/uploads\/2022\/10\/IMG-6822-1152x1536.jpg 1152w, https:\/\/lossburg-schoemberg.de\/wp-content\/uploads\/2022\/10\/IMG-6822.jpg 1512w\" sizes=\"auto, (max-width: 768px) 100vw, 768px\" \/><\/a> <a href=\"http:\/\/lossburg-schoemberg.de\/wp-content\/uploads\/2022\/10\/IMG-6823.jpg\"><img loading=\"lazy\" decoding=\"async\" class=\"aligncenter size-large wp-image-4856\" src=\"http:\/\/lossburg-schoemberg.de\/wp-content\/uploads\/2022\/10\/IMG-6823-1024x768.jpg\" alt=\"\" width=\"847\" height=\"635\" srcset=\"https:\/\/lossburg-schoemberg.de\/wp-content\/uploads\/2022\/10\/IMG-6823-1024x768.jpg 1024w, https:\/\/lossburg-schoemberg.de\/wp-content\/uploads\/2022\/10\/IMG-6823-300x225.jpg 300w, https:\/\/lossburg-schoemberg.de\/wp-content\/uploads\/2022\/10\/IMG-6823-768x576.jpg 768w, https:\/\/lossburg-schoemberg.de\/wp-content\/uploads\/2022\/10\/IMG-6823-1536x1152.jpg 1536w, https:\/\/lossburg-schoemberg.de\/wp-content\/uploads\/2022\/10\/IMG-6823.jpg 2016w\" sizes=\"auto, (max-width: 847px) 100vw, 847px\" \/><\/a> <a href=\"http:\/\/lossburg-schoemberg.de\/wp-content\/uploads\/2022\/10\/IMG-6824.jpg\"><img loading=\"lazy\" decoding=\"async\" class=\"aligncenter size-large wp-image-4857\" src=\"http:\/\/lossburg-schoemberg.de\/wp-content\/uploads\/2022\/10\/IMG-6824-1024x768.jpg\" alt=\"\" width=\"847\" height=\"635\" srcset=\"https:\/\/lossburg-schoemberg.de\/wp-content\/uploads\/2022\/10\/IMG-6824-1024x768.jpg 1024w, https:\/\/lossburg-schoemberg.de\/wp-content\/uploads\/2022\/10\/IMG-6824-300x225.jpg 300w, https:\/\/lossburg-schoemberg.de\/wp-content\/uploads\/2022\/10\/IMG-6824-768x576.jpg 768w, https:\/\/lossburg-schoemberg.de\/wp-content\/uploads\/2022\/10\/IMG-6824-1536x1152.jpg 1536w, https:\/\/lossburg-schoemberg.de\/wp-content\/uploads\/2022\/10\/IMG-6824.jpg 2016w\" sizes=\"auto, (max-width: 847px) 100vw, 847px\" \/><\/a> <a href=\"http:\/\/lossburg-schoemberg.de\/wp-content\/uploads\/2022\/10\/IMG-6825.jpg\"><img loading=\"lazy\" decoding=\"async\" class=\"aligncenter size-large wp-image-4858\" src=\"http:\/\/lossburg-schoemberg.de\/wp-content\/uploads\/2022\/10\/IMG-6825-1024x768.jpg\" alt=\"\" width=\"847\" height=\"635\" srcset=\"https:\/\/lossburg-schoemberg.de\/wp-content\/uploads\/2022\/10\/IMG-6825-1024x768.jpg 1024w, https:\/\/lossburg-schoemberg.de\/wp-content\/uploads\/2022\/10\/IMG-6825-300x225.jpg 300w, https:\/\/lossburg-schoemberg.de\/wp-content\/uploads\/2022\/10\/IMG-6825-768x576.jpg 768w, https:\/\/lossburg-schoemberg.de\/wp-content\/uploads\/2022\/10\/IMG-6825-1536x1152.jpg 1536w, https:\/\/lossburg-schoemberg.de\/wp-content\/uploads\/2022\/10\/IMG-6825.jpg 2016w\" sizes=\"auto, (max-width: 847px) 100vw, 847px\" \/><\/a> <a href=\"http:\/\/lossburg-schoemberg.de\/wp-content\/uploads\/2022\/10\/IMG-6826.jpg\"><img loading=\"lazy\" decoding=\"async\" class=\"aligncenter size-large wp-image-4859\" src=\"http:\/\/lossburg-schoemberg.de\/wp-content\/uploads\/2022\/10\/IMG-6826-1024x768.jpg\" alt=\"\" width=\"847\" height=\"635\" srcset=\"https:\/\/lossburg-schoemberg.de\/wp-content\/uploads\/2022\/10\/IMG-6826-1024x768.jpg 1024w, https:\/\/lossburg-schoemberg.de\/wp-content\/uploads\/2022\/10\/IMG-6826-300x225.jpg 300w, https:\/\/lossburg-schoemberg.de\/wp-content\/uploads\/2022\/10\/IMG-6826-768x576.jpg 768w, https:\/\/lossburg-schoemberg.de\/wp-content\/uploads\/2022\/10\/IMG-6826-1536x1152.jpg 1536w, https:\/\/lossburg-schoemberg.de\/wp-content\/uploads\/2022\/10\/IMG-6826.jpg 2016w\" sizes=\"auto, (max-width: 847px) 100vw, 847px\" \/><\/a> <a href=\"http:\/\/lossburg-schoemberg.de\/wp-content\/uploads\/2022\/10\/IMG-6829.jpg\"><img loading=\"lazy\" decoding=\"async\" class=\"aligncenter size-large wp-image-4860\" src=\"http:\/\/lossburg-schoemberg.de\/wp-content\/uploads\/2022\/10\/IMG-6829-1024x768.jpg\" alt=\"\" width=\"847\" height=\"635\" srcset=\"https:\/\/lossburg-schoemberg.de\/wp-content\/uploads\/2022\/10\/IMG-6829-1024x768.jpg 1024w, https:\/\/lossburg-schoemberg.de\/wp-content\/uploads\/2022\/10\/IMG-6829-300x225.jpg 300w, https:\/\/lossburg-schoemberg.de\/wp-content\/uploads\/2022\/10\/IMG-6829-768x576.jpg 768w, https:\/\/lossburg-schoemberg.de\/wp-content\/uploads\/2022\/10\/IMG-6829-1536x1152.jpg 1536w, https:\/\/lossburg-schoemberg.de\/wp-content\/uploads\/2022\/10\/IMG-6829.jpg 2016w\" sizes=\"auto, (max-width: 847px) 100vw, 847px\" \/><\/a> <a href=\"http:\/\/lossburg-schoemberg.de\/wp-content\/uploads\/2022\/10\/IMG-6836.jpg\"><img loading=\"lazy\" decoding=\"async\" class=\"aligncenter size-large wp-image-4861\" src=\"http:\/\/lossburg-schoemberg.de\/wp-content\/uploads\/2022\/10\/IMG-6836-1024x768.jpg\" alt=\"\" width=\"847\" height=\"635\" srcset=\"https:\/\/lossburg-schoemberg.de\/wp-content\/uploads\/2022\/10\/IMG-6836-1024x768.jpg 1024w, https:\/\/lossburg-schoemberg.de\/wp-content\/uploads\/2022\/10\/IMG-6836-300x225.jpg 300w, https:\/\/lossburg-schoemberg.de\/wp-content\/uploads\/2022\/10\/IMG-6836-768x576.jpg 768w, https:\/\/lossburg-schoemberg.de\/wp-content\/uploads\/2022\/10\/IMG-6836-1536x1152.jpg 1536w, https:\/\/lossburg-schoemberg.de\/wp-content\/uploads\/2022\/10\/IMG-6836.jpg 2016w\" sizes=\"auto, (max-width: 847px) 100vw, 847px\" \/><\/a> <a href=\"http:\/\/lossburg-schoemberg.de\/wp-content\/uploads\/2022\/10\/IMG-6839.jpg\"><img loading=\"lazy\" decoding=\"async\" class=\"aligncenter size-large wp-image-4862\" src=\"http:\/\/lossburg-schoemberg.de\/wp-content\/uploads\/2022\/10\/IMG-6839-1024x768.jpg\" alt=\"\" width=\"847\" height=\"635\" srcset=\"https:\/\/lossburg-schoemberg.de\/wp-content\/uploads\/2022\/10\/IMG-6839-1024x768.jpg 1024w, https:\/\/lossburg-schoemberg.de\/wp-content\/uploads\/2022\/10\/IMG-6839-300x225.jpg 300w, https:\/\/lossburg-schoemberg.de\/wp-content\/uploads\/2022\/10\/IMG-6839-768x576.jpg 768w, https:\/\/lossburg-schoemberg.de\/wp-content\/uploads\/2022\/10\/IMG-6839-1536x1152.jpg 1536w, https:\/\/lossburg-schoemberg.de\/wp-content\/uploads\/2022\/10\/IMG-6839.jpg 2016w\" sizes=\"auto, (max-width: 847px) 100vw, 847px\" \/><\/a> <a href=\"http:\/\/lossburg-schoemberg.de\/wp-content\/uploads\/2022\/10\/IMG-6841.jpg\"><img loading=\"lazy\" decoding=\"async\" class=\"aligncenter size-large wp-image-4863\" src=\"http:\/\/lossburg-schoemberg.de\/wp-content\/uploads\/2022\/10\/IMG-6841-768x1024.jpg\" alt=\"\" width=\"768\" height=\"1024\" srcset=\"https:\/\/lossburg-schoemberg.de\/wp-content\/uploads\/2022\/10\/IMG-6841-768x1024.jpg 768w, https:\/\/lossburg-schoemberg.de\/wp-content\/uploads\/2022\/10\/IMG-6841-225x300.jpg 225w, https:\/\/lossburg-schoemberg.de\/wp-content\/uploads\/2022\/10\/IMG-6841-1152x1536.jpg 1152w, https:\/\/lossburg-schoemberg.de\/wp-content\/uploads\/2022\/10\/IMG-6841.jpg 1512w\" sizes=\"auto, (max-width: 768px) 100vw, 768px\" \/><\/a> <a href=\"http:\/\/lossburg-schoemberg.de\/wp-content\/uploads\/2022\/10\/IMG-6843.jpg\"><img loading=\"lazy\" decoding=\"async\" class=\"aligncenter size-large wp-image-4864\" src=\"http:\/\/lossburg-schoemberg.de\/wp-content\/uploads\/2022\/10\/IMG-6843-768x1024.jpg\" alt=\"\" width=\"768\" height=\"1024\" srcset=\"https:\/\/lossburg-schoemberg.de\/wp-content\/uploads\/2022\/10\/IMG-6843-768x1024.jpg 768w, https:\/\/lossburg-schoemberg.de\/wp-content\/uploads\/2022\/10\/IMG-6843-225x300.jpg 225w, https:\/\/lossburg-schoemberg.de\/wp-content\/uploads\/2022\/10\/IMG-6843-1152x1536.jpg 1152w, https:\/\/lossburg-schoemberg.de\/wp-content\/uploads\/2022\/10\/IMG-6843.jpg 1512w\" sizes=\"auto, (max-width: 768px) 100vw, 768px\" \/><\/a> <a href=\"http:\/\/lossburg-schoemberg.de\/wp-content\/uploads\/2022\/10\/IMG-6844.jpg\"><img loading=\"lazy\" decoding=\"async\" class=\"aligncenter size-large wp-image-4865\" src=\"http:\/\/lossburg-schoemberg.de\/wp-content\/uploads\/2022\/10\/IMG-6844-1024x768.jpg\" alt=\"\" width=\"847\" height=\"635\" srcset=\"https:\/\/lossburg-schoemberg.de\/wp-content\/uploads\/2022\/10\/IMG-6844-1024x768.jpg 1024w, https:\/\/lossburg-schoemberg.de\/wp-content\/uploads\/2022\/10\/IMG-6844-300x225.jpg 300w, https:\/\/lossburg-schoemberg.de\/wp-content\/uploads\/2022\/10\/IMG-6844-768x576.jpg 768w, https:\/\/lossburg-schoemberg.de\/wp-content\/uploads\/2022\/10\/IMG-6844-1536x1152.jpg 1536w, https:\/\/lossburg-schoemberg.de\/wp-content\/uploads\/2022\/10\/IMG-6844.jpg 2016w\" sizes=\"auto, (max-width: 847px) 100vw, 847px\" \/><\/a><\/p>\n","protected":false},"excerpt":{"rendered":"<p>In diesem Jahr konnten wir wieder unseren traditionellen Herbstausflug machen. Mit ca. 30 Sch\u00f6mbergern ging es mit dem Bus nach Baden-Baden zur Talstation der Merkur-Bergbahn. In einem Wagen konnten wir alle zusammen hochfahren zur Bergstation. Dort angekommen fanden wir ein st\u00fcrmisches Regenwetter vor. Trotzdem lie\u00dfen sich es viele nicht nehmen zum Merkurturm hoch zu laufen &hellip; <\/p>\n<p><a class=\"more-link btn\" href=\"https:\/\/lossburg-schoemberg.de\/index.php\/rueckblick\/2022-2\/herbstausflug-2022\/\">Weiterlesen<\/a><\/p>\n","protected":false},"author":1,"featured_media":0,"parent":4842,"menu_order":30,"comment_status":"closed","ping_status":"closed","template":"","meta":{"footnotes":""},"class_list":["post-4838","page","type-page","status-publish","hentry","nodate","item-wrap"],"_links":{"self":[{"href":"https:\/\/lossburg-schoemberg.de\/index.php\/wp-json\/wp\/v2\/pages\/4838","targetHints":{"allow":["GET"]}}],"collection":[{"href":"https:\/\/lossburg-schoemberg.de\/index.php\/wp-json\/wp\/v2\/pages"}],"about":[{"href":"https:\/\/lossburg-schoemberg.de\/index.php\/wp-json\/wp\/v2\/types\/page"}],"author":[{"embeddable":true,"href":"https:\/\/lossburg-schoemberg.de\/index.php\/wp-json\/wp\/v2\/users\/1"}],"replies":[{"embeddable":true,"href":"https:\/\/lossburg-schoemberg.de\/index.php\/wp-json\/wp\/v2\/comments?post=4838"}],"version-history":[{"count":3,"href":"https:\/\/lossburg-schoemberg.de\/index.php\/wp-json\/wp\/v2\/pages\/4838\/revisions"}],"predecessor-version":[{"id":4866,"href":"https:\/\/lossburg-schoemberg.de\/index.php\/wp-json\/wp\/v2\/pages\/4838\/revisions\/4866"}],"up":[{"embeddable":true,"href":"https:\/\/lossburg-schoemberg.de\/index.php\/wp-json\/wp\/v2\/pages\/4842"}],"wp:attachment":[{"href":"https:\/\/lossburg-schoemberg.de\/index.php\/wp-json\/wp\/v2\/media?parent=4838"}],"curies":[{"name":"wp","href":"https:\/\/api.w.org\/{rel}","templated":true}]}}