{"id":4829,"date":"2022-08-06T10:54:31","date_gmt":"2022-08-06T08:54:31","guid":{"rendered":"http:\/\/lossburg-schoemberg.de\/?page_id=4829"},"modified":"2022-10-18T22:02:16","modified_gmt":"2022-10-18T20:02:16","slug":"backhausfest-2022","status":"publish","type":"page","link":"https:\/\/lossburg-schoemberg.de\/index.php\/rueckblick\/2022-2\/backhausfest-2022\/","title":{"rendered":"Backhausfest 2022"},"content":{"rendered":"<p>In 2022 konnten wir wieder, wie gewohnt unser kleines Backhausfest feiern.<\/p>\n<p>Sch\u00f6nes Wetter, gut gelaunte G\u00e4ste, ein sch\u00f6ner Sommerabend.<\/p>\n<div id=\"attachment_4848\" style=\"width: 300px\" class=\"wp-caption aligncenter\"><a href=\"http:\/\/lossburg-schoemberg.de\/wp-content\/uploads\/2022\/10\/Backhaus2022.jpg\"><img loading=\"lazy\" decoding=\"async\" aria-describedby=\"caption-attachment-4848\" class=\"wp-image-4848 size-medium\" src=\"http:\/\/lossburg-schoemberg.de\/wp-content\/uploads\/2022\/10\/Backhaus2022-300x225.jpg\" alt=\"\" width=\"300\" height=\"225\" srcset=\"https:\/\/lossburg-schoemberg.de\/wp-content\/uploads\/2022\/10\/Backhaus2022-300x225.jpg 300w, https:\/\/lossburg-schoemberg.de\/wp-content\/uploads\/2022\/10\/Backhaus2022-1024x768.jpg 1024w, https:\/\/lossburg-schoemberg.de\/wp-content\/uploads\/2022\/10\/Backhaus2022-768x576.jpg 768w, https:\/\/lossburg-schoemberg.de\/wp-content\/uploads\/2022\/10\/Backhaus2022-1536x1152.jpg 1536w, https:\/\/lossburg-schoemberg.de\/wp-content\/uploads\/2022\/10\/Backhaus2022.jpg 2048w\" sizes=\"auto, (max-width: 300px) 100vw, 300px\" \/><\/a><p id=\"caption-attachment-4848\" class=\"wp-caption-text\">Backhausfest 2022<\/p><\/div>\n<p><a href=\"http:\/\/lossburg-schoemberg.de\/wp-content\/uploads\/2022\/08\/Backhausfest22.jpg\"><img loading=\"lazy\" decoding=\"async\" class=\"aligncenter wp-image-4830\" src=\"http:\/\/lossburg-schoemberg.de\/wp-content\/uploads\/2022\/08\/Backhausfest22-205x300.jpg\" alt=\"\" width=\"300\" height=\"440\" srcset=\"https:\/\/lossburg-schoemberg.de\/wp-content\/uploads\/2022\/08\/Backhausfest22-205x300.jpg 205w, https:\/\/lossburg-schoemberg.de\/wp-content\/uploads\/2022\/08\/Backhausfest22.jpg 690w\" sizes=\"auto, (max-width: 300px) 100vw, 300px\" \/><\/a><\/p>\n","protected":false},"excerpt":{"rendered":"<p>In 2022 konnten wir wieder, wie gewohnt unser kleines Backhausfest feiern. Sch\u00f6nes Wetter, gut gelaunte G\u00e4ste, ein sch\u00f6ner Sommerabend.<\/p>\n","protected":false},"author":1,"featured_media":4830,"parent":4842,"menu_order":32,"comment_status":"closed","ping_status":"closed","template":"","meta":{"footnotes":""},"class_list":["post-4829","page","type-page","status-publish","has-post-thumbnail","hentry","nodate","item-wrap"],"_links":{"self":[{"href":"https:\/\/lossburg-schoemberg.de\/index.php\/wp-json\/wp\/v2\/pages\/4829","targetHints":{"allow":["GET"]}}],"collection":[{"href":"https:\/\/lossburg-schoemberg.de\/index.php\/wp-json\/wp\/v2\/pages"}],"about":[{"href":"https:\/\/lossburg-schoemberg.de\/index.php\/wp-json\/wp\/v2\/types\/page"}],"author":[{"embeddable":true,"href":"https:\/\/lossburg-schoemberg.de\/index.php\/wp-json\/wp\/v2\/users\/1"}],"replies":[{"embeddable":true,"href":"https:\/\/lossburg-schoemberg.de\/index.php\/wp-json\/wp\/v2\/comments?post=4829"}],"version-history":[{"count":3,"href":"https:\/\/lossburg-schoemberg.de\/index.php\/wp-json\/wp\/v2\/pages\/4829\/revisions"}],"predecessor-version":[{"id":4849,"href":"https:\/\/lossburg-schoemberg.de\/index.php\/wp-json\/wp\/v2\/pages\/4829\/revisions\/4849"}],"up":[{"embeddable":true,"href":"https:\/\/lossburg-schoemberg.de\/index.php\/wp-json\/wp\/v2\/pages\/4842"}],"wp:featuredmedia":[{"embeddable":true,"href":"https:\/\/lossburg-schoemberg.de\/index.php\/wp-json\/wp\/v2\/media\/4830"}],"wp:attachment":[{"href":"https:\/\/lossburg-schoemberg.de\/index.php\/wp-json\/wp\/v2\/media?parent=4829"}],"curies":[{"name":"wp","href":"https:\/\/api.w.org\/{rel}","templated":true}]}}