{"id":4723,"date":"2022-01-09T21:24:40","date_gmt":"2022-01-09T20:24:40","guid":{"rendered":"http:\/\/lossburg-schoemberg.de\/?page_id=4723"},"modified":"2022-09-19T21:45:34","modified_gmt":"2022-09-19T19:45:34","slug":"loipe-und-skatingspur-rund-um-den-schoemberg","status":"publish","type":"page","link":"https:\/\/lossburg-schoemberg.de\/index.php\/rueckblick\/2022-2\/loipe-und-skatingspur-rund-um-den-schoemberg\/","title":{"rendered":"Loipe und Skatingspur rund um den Sch\u00f6mberg"},"content":{"rendered":"<p>Eine sehr sch\u00f6ne Spur, fast eben, fast durchg\u00e4ngig in der Sonne, nicht im Wald, ca. 7 km lang.<\/p>\n<p>Hier den Start der Loipe beim Solhof Sch\u00f6mberg<\/p>\n<div id=\"attachment_4737\" style=\"width: 847px\" class=\"wp-caption aligncenter\"><a href=\"http:\/\/lossburg-schoemberg.de\/wp-content\/uploads\/2022\/01\/Loipe2-scaled.jpg\"><img loading=\"lazy\" decoding=\"async\" aria-describedby=\"caption-attachment-4737\" class=\"size-large wp-image-4737\" src=\"http:\/\/lossburg-schoemberg.de\/wp-content\/uploads\/2022\/01\/Loipe2-1024x768.jpg\" alt=\"\" width=\"847\" height=\"635\" srcset=\"https:\/\/lossburg-schoemberg.de\/wp-content\/uploads\/2022\/01\/Loipe2-1024x768.jpg 1024w, https:\/\/lossburg-schoemberg.de\/wp-content\/uploads\/2022\/01\/Loipe2-300x225.jpg 300w, https:\/\/lossburg-schoemberg.de\/wp-content\/uploads\/2022\/01\/Loipe2-768x576.jpg 768w, https:\/\/lossburg-schoemberg.de\/wp-content\/uploads\/2022\/01\/Loipe2-1536x1152.jpg 1536w, https:\/\/lossburg-schoemberg.de\/wp-content\/uploads\/2022\/01\/Loipe2-2048x1536.jpg 2048w\" sizes=\"auto, (max-width: 847px) 100vw, 847px\" \/><\/a><p id=\"caption-attachment-4737\" class=\"wp-caption-text\">Bild vom 14.01.2022, Karl Pfau<\/p><\/div>\n<div id=\"attachment_4738\" style=\"width: 847px\" class=\"wp-caption aligncenter\"><a href=\"http:\/\/lossburg-schoemberg.de\/wp-content\/uploads\/2022\/01\/Solreute-scaled.jpg\"><img loading=\"lazy\" decoding=\"async\" aria-describedby=\"caption-attachment-4738\" class=\"size-large wp-image-4738\" src=\"http:\/\/lossburg-schoemberg.de\/wp-content\/uploads\/2022\/01\/Solreute-1024x555.jpg\" alt=\"\" width=\"847\" height=\"459\" srcset=\"https:\/\/lossburg-schoemberg.de\/wp-content\/uploads\/2022\/01\/Solreute-1024x555.jpg 1024w, https:\/\/lossburg-schoemberg.de\/wp-content\/uploads\/2022\/01\/Solreute-300x163.jpg 300w, https:\/\/lossburg-schoemberg.de\/wp-content\/uploads\/2022\/01\/Solreute-768x416.jpg 768w, https:\/\/lossburg-schoemberg.de\/wp-content\/uploads\/2022\/01\/Solreute-1536x832.jpg 1536w, https:\/\/lossburg-schoemberg.de\/wp-content\/uploads\/2022\/01\/Solreute-2048x1110.jpg 2048w\" sizes=\"auto, (max-width: 847px) 100vw, 847px\" \/><\/a><p id=\"caption-attachment-4738\" class=\"wp-caption-text\">Der Rodelhang Solreute, vom Pistenbully gut pr\u00e4pariert. 14.01.2022 Karl Pfau<\/p><\/div>\n<div id=\"attachment_4736\" style=\"width: 847px\" class=\"wp-caption aligncenter\"><a href=\"http:\/\/lossburg-schoemberg.de\/wp-content\/uploads\/2022\/01\/Loipe1-scaled.jpg\"><img loading=\"lazy\" decoding=\"async\" aria-describedby=\"caption-attachment-4736\" class=\"size-large wp-image-4736\" src=\"http:\/\/lossburg-schoemberg.de\/wp-content\/uploads\/2022\/01\/Loipe1-1024x478.jpg\" alt=\"\" width=\"847\" height=\"395\" srcset=\"https:\/\/lossburg-schoemberg.de\/wp-content\/uploads\/2022\/01\/Loipe1-1024x478.jpg 1024w, https:\/\/lossburg-schoemberg.de\/wp-content\/uploads\/2022\/01\/Loipe1-300x140.jpg 300w, https:\/\/lossburg-schoemberg.de\/wp-content\/uploads\/2022\/01\/Loipe1-768x358.jpg 768w, https:\/\/lossburg-schoemberg.de\/wp-content\/uploads\/2022\/01\/Loipe1-1536x717.jpg 1536w, https:\/\/lossburg-schoemberg.de\/wp-content\/uploads\/2022\/01\/Loipe1-2048x955.jpg 2048w\" sizes=\"auto, (max-width: 847px) 100vw, 847px\" \/><\/a><p id=\"caption-attachment-4736\" class=\"wp-caption-text\">Bild vom kleinen Rodelhang B\u00fchl der auch gut pr\u00e4pariert ist,mit Blick zum oberen Wald. 14.01.2022 Karl Pfau<\/p><\/div>\n<p>Die Sonne spiegelt sich im Schnee.\u00a0 Im Hintergrund der Pfarrwald.<\/p>\n<div id=\"attachment_4724\" style=\"width: 847px\" class=\"wp-caption aligncenter\"><a href=\"http:\/\/lossburg-schoemberg.de\/wp-content\/uploads\/2022\/01\/Loipe-Marco.jpg\"><img loading=\"lazy\" decoding=\"async\" aria-describedby=\"caption-attachment-4724\" class=\"wp-image-4724 size-large\" src=\"http:\/\/lossburg-schoemberg.de\/wp-content\/uploads\/2022\/01\/Loipe-Marco-1024x576.jpg\" alt=\"\" width=\"847\" height=\"476\" srcset=\"https:\/\/lossburg-schoemberg.de\/wp-content\/uploads\/2022\/01\/Loipe-Marco-1024x576.jpg 1024w, https:\/\/lossburg-schoemberg.de\/wp-content\/uploads\/2022\/01\/Loipe-Marco-300x169.jpg 300w, https:\/\/lossburg-schoemberg.de\/wp-content\/uploads\/2022\/01\/Loipe-Marco-768x432.jpg 768w, https:\/\/lossburg-schoemberg.de\/wp-content\/uploads\/2022\/01\/Loipe-Marco.jpg 1280w\" sizes=\"auto, (max-width: 847px) 100vw, 847px\" \/><\/a><p id=\"caption-attachment-4724\" class=\"wp-caption-text\">09.01.2022, Marco Eberhardt<\/p><\/div>\n","protected":false},"excerpt":{"rendered":"<p>Eine sehr sch\u00f6ne Spur, fast eben, fast durchg\u00e4ngig in der Sonne, nicht im Wald, ca. 7 km lang. Hier den Start der Loipe beim Solhof Sch\u00f6mberg Die Sonne spiegelt sich im Schnee.\u00a0 Im Hintergrund der Pfarrwald.<\/p>\n","protected":false},"author":1,"featured_media":4493,"parent":4842,"menu_order":49,"comment_status":"closed","ping_status":"closed","template":"","meta":{"footnotes":""},"class_list":["post-4723","page","type-page","status-publish","has-post-thumbnail","hentry","nodate","item-wrap"],"_links":{"self":[{"href":"https:\/\/lossburg-schoemberg.de\/index.php\/wp-json\/wp\/v2\/pages\/4723","targetHints":{"allow":["GET"]}}],"collection":[{"href":"https:\/\/lossburg-schoemberg.de\/index.php\/wp-json\/wp\/v2\/pages"}],"about":[{"href":"https:\/\/lossburg-schoemberg.de\/index.php\/wp-json\/wp\/v2\/types\/page"}],"author":[{"embeddable":true,"href":"https:\/\/lossburg-schoemberg.de\/index.php\/wp-json\/wp\/v2\/users\/1"}],"replies":[{"embeddable":true,"href":"https:\/\/lossburg-schoemberg.de\/index.php\/wp-json\/wp\/v2\/comments?post=4723"}],"version-history":[{"count":4,"href":"https:\/\/lossburg-schoemberg.de\/index.php\/wp-json\/wp\/v2\/pages\/4723\/revisions"}],"predecessor-version":[{"id":4739,"href":"https:\/\/lossburg-schoemberg.de\/index.php\/wp-json\/wp\/v2\/pages\/4723\/revisions\/4739"}],"up":[{"embeddable":true,"href":"https:\/\/lossburg-schoemberg.de\/index.php\/wp-json\/wp\/v2\/pages\/4842"}],"wp:featuredmedia":[{"embeddable":true,"href":"https:\/\/lossburg-schoemberg.de\/index.php\/wp-json\/wp\/v2\/media\/4493"}],"wp:attachment":[{"href":"https:\/\/lossburg-schoemberg.de\/index.php\/wp-json\/wp\/v2\/media?parent=4723"}],"curies":[{"name":"wp","href":"https:\/\/api.w.org\/{rel}","templated":true}]}}