{"id":4692,"date":"2022-01-03T12:24:38","date_gmt":"2022-01-03T11:24:38","guid":{"rendered":"http:\/\/lossburg-schoemberg.de\/?page_id=4692"},"modified":"2022-01-03T12:24:38","modified_gmt":"2022-01-03T11:24:38","slug":"einrichtung-dorfstueble","status":"publish","type":"page","link":"https:\/\/lossburg-schoemberg.de\/index.php\/800-jahr-feier\/einrichtung-dorfstueble\/","title":{"rendered":"Einrichtung Dorfst\u00fcble"},"content":{"rendered":"<h3>Sammlung von Sch\u00f6mberger Erinnerungen<\/h3>\n<p>Im Obergeschoss des ehemaligen Rathauses in Sch\u00f6mberg, heute Ortschaftsverwaltung, wird ein ganz kleines Museum eingerichtet.<\/p>\n<p>Es wird haupts\u00e4chlich fr\u00fchere Werkzeuge der Fortstwirtschaft zeigen.<br \/>\nDabei sind auch Sachen aus der Landwirtschaft, auch von Handwerksberufen, Bilder und Artikel auch von der Kriegszeit und viele B\u00fccher von Klaus Mehnert.<\/p>\n<div id=\"attachment_4697\" style=\"width: 847px\" class=\"wp-caption aligncenter\"><a href=\"http:\/\/lossburg-schoemberg.de\/wp-content\/uploads\/2022\/01\/Helfer-scaled.jpg\"><img loading=\"lazy\" decoding=\"async\" aria-describedby=\"caption-attachment-4697\" class=\"size-large wp-image-4697\" src=\"http:\/\/lossburg-schoemberg.de\/wp-content\/uploads\/2022\/01\/Helfer-1024x769.jpg\" alt=\"\" width=\"847\" height=\"636\" srcset=\"https:\/\/lossburg-schoemberg.de\/wp-content\/uploads\/2022\/01\/Helfer-1024x769.jpg 1024w, https:\/\/lossburg-schoemberg.de\/wp-content\/uploads\/2022\/01\/Helfer-300x225.jpg 300w, https:\/\/lossburg-schoemberg.de\/wp-content\/uploads\/2022\/01\/Helfer-768x577.jpg 768w, https:\/\/lossburg-schoemberg.de\/wp-content\/uploads\/2022\/01\/Helfer-1536x1154.jpg 1536w, https:\/\/lossburg-schoemberg.de\/wp-content\/uploads\/2022\/01\/Helfer-2048x1538.jpg 2048w\" sizes=\"auto, (max-width: 847px) 100vw, 847px\" \/><\/a><p id=\"caption-attachment-4697\" class=\"wp-caption-text\">Ein Teil des Helferteams<\/p><\/div>\n<div id=\"attachment_4696\" style=\"width: 847px\" class=\"wp-caption aligncenter\"><a href=\"http:\/\/lossburg-schoemberg.de\/wp-content\/uploads\/2022\/01\/DSC_2485-scaled.jpg\"><img loading=\"lazy\" decoding=\"async\" aria-describedby=\"caption-attachment-4696\" class=\"size-large wp-image-4696\" src=\"http:\/\/lossburg-schoemberg.de\/wp-content\/uploads\/2022\/01\/DSC_2485-1024x678.jpg\" alt=\"\" width=\"847\" height=\"561\" srcset=\"https:\/\/lossburg-schoemberg.de\/wp-content\/uploads\/2022\/01\/DSC_2485-1024x678.jpg 1024w, https:\/\/lossburg-schoemberg.de\/wp-content\/uploads\/2022\/01\/DSC_2485-300x199.jpg 300w, https:\/\/lossburg-schoemberg.de\/wp-content\/uploads\/2022\/01\/DSC_2485-768x509.jpg 768w, https:\/\/lossburg-schoemberg.de\/wp-content\/uploads\/2022\/01\/DSC_2485-1536x1017.jpg 1536w, https:\/\/lossburg-schoemberg.de\/wp-content\/uploads\/2022\/01\/DSC_2485-2048x1356.jpg 2048w\" sizes=\"auto, (max-width: 847px) 100vw, 847px\" \/><\/a><p id=\"caption-attachment-4696\" class=\"wp-caption-text\">Eine besondere Rarit\u00e4t: das &#8222;Eiserne Buch&#8220; in dem mit einer Kurzbeschreibung die Veteranen des ersten Weltkrieges vorgestellt werden<\/p><\/div>\n<div id=\"attachment_4695\" style=\"width: 847px\" class=\"wp-caption aligncenter\"><a href=\"http:\/\/lossburg-schoemberg.de\/wp-content\/uploads\/2022\/01\/DSC_2480-scaled.jpg\"><img loading=\"lazy\" decoding=\"async\" aria-describedby=\"caption-attachment-4695\" class=\"size-large wp-image-4695\" src=\"http:\/\/lossburg-schoemberg.de\/wp-content\/uploads\/2022\/01\/DSC_2480-1024x678.jpg\" alt=\"\" width=\"847\" height=\"561\" srcset=\"https:\/\/lossburg-schoemberg.de\/wp-content\/uploads\/2022\/01\/DSC_2480-1024x678.jpg 1024w, https:\/\/lossburg-schoemberg.de\/wp-content\/uploads\/2022\/01\/DSC_2480-300x199.jpg 300w, https:\/\/lossburg-schoemberg.de\/wp-content\/uploads\/2022\/01\/DSC_2480-768x509.jpg 768w, https:\/\/lossburg-schoemberg.de\/wp-content\/uploads\/2022\/01\/DSC_2480-1536x1017.jpg 1536w, https:\/\/lossburg-schoemberg.de\/wp-content\/uploads\/2022\/01\/DSC_2480-2048x1356.jpg 2048w\" sizes=\"auto, (max-width: 847px) 100vw, 847px\" \/><\/a><p id=\"caption-attachment-4695\" class=\"wp-caption-text\">Eine Seite des Eisernen Buches<\/p><\/div>\n<div id=\"attachment_4693\" style=\"width: 847px\" class=\"wp-caption aligncenter\"><a href=\"http:\/\/lossburg-schoemberg.de\/wp-content\/uploads\/2022\/01\/DSC_2426-scaled.jpg\"><img loading=\"lazy\" decoding=\"async\" aria-describedby=\"caption-attachment-4693\" class=\"size-large wp-image-4693\" src=\"http:\/\/lossburg-schoemberg.de\/wp-content\/uploads\/2022\/01\/DSC_2426-1024x678.jpg\" alt=\"\" width=\"847\" height=\"561\" srcset=\"https:\/\/lossburg-schoemberg.de\/wp-content\/uploads\/2022\/01\/DSC_2426-1024x678.jpg 1024w, https:\/\/lossburg-schoemberg.de\/wp-content\/uploads\/2022\/01\/DSC_2426-300x199.jpg 300w, https:\/\/lossburg-schoemberg.de\/wp-content\/uploads\/2022\/01\/DSC_2426-768x509.jpg 768w, https:\/\/lossburg-schoemberg.de\/wp-content\/uploads\/2022\/01\/DSC_2426-1536x1017.jpg 1536w, https:\/\/lossburg-schoemberg.de\/wp-content\/uploads\/2022\/01\/DSC_2426-2048x1356.jpg 2048w\" sizes=\"auto, (max-width: 847px) 100vw, 847px\" \/><\/a><p id=\"caption-attachment-4693\" class=\"wp-caption-text\">Sammlung von verschiedenen S\u00e4gen. Haupts\u00e4chlich F\u00e4lls\u00e4gen f\u00fcr 2 Mann<\/p><\/div>\n<div id=\"attachment_4694\" style=\"width: 847px\" class=\"wp-caption aligncenter\"><a href=\"http:\/\/lossburg-schoemberg.de\/wp-content\/uploads\/2022\/01\/DSC_2458-scaled.jpg\"><img loading=\"lazy\" decoding=\"async\" aria-describedby=\"caption-attachment-4694\" class=\"size-large wp-image-4694\" src=\"http:\/\/lossburg-schoemberg.de\/wp-content\/uploads\/2022\/01\/DSC_2458-1024x678.jpg\" alt=\"\" width=\"847\" height=\"561\" srcset=\"https:\/\/lossburg-schoemberg.de\/wp-content\/uploads\/2022\/01\/DSC_2458-1024x678.jpg 1024w, https:\/\/lossburg-schoemberg.de\/wp-content\/uploads\/2022\/01\/DSC_2458-300x199.jpg 300w, https:\/\/lossburg-schoemberg.de\/wp-content\/uploads\/2022\/01\/DSC_2458-768x509.jpg 768w, https:\/\/lossburg-schoemberg.de\/wp-content\/uploads\/2022\/01\/DSC_2458-1536x1017.jpg 1536w, https:\/\/lossburg-schoemberg.de\/wp-content\/uploads\/2022\/01\/DSC_2458-2048x1356.jpg 2048w\" sizes=\"auto, (max-width: 847px) 100vw, 847px\" \/><\/a><p id=\"caption-attachment-4694\" class=\"wp-caption-text\">Sammlung von B\u00fcchern von Klaus Mehnert<\/p><\/div>\n","protected":false},"excerpt":{"rendered":"<p>Sammlung von Sch\u00f6mberger Erinnerungen Im Obergeschoss des ehemaligen Rathauses in Sch\u00f6mberg, heute Ortschaftsverwaltung, wird ein ganz kleines Museum eingerichtet. Es wird haupts\u00e4chlich fr\u00fchere Werkzeuge der Fortstwirtschaft zeigen. Dabei sind auch Sachen aus der Landwirtschaft, auch von Handwerksberufen, Bilder und Artikel auch von der Kriegszeit und viele B\u00fccher von Klaus Mehnert.<\/p>\n","protected":false},"author":1,"featured_media":4698,"parent":4680,"menu_order":20,"comment_status":"closed","ping_status":"closed","template":"","meta":{"footnotes":""},"class_list":["post-4692","page","type-page","status-publish","has-post-thumbnail","hentry","nodate","item-wrap"],"_links":{"self":[{"href":"https:\/\/lossburg-schoemberg.de\/index.php\/wp-json\/wp\/v2\/pages\/4692","targetHints":{"allow":["GET"]}}],"collection":[{"href":"https:\/\/lossburg-schoemberg.de\/index.php\/wp-json\/wp\/v2\/pages"}],"about":[{"href":"https:\/\/lossburg-schoemberg.de\/index.php\/wp-json\/wp\/v2\/types\/page"}],"author":[{"embeddable":true,"href":"https:\/\/lossburg-schoemberg.de\/index.php\/wp-json\/wp\/v2\/users\/1"}],"replies":[{"embeddable":true,"href":"https:\/\/lossburg-schoemberg.de\/index.php\/wp-json\/wp\/v2\/comments?post=4692"}],"version-history":[{"count":1,"href":"https:\/\/lossburg-schoemberg.de\/index.php\/wp-json\/wp\/v2\/pages\/4692\/revisions"}],"predecessor-version":[{"id":4699,"href":"https:\/\/lossburg-schoemberg.de\/index.php\/wp-json\/wp\/v2\/pages\/4692\/revisions\/4699"}],"up":[{"embeddable":true,"href":"https:\/\/lossburg-schoemberg.de\/index.php\/wp-json\/wp\/v2\/pages\/4680"}],"wp:featuredmedia":[{"embeddable":true,"href":"https:\/\/lossburg-schoemberg.de\/index.php\/wp-json\/wp\/v2\/media\/4698"}],"wp:attachment":[{"href":"https:\/\/lossburg-schoemberg.de\/index.php\/wp-json\/wp\/v2\/media?parent=4692"}],"curies":[{"name":"wp","href":"https:\/\/api.w.org\/{rel}","templated":true}]}}