{"id":4683,"date":"2022-01-03T10:41:14","date_gmt":"2022-01-03T09:41:14","guid":{"rendered":"http:\/\/lossburg-schoemberg.de\/?page_id=4683"},"modified":"2022-01-03T10:42:02","modified_gmt":"2022-01-03T09:42:02","slug":"erste-erwaehnung-von-schoemberg","status":"publish","type":"page","link":"https:\/\/lossburg-schoemberg.de\/index.php\/800-jahr-feier\/erste-erwaehnung-von-schoemberg\/","title":{"rendered":"Erste Erw\u00e4hnung von Sch\u00f6mberg"},"content":{"rendered":"<p>In einer Urkunde aus dem Jahre 1222, die sich im Generallandesarchiv in Karlsruhe befindet wird unser Sch\u00f6mberg erstmalig genannt.<\/p>\n<p>Auch in der Brosch\u00fcre von Hans Harter \u201cAdel und Burgen im oberen Kinziggebiet\u201d\u00a0 \u201cStudien zur Besiedlung und hochmittelalterlichen Herrschaftsbildung im mittleren Schwarzwald\u201d wird das Jahr 1222 genannt.<\/p>\n<p>In den \u201cBeitr\u00e4gen zur Heimatgeschichte von Sch\u00f6mberg\u201d von Oswald Heinzelmann wird die Erstnennung im Jahre 1222 best\u00e4tigt.<\/p>\n<p>Hier eine kurze Inhaltsangabe aus der lateinischen Urkunde von 1222, \u00fcbersetzt von Oswald Heinzelmann:<br \/>\n<em>Graf Berthold von Sulz\/N lie\u00df seine verstorbene Gattin Hiltrude von Wartenberg im Kloster Salem am Bodensee bestatten. Er selbst w\u00fcnschte nach seinem Tode an ihrer Seite beigesetzt zu werden. Mit dieser Urkunde verpflichtete er am 03. M\u00e4rz 1222 seinen j\u00fcngeren Bruder Graf Alwig von Sulz\/N mit der Erf\u00fcllung des Wunsches. Unter den zahlreichen Zeugen finden sich die \u00c4bte der Kl\u00f6ster Salem und Alpirsbach, mehrere Ministeriale und 8 Leutpriester (Plebano) aus dem Sulzer Herrschaftsbereich. Unter ihnen finden wir:<\/em><br \/>\n<em>\u2013 Werinher von Sconenberg<\/em><br \/>\n<em>\u2013 Werner von Sch\u00f6mberg<\/em><\/p>\n<p>Das Kreisarchiv des Landkreises Freudenstadt hat nun auch best\u00e4tigt, dass sich die erste urkundliche Erw\u00e4hnung von Sch\u00f6mberg nun im Jahr 2022 zum 800. Mal j\u00e4hrt.<\/p>\n<p>F\u00fcr Sch\u00f6mberg ein Grund zu feiern.<\/p>\n<div id=\"attachment_3652\" class=\"wp-caption aligncenter\">\n<p><a class=\"highslide\" href=\"http:\/\/lossburg-schoemberg.de\/wp-content\/uploads\/2017\/07\/DeckblattUrkundenbuch.jpg\"><img loading=\"lazy\" decoding=\"async\" class=\"size-medium wp-image-3652\" src=\"http:\/\/lossburg-schoemberg.de\/wp-content\/uploads\/2017\/07\/DeckblattUrkundenbuch-300x237.jpg\" sizes=\"auto, (max-width: 300px) 100vw, 300px\" srcset=\"http:\/\/lossburg-schoemberg.de\/wp-content\/uploads\/2017\/07\/DeckblattUrkundenbuch-300x237.jpg 300w, http:\/\/lossburg-schoemberg.de\/wp-content\/uploads\/2017\/07\/DeckblattUrkundenbuch-768x607.jpg 768w, http:\/\/lossburg-schoemberg.de\/wp-content\/uploads\/2017\/07\/DeckblattUrkundenbuch-1024x809.jpg 1024w, http:\/\/lossburg-schoemberg.de\/wp-content\/uploads\/2017\/07\/DeckblattUrkundenbuch.jpg 1804w\" alt=\"\" width=\"300\" height=\"237\" aria-describedby=\"caption-attachment-3652\" \/><\/a><\/p>\n<p id=\"caption-attachment-3652\" class=\"wp-caption-text\">Deckblatt, W\u00fcrttembergisches Urkundenbuch<\/p>\n<\/div>\n<p>&nbsp;<\/p>\n<div id=\"attachment_3653\" class=\"wp-caption aligncenter\">\n<p><a class=\"highslide\" href=\"http:\/\/lossburg-schoemberg.de\/wp-content\/uploads\/2017\/07\/HansHarter.jpg\"><img loading=\"lazy\" decoding=\"async\" class=\"size-medium wp-image-3653\" src=\"http:\/\/lossburg-schoemberg.de\/wp-content\/uploads\/2017\/07\/HansHarter-300x169.jpg\" sizes=\"auto, (max-width: 300px) 100vw, 300px\" srcset=\"http:\/\/lossburg-schoemberg.de\/wp-content\/uploads\/2017\/07\/HansHarter-300x169.jpg 300w, http:\/\/lossburg-schoemberg.de\/wp-content\/uploads\/2017\/07\/HansHarter-768x433.jpg 768w, http:\/\/lossburg-schoemberg.de\/wp-content\/uploads\/2017\/07\/HansHarter-1024x577.jpg 1024w, http:\/\/lossburg-schoemberg.de\/wp-content\/uploads\/2017\/07\/HansHarter.jpg 1424w\" alt=\"\" width=\"300\" height=\"169\" aria-describedby=\"caption-attachment-3653\" \/><\/a><\/p>\n<p id=\"caption-attachment-3653\" class=\"wp-caption-text\">Deckblatt der Brosch\u00fcre von Hans Harter<\/p>\n<\/div>\n","protected":false},"excerpt":{"rendered":"<p>In einer Urkunde aus dem Jahre 1222, die sich im Generallandesarchiv in Karlsruhe befindet wird unser Sch\u00f6mberg erstmalig genannt. Auch in der Brosch\u00fcre von Hans Harter \u201cAdel und Burgen im oberen Kinziggebiet\u201d\u00a0 \u201cStudien zur Besiedlung und hochmittelalterlichen Herrschaftsbildung im mittleren Schwarzwald\u201d wird das Jahr 1222 genannt. In den \u201cBeitr\u00e4gen zur Heimatgeschichte von Sch\u00f6mberg\u201d von Oswald &hellip; <\/p>\n<p><a class=\"more-link btn\" href=\"https:\/\/lossburg-schoemberg.de\/index.php\/800-jahr-feier\/erste-erwaehnung-von-schoemberg\/\">Weiterlesen<\/a><\/p>\n","protected":false},"author":1,"featured_media":4362,"parent":4680,"menu_order":5,"comment_status":"closed","ping_status":"closed","template":"","meta":{"footnotes":""},"class_list":["post-4683","page","type-page","status-publish","has-post-thumbnail","hentry","nodate","item-wrap"],"_links":{"self":[{"href":"https:\/\/lossburg-schoemberg.de\/index.php\/wp-json\/wp\/v2\/pages\/4683","targetHints":{"allow":["GET"]}}],"collection":[{"href":"https:\/\/lossburg-schoemberg.de\/index.php\/wp-json\/wp\/v2\/pages"}],"about":[{"href":"https:\/\/lossburg-schoemberg.de\/index.php\/wp-json\/wp\/v2\/types\/page"}],"author":[{"embeddable":true,"href":"https:\/\/lossburg-schoemberg.de\/index.php\/wp-json\/wp\/v2\/users\/1"}],"replies":[{"embeddable":true,"href":"https:\/\/lossburg-schoemberg.de\/index.php\/wp-json\/wp\/v2\/comments?post=4683"}],"version-history":[{"count":2,"href":"https:\/\/lossburg-schoemberg.de\/index.php\/wp-json\/wp\/v2\/pages\/4683\/revisions"}],"predecessor-version":[{"id":4685,"href":"https:\/\/lossburg-schoemberg.de\/index.php\/wp-json\/wp\/v2\/pages\/4683\/revisions\/4685"}],"up":[{"embeddable":true,"href":"https:\/\/lossburg-schoemberg.de\/index.php\/wp-json\/wp\/v2\/pages\/4680"}],"wp:featuredmedia":[{"embeddable":true,"href":"https:\/\/lossburg-schoemberg.de\/index.php\/wp-json\/wp\/v2\/media\/4362"}],"wp:attachment":[{"href":"https:\/\/lossburg-schoemberg.de\/index.php\/wp-json\/wp\/v2\/media?parent=4683"}],"curies":[{"name":"wp","href":"https:\/\/api.w.org\/{rel}","templated":true}]}}

Erste Erwähnung von Schömberg

<p>In einer Urkunde aus dem Jahre 1222, die sich im Generallandesarchiv in Karlsruhe befindet wird unser Schömberg erstmalig genannt.</p>
<p>Auch in der Broschüre von Hans Harter “Adel und Burgen im oberen Kinziggebiet”  “Studien zur Besiedlung und hochmittelalterlichen Herrschaftsbildung im mittleren Schwarzwald” wird das Jahr 1222 genannt.</p>
<p>In den “Beiträgen zur Heimatgeschichte von Schömberg” von Oswald Heinzelmann wird die Erstnennung im Jahre 1222 bestätigt.</p>
<p>Hier eine kurze Inhaltsangabe aus der lateinischen Urkunde von 1222, übersetzt von Oswald Heinzelmann:<br />
<em>Graf Berthold von Sulz/N ließ seine verstorbene Gattin Hiltrude von Wartenberg im Kloster Salem am Bodensee bestatten. Er selbst wünschte nach seinem Tode an ihrer Seite beigesetzt zu werden. Mit dieser Urkunde verpflichtete er am 03. März 1222 seinen jüngeren Bruder Graf Alwig von Sulz/N mit der Erfüllung des Wunsches. Unter den zahlreichen Zeugen finden sich die Äbte der Klöster Salem und Alpirsbach, mehrere Ministeriale und 8 Leutpriester (Plebano) aus dem Sulzer Herrschaftsbereich. Unter ihnen finden wir:</em><br />
<em>– Werinher von Sconenberg</em><br />
<em>– Werner von Schömberg</em></p>
<p>Das Kreisarchiv des Landkreises Freudenstadt hat nun auch bestätigt, dass sich die erste urkundliche Erwähnung von Schömberg nun im Jahr 2022 zum 800. Mal jährt.</p>
<p>Für Schömberg ein Grund zu feiern.</p>
<div id="attachment_3652" class="wp-caption aligncenter">
<p><a class="highslide" href="http://lossburg-schoemberg.de/wp-content/uploads/2017/07/DeckblattUrkundenbuch.jpg"><img loading="lazy" decoding="async" class="size-medium wp-image-3652" src="http://lossburg-schoemberg.de/wp-content/uploads/2017/07/DeckblattUrkundenbuch-300x237.jpg" sizes="auto, (max-width: 300px) 100vw, 300px" srcset="http://lossburg-schoemberg.de/wp-content/uploads/2017/07/DeckblattUrkundenbuch-300x237.jpg 300w, http://lossburg-schoemberg.de/wp-content/uploads/2017/07/DeckblattUrkundenbuch-768x607.jpg 768w, http://lossburg-schoemberg.de/wp-content/uploads/2017/07/DeckblattUrkundenbuch-1024x809.jpg 1024w, http://lossburg-schoemberg.de/wp-content/uploads/2017/07/DeckblattUrkundenbuch.jpg 1804w" alt="" width="300" height="237" aria-describedby="caption-attachment-3652" /></a></p>
<p id="caption-attachment-3652" class="wp-caption-text">Deckblatt, Württembergisches Urkundenbuch</p>
</div>
<p>&nbsp;</p>
<div id="attachment_3653" class="wp-caption aligncenter">
<p><a class="highslide" href="http://lossburg-schoemberg.de/wp-content/uploads/2017/07/HansHarter.jpg"><img loading="lazy" decoding="async" class="size-medium wp-image-3653" src="http://lossburg-schoemberg.de/wp-content/uploads/2017/07/HansHarter-300x169.jpg" sizes="auto, (max-width: 300px) 100vw, 300px" srcset="http://lossburg-schoemberg.de/wp-content/uploads/2017/07/HansHarter-300x169.jpg 300w, http://lossburg-schoemberg.de/wp-content/uploads/2017/07/HansHarter-768x433.jpg 768w, http://lossburg-schoemberg.de/wp-content/uploads/2017/07/HansHarter-1024x577.jpg 1024w, http://lossburg-schoemberg.de/wp-content/uploads/2017/07/HansHarter.jpg 1424w" alt="" width="300" height="169" aria-describedby="caption-attachment-3653" /></a></p>
<p id="caption-attachment-3653" class="wp-caption-text">Deckblatt der Broschüre von Hans Harter</p>
</div>

<p>In einer Urkunde aus dem Jahre 1222, die sich im Generallandesarchiv in Karlsruhe befindet wird unser Schömberg erstmalig genannt. Auch in der Broschüre von Hans Harter “Adel und Burgen im oberen Kinziggebiet”  “Studien zur Besiedlung und hochmittelalterlichen Herrschaftsbildung im mittleren Schwarzwald” wird das Jahr 1222 genannt. In den “Beiträgen zur Heimatgeschichte von Schömberg” von Oswald &hellip; </p>
<p><a class="more-link btn" href="https://lossburg-schoemberg.de/index.php/800-jahr-feier/erste-erwaehnung-von-schoemberg/">Weiterlesen</a></p>
