{"id":4633,"date":"2021-09-11T18:49:28","date_gmt":"2021-09-11T16:49:28","guid":{"rendered":"http:\/\/lossburg-schoemberg.de\/?page_id=4633"},"modified":"2022-09-19T21:42:53","modified_gmt":"2022-09-19T19:42:53","slug":"buecher-zur-800-jahr-feier","status":"publish","type":"page","link":"https:\/\/lossburg-schoemberg.de\/index.php\/rueckblick\/2022-2\/buecher-zur-800-jahr-feier\/","title":{"rendered":"B\u00fccher zur 800 Jahr Feier"},"content":{"rendered":"<p>Der Sohn des fr\u00fcheren Dorfschullehrers in Sch\u00f6mberg, Andreas \u00dcberschaer, schreibt gerade an zwei B\u00fcchern.<\/p>\n<p>Buch 1:\u00a0 &#8222;Die \u00dcberschaers in Sch\u00f6mberg&#8220; \u2013 (geschrieben in Ich-Form) \u2013 reich bebildert<\/p>\n<p>Buch 2: &#8222;Namen in Sch\u00f6mberg&#8220; \u2013 (eine Art Enzyklop\u00e4die) \u2013 reich bebildert<\/p>\n<p>Beide B\u00fccher werden zur 800 Jahr Feier 2022 fertig sein und von ihm dort zum Kauf angeboten werden.<br \/>\nAls Vorgeschmack auf die B\u00fccher, hier die zwei geplanten Inhaltsverzeichnisse.<br \/>\nAn der Stelle vielen Dank an Herrn \u00dcberschaer, dass er so viel historisches Wissen vom Sch\u00f6mberg zusammentr\u00e4gt.<br \/>\nWir freuen uns auf die B\u00fccher.<\/p>\n<p><a href=\"http:\/\/lossburg-schoemberg.de\/wp-content\/uploads\/2021\/09\/Inhalt-Die-Ueberschaers-in-Schoemberg.jpg\"><img loading=\"lazy\" decoding=\"async\" class=\"aligncenter size-full wp-image-4634\" src=\"http:\/\/lossburg-schoemberg.de\/wp-content\/uploads\/2021\/09\/Inhalt-Die-Ueberschaers-in-Schoemberg.jpg\" alt=\"\" width=\"491\" height=\"609\" srcset=\"https:\/\/lossburg-schoemberg.de\/wp-content\/uploads\/2021\/09\/Inhalt-Die-Ueberschaers-in-Schoemberg.jpg 491w, https:\/\/lossburg-schoemberg.de\/wp-content\/uploads\/2021\/09\/Inhalt-Die-Ueberschaers-in-Schoemberg-242x300.jpg 242w\" sizes=\"auto, (max-width: 491px) 100vw, 491px\" \/><\/a> <a href=\"http:\/\/lossburg-schoemberg.de\/wp-content\/uploads\/2021\/09\/Inhalt-Namen-in-Schoemberg.jpg\"><img loading=\"lazy\" decoding=\"async\" class=\"aligncenter size-large wp-image-4635\" src=\"http:\/\/lossburg-schoemberg.de\/wp-content\/uploads\/2021\/09\/Inhalt-Namen-in-Schoemberg.jpg\" alt=\"\" width=\"495\" height=\"606\" srcset=\"https:\/\/lossburg-schoemberg.de\/wp-content\/uploads\/2021\/09\/Inhalt-Namen-in-Schoemberg.jpg 495w, https:\/\/lossburg-schoemberg.de\/wp-content\/uploads\/2021\/09\/Inhalt-Namen-in-Schoemberg-245x300.jpg 245w\" sizes=\"auto, (max-width: 495px) 100vw, 495px\" \/><\/a><\/p>\n","protected":false},"excerpt":{"rendered":"<p>Der Sohn des fr\u00fcheren Dorfschullehrers in Sch\u00f6mberg, Andreas \u00dcberschaer, schreibt gerade an zwei B\u00fcchern. Buch 1:\u00a0 &#8222;Die \u00dcberschaers in Sch\u00f6mberg&#8220; \u2013 (geschrieben in Ich-Form) \u2013 reich bebildert Buch 2: &#8222;Namen in Sch\u00f6mberg&#8220; \u2013 (eine Art Enzyklop\u00e4die) \u2013 reich bebildert Beide B\u00fccher werden zur 800 Jahr Feier 2022 fertig sein und von ihm dort zum Kauf &hellip; <\/p>\n<p><a class=\"more-link btn\" href=\"https:\/\/lossburg-schoemberg.de\/index.php\/rueckblick\/2022-2\/buecher-zur-800-jahr-feier\/\">Weiterlesen<\/a><\/p>\n","protected":false},"author":1,"featured_media":4634,"parent":4842,"menu_order":44,"comment_status":"closed","ping_status":"closed","template":"","meta":{"footnotes":""},"class_list":["post-4633","page","type-page","status-publish","has-post-thumbnail","hentry","nodate","item-wrap"],"_links":{"self":[{"href":"https:\/\/lossburg-schoemberg.de\/index.php\/wp-json\/wp\/v2\/pages\/4633","targetHints":{"allow":["GET"]}}],"collection":[{"href":"https:\/\/lossburg-schoemberg.de\/index.php\/wp-json\/wp\/v2\/pages"}],"about":[{"href":"https:\/\/lossburg-schoemberg.de\/index.php\/wp-json\/wp\/v2\/types\/page"}],"author":[{"embeddable":true,"href":"https:\/\/lossburg-schoemberg.de\/index.php\/wp-json\/wp\/v2\/users\/1"}],"replies":[{"embeddable":true,"href":"https:\/\/lossburg-schoemberg.de\/index.php\/wp-json\/wp\/v2\/comments?post=4633"}],"version-history":[{"count":3,"href":"https:\/\/lossburg-schoemberg.de\/index.php\/wp-json\/wp\/v2\/pages\/4633\/revisions"}],"predecessor-version":[{"id":4638,"href":"https:\/\/lossburg-schoemberg.de\/index.php\/wp-json\/wp\/v2\/pages\/4633\/revisions\/4638"}],"up":[{"embeddable":true,"href":"https:\/\/lossburg-schoemberg.de\/index.php\/wp-json\/wp\/v2\/pages\/4842"}],"wp:featuredmedia":[{"embeddable":true,"href":"https:\/\/lossburg-schoemberg.de\/index.php\/wp-json\/wp\/v2\/media\/4634"}],"wp:attachment":[{"href":"https:\/\/lossburg-schoemberg.de\/index.php\/wp-json\/wp\/v2\/media?parent=4633"}],"curies":[{"name":"wp","href":"https:\/\/api.w.org\/{rel}","templated":true}]}}