{"id":4627,"date":"2021-08-20T21:24:53","date_gmt":"2021-08-20T19:24:53","guid":{"rendered":"http:\/\/lossburg-schoemberg.de\/?page_id=4627"},"modified":"2022-09-19T21:41:05","modified_gmt":"2022-09-19T19:41:05","slug":"fan-artikel-von-schoemberg","status":"publish","type":"page","link":"https:\/\/lossburg-schoemberg.de\/index.php\/rueckblick\/2022-2\/fan-artikel-von-schoemberg\/","title":{"rendered":"Fan Artikel von Sch\u00f6mberg"},"content":{"rendered":"<p>Das Jahr 2022 r\u00fcckt n\u00e4her, im Vorfeld lassen wir einige Artikel mit dem Logo der 800 Jahr Feier bedrucken.<br \/>\nDemn\u00e4chst wird es bei der Ortschaftsverwaltung in Sch\u00f6mberg die ersten praktischen Artikel geben.<br \/>\nBeginnen werden wir mit einer stabilen Thermosflasche die kaltes k\u00fchl h\u00e4lt und hei\u00dfes lange warm h\u00e4lt, weiter mit einer edlen satinierten Glastasse.<br \/>\nSp\u00e4ter wird es gute Polohemden, T-Shirts f\u00fcr Erwachsenen und Kinder und auch eine Sch\u00fcrze geben.<\/p>\n<p>Sobald wir diese Sachen haben, k\u00fcndige ich es hier an. Sie k\u00f6nnen die &#8222;Sch\u00f6mberg-Artikel&#8220; dann zu den \u00d6ffnungszeiten der Ortschaftsverwaltung hier in Sch\u00f6mberg g\u00fcnstig kaufen.<\/p>\n<p>Hier noch ein Bild, weitere Artikel folgen<\/p>\n<p><a href=\"http:\/\/lossburg-schoemberg.de\/wp-content\/uploads\/2021\/08\/FlascheTasse-scaled.jpg\"><img loading=\"lazy\" decoding=\"async\" class=\"aligncenter size-large wp-image-4628\" src=\"http:\/\/lossburg-schoemberg.de\/wp-content\/uploads\/2021\/08\/FlascheTasse-953x1024.jpg\" alt=\"\" width=\"847\" height=\"910\" srcset=\"https:\/\/lossburg-schoemberg.de\/wp-content\/uploads\/2021\/08\/FlascheTasse-953x1024.jpg 953w, https:\/\/lossburg-schoemberg.de\/wp-content\/uploads\/2021\/08\/FlascheTasse-279x300.jpg 279w, https:\/\/lossburg-schoemberg.de\/wp-content\/uploads\/2021\/08\/FlascheTasse-768x825.jpg 768w, https:\/\/lossburg-schoemberg.de\/wp-content\/uploads\/2021\/08\/FlascheTasse-1430x1536.jpg 1430w, https:\/\/lossburg-schoemberg.de\/wp-content\/uploads\/2021\/08\/FlascheTasse-1907x2048.jpg 1907w\" sizes=\"auto, (max-width: 847px) 100vw, 847px\" \/><\/a><\/p>\n","protected":false},"excerpt":{"rendered":"<p>Das Jahr 2022 r\u00fcckt n\u00e4her, im Vorfeld lassen wir einige Artikel mit dem Logo der 800 Jahr Feier bedrucken. Demn\u00e4chst wird es bei der Ortschaftsverwaltung in Sch\u00f6mberg die ersten praktischen Artikel geben. Beginnen werden wir mit einer stabilen Thermosflasche die kaltes k\u00fchl h\u00e4lt und hei\u00dfes lange warm h\u00e4lt, weiter mit einer edlen satinierten Glastasse. Sp\u00e4ter &hellip; <\/p>\n<p><a class=\"more-link btn\" href=\"https:\/\/lossburg-schoemberg.de\/index.php\/rueckblick\/2022-2\/fan-artikel-von-schoemberg\/\">Weiterlesen<\/a><\/p>\n","protected":false},"author":1,"featured_media":4629,"parent":4842,"menu_order":46,"comment_status":"closed","ping_status":"closed","template":"","meta":{"footnotes":""},"class_list":["post-4627","page","type-page","status-publish","has-post-thumbnail","hentry","nodate","item-wrap"],"_links":{"self":[{"href":"https:\/\/lossburg-schoemberg.de\/index.php\/wp-json\/wp\/v2\/pages\/4627","targetHints":{"allow":["GET"]}}],"collection":[{"href":"https:\/\/lossburg-schoemberg.de\/index.php\/wp-json\/wp\/v2\/pages"}],"about":[{"href":"https:\/\/lossburg-schoemberg.de\/index.php\/wp-json\/wp\/v2\/types\/page"}],"author":[{"embeddable":true,"href":"https:\/\/lossburg-schoemberg.de\/index.php\/wp-json\/wp\/v2\/users\/1"}],"replies":[{"embeddable":true,"href":"https:\/\/lossburg-schoemberg.de\/index.php\/wp-json\/wp\/v2\/comments?post=4627"}],"version-history":[{"count":2,"href":"https:\/\/lossburg-schoemberg.de\/index.php\/wp-json\/wp\/v2\/pages\/4627\/revisions"}],"predecessor-version":[{"id":4631,"href":"https:\/\/lossburg-schoemberg.de\/index.php\/wp-json\/wp\/v2\/pages\/4627\/revisions\/4631"}],"up":[{"embeddable":true,"href":"https:\/\/lossburg-schoemberg.de\/index.php\/wp-json\/wp\/v2\/pages\/4842"}],"wp:featuredmedia":[{"embeddable":true,"href":"https:\/\/lossburg-schoemberg.de\/index.php\/wp-json\/wp\/v2\/media\/4629"}],"wp:attachment":[{"href":"https:\/\/lossburg-schoemberg.de\/index.php\/wp-json\/wp\/v2\/media?parent=4627"}],"curies":[{"name":"wp","href":"https:\/\/api.w.org\/{rel}","templated":true}]}}