{"id":4593,"date":"2021-05-11T16:00:46","date_gmt":"2021-05-11T14:00:46","guid":{"rendered":"http:\/\/lossburg-schoemberg.de\/?page_id=4593"},"modified":"2022-01-03T22:33:02","modified_gmt":"2022-01-03T21:33:02","slug":"absage-vom-gottesdienst-im-gruenen","status":"publish","type":"page","link":"https:\/\/lossburg-schoemberg.de\/index.php\/rueckblick\/2021-2\/absage-vom-gottesdienst-im-gruenen\/","title":{"rendered":"Absage vom Gottesdienst im Gr\u00fcnen"},"content":{"rendered":"<p>Der geplante Distriktgottesdienst bei der Blockh\u00fctte in Sch\u00f6mberg ist wegen unsicherem Wetter abgesagt.<\/p>\n<p>Stand 11.05.21.\u00a0 Karl Pfau<\/p>\n<div role=\"banner\">\n<div>\n<div>\n<div><\/div>\n<div><\/div>\n<\/div>\n<\/div>\n<div id=\"m_2725953412503792227emb-email-header-container\">\n<div align=\"center\">\n<div id=\"m_2725953412503792227emb-email-header\" align=\"center\"><img decoding=\"async\" class=\"CToWUd\" src=\"https:\/\/ci5.googleusercontent.com\/proxy\/J9ZphRpetAv8wZ2p6AIHWHJN7ZXkkH-pFXMt8s-YK9nnCmhwLa-mG0k-Deu0VcpyhuDZLeUElLEMcY9FoROWIcrmlPBcO-qAEta97Ro=s0-d-e1-ft#https:\/\/eklossburg.church-events.de\/static\/img\/logo-cd.png\" alt=\"\" width=\"341\" \/><\/div>\n<\/div>\n<\/div>\n<\/div>\n<div>\n<div>\n<div>\n<div class=\"m_2725953412503792227column\">\n<div>\n<div><\/div>\n<\/div>\n<\/div>\n<\/div>\n<\/div>\n<div><\/div>\n<div>\n<div>\n<div class=\"m_2725953412503792227column\">\n<div>\n<div>\n<p>Sehr geehrte Damen und Herren, wegen schlechter Wetterprognosen m\u00fcssen wir leider den geplanten Distriktsgottesdienst im Gr\u00fcnen mit Verabschiedung von Pfarrer Frank auf dem Sch\u00f6mberg absagen.<br \/>\nDie aktuellen landeskirchlichen Corona-Regeln erlauben im Landkreis FDS momentan noch keine Gottesdienstfeier in geschlossenen R\u00e4umen.<br \/>\nStattdessen k\u00f6nnen Sie den Gottesdienst an Christi Himmelfahrt, 13. Mai 2021 um 10.30 Uhr im Live-Stream aus der Vers\u00f6hnungskirche Lo\u00dfburg mitfeiern. Sie finden den Link auf der Startseite der Homepage der Evang. Kirchengemeinde Lo\u00dfburg-Sch\u00f6mberg <a href=\"http:\/\/www.lossburg-evangelisch.de\" target=\"_blank\" rel=\"noopener\" data-saferedirecturl=\"https:\/\/www.google.com\/url?q=http:\/\/www.lossburg-evangelisch.de&amp;source=gmail&amp;ust=1620827049064000&amp;usg=AFQjCNFPhlXqnVN9k2ZecUoC1JBR9ZCF9w\">www.lossburg-evangelisch.de<\/a><br \/>\nWir freuen uns, wenn Sie den Gottesdienst digital mit uns feiern.<\/p>\n<hr \/>\n<p>Dies ist eine Nachricht von Hans-Peter Zakes bzw. der Gemeinde Evangelische Kirchengemeinde Lo\u00dfburg-Sch\u00f6mberg \u00fcber das Buchungsportal church-events f\u00fcr die Veranstaltung 13.05.2021, 10.30 Uhr &#8211; Distriktsgottesdienst Christi Himmelfahrt mit Verabschiedung von Pfarrer Martin Frank zu der Sie sich angemeldet haben. F\u00fcr den Inhalt dieser Nachricht ist alleine Hans-Peter Zakes verantwortlich.<\/p>\n<\/div>\n<\/div>\n<\/div>\n<\/div>\n<\/div>\n<div><\/div>\n<div><\/div>\n<div>\n<div>\n<div class=\"m_2725953412503792227column\">\n<div>\n<div><\/div>\n<\/div>\n<\/div>\n<\/div>\n<\/div>\n<div><\/div>\n<div><small> Diese E-Mail wurde Ihnen von Church-Events im Auftrag des folgenden Veranstalters gesendet:<br \/>\n<em>Evangelische Kirchengemeinde Lo\u00dfburg-Sch\u00f6mberg, Weiherweg 21, 72290 Lo\u00dfburg, Deutschland<\/em> <\/small><\/div>\n<\/div>\n","protected":false},"excerpt":{"rendered":"<p>Der geplante Distriktgottesdienst bei der Blockh\u00fctte in Sch\u00f6mberg ist wegen unsicherem Wetter abgesagt. Stand 11.05.21.\u00a0 Karl Pfau Sehr geehrte Damen und Herren, wegen schlechter Wetterprognosen m\u00fcssen wir leider den geplanten Distriktsgottesdienst im Gr\u00fcnen mit Verabschiedung von Pfarrer Frank auf dem Sch\u00f6mberg absagen. Die aktuellen landeskirchlichen Corona-Regeln erlauben im Landkreis FDS momentan noch keine Gottesdienstfeier in &hellip; <\/p>\n<p><a class=\"more-link btn\" href=\"https:\/\/lossburg-schoemberg.de\/index.php\/rueckblick\/2021-2\/absage-vom-gottesdienst-im-gruenen\/\">Weiterlesen<\/a><\/p>\n","protected":false},"author":1,"featured_media":0,"parent":4707,"menu_order":25,"comment_status":"closed","ping_status":"closed","template":"","meta":{"footnotes":""},"class_list":["post-4593","page","type-page","status-publish","hentry","nodate","item-wrap"],"_links":{"self":[{"href":"https:\/\/lossburg-schoemberg.de\/index.php\/wp-json\/wp\/v2\/pages\/4593","targetHints":{"allow":["GET"]}}],"collection":[{"href":"https:\/\/lossburg-schoemberg.de\/index.php\/wp-json\/wp\/v2\/pages"}],"about":[{"href":"https:\/\/lossburg-schoemberg.de\/index.php\/wp-json\/wp\/v2\/types\/page"}],"author":[{"embeddable":true,"href":"https:\/\/lossburg-schoemberg.de\/index.php\/wp-json\/wp\/v2\/users\/1"}],"replies":[{"embeddable":true,"href":"https:\/\/lossburg-schoemberg.de\/index.php\/wp-json\/wp\/v2\/comments?post=4593"}],"version-history":[{"count":2,"href":"https:\/\/lossburg-schoemberg.de\/index.php\/wp-json\/wp\/v2\/pages\/4593\/revisions"}],"predecessor-version":[{"id":4596,"href":"https:\/\/lossburg-schoemberg.de\/index.php\/wp-json\/wp\/v2\/pages\/4593\/revisions\/4596"}],"up":[{"embeddable":true,"href":"https:\/\/lossburg-schoemberg.de\/index.php\/wp-json\/wp\/v2\/pages\/4707"}],"wp:attachment":[{"href":"https:\/\/lossburg-schoemberg.de\/index.php\/wp-json\/wp\/v2\/media?parent=4593"}],"curies":[{"name":"wp","href":"https:\/\/api.w.org\/{rel}","templated":true}]}}