{"id":4316,"date":"2020-09-06T18:04:24","date_gmt":"2020-09-06T16:04:24","guid":{"rendered":"http:\/\/lossburg-schoemberg.de\/?page_id=4316"},"modified":"2021-04-11T10:42:16","modified_gmt":"2021-04-11T08:42:16","slug":"einschraenkungen-fuer-die-blockhuette","status":"publish","type":"page","link":"https:\/\/lossburg-schoemberg.de\/index.php\/rueckblick\/2020-2\/einschraenkungen-fuer-die-blockhuette\/","title":{"rendered":"Einschr\u00e4nkungen f\u00fcr die Blockh\u00fctte"},"content":{"rendered":"\r\n<p>Leider konnten, Coronabedingt fast keine Veranstaltungen stattfinden.<\/p>\r\n","protected":false},"excerpt":{"rendered":"<p>Leider konnten, Coronabedingt fast keine Veranstaltungen stattfinden.<\/p>\n","protected":false},"author":1,"featured_media":0,"parent":4429,"menu_order":32,"comment_status":"closed","ping_status":"closed","template":"","meta":{"footnotes":""},"class_list":["post-4316","page","type-page","status-publish","hentry","nodate","item-wrap"],"_links":{"self":[{"href":"https:\/\/lossburg-schoemberg.de\/index.php\/wp-json\/wp\/v2\/pages\/4316","targetHints":{"allow":["GET"]}}],"collection":[{"href":"https:\/\/lossburg-schoemberg.de\/index.php\/wp-json\/wp\/v2\/pages"}],"about":[{"href":"https:\/\/lossburg-schoemberg.de\/index.php\/wp-json\/wp\/v2\/types\/page"}],"author":[{"embeddable":true,"href":"https:\/\/lossburg-schoemberg.de\/index.php\/wp-json\/wp\/v2\/users\/1"}],"replies":[{"embeddable":true,"href":"https:\/\/lossburg-schoemberg.de\/index.php\/wp-json\/wp\/v2\/comments?post=4316"}],"version-history":[{"count":6,"href":"https:\/\/lossburg-schoemberg.de\/index.php\/wp-json\/wp\/v2\/pages\/4316\/revisions"}],"predecessor-version":[{"id":4577,"href":"https:\/\/lossburg-schoemberg.de\/index.php\/wp-json\/wp\/v2\/pages\/4316\/revisions\/4577"}],"up":[{"embeddable":true,"href":"https:\/\/lossburg-schoemberg.de\/index.php\/wp-json\/wp\/v2\/pages\/4429"}],"wp:attachment":[{"href":"https:\/\/lossburg-schoemberg.de\/index.php\/wp-json\/wp\/v2\/media?parent=4316"}],"curies":[{"name":"wp","href":"https:\/\/api.w.org\/{rel}","templated":true}]}}