{"id":430,"date":"2012-07-11T20:45:00","date_gmt":"2012-07-11T18:45:00","guid":{"rendered":"http:\/\/beta.lossburg-schoemberg.de\/?page_id=430"},"modified":"2024-05-14T22:37:07","modified_gmt":"2024-05-14T20:37:07","slug":"hofbauernhof","status":"publish","type":"page","link":"https:\/\/lossburg-schoemberg.de\/index.php\/gastronomie\/hofbauernhof\/","title":{"rendered":"Hofbauernhof"},"content":{"rendered":"<h3>Der Hofbauernhof \/ biologisch-dynamische Landwirtschaft<\/h3>\n<p>Der Hofbauernhof in Sch\u00f6mberg umfasst eine gro\u00dfe Gemeinschaft, die alle Bereiche einer biologisch-dynamischen Landwirtschaft mit Erfolg abdeckt. Dies umfasst nicht nur das Betreiben der Landwirtschaft, sondern auch:<\/p>\n<div id=\"attachment_2290\" style=\"width: 240px\" class=\"wp-caption alignright\"><a href=\"http:\/\/beta.lossburg-schoemberg.de\/wp-content\/uploads\/2012\/07\/Hofladen.jpg\"><img loading=\"lazy\" decoding=\"async\" aria-describedby=\"caption-attachment-2290\" class=\" wp-image-2290 \" src=\"http:\/\/beta.lossburg-schoemberg.de\/wp-content\/uploads\/2012\/07\/Hofladen-300x225.jpg\" alt=\"Hofbauernhof\" width=\"240\" height=\"180\" srcset=\"https:\/\/lossburg-schoemberg.de\/wp-content\/uploads\/2012\/07\/Hofladen-300x225.jpg 300w, https:\/\/lossburg-schoemberg.de\/wp-content\/uploads\/2012\/07\/Hofladen.jpg 400w\" sizes=\"auto, (max-width: 240px) 100vw, 240px\" \/><\/a><p id=\"caption-attachment-2290\" class=\"wp-caption-text\">Hofbauernhof<\/p><\/div>\n<ul>\n<li>Hofladen mit Backstube<\/li>\n<li>\u00d6kokisten-Shop<\/li>\n<li>das Hofcaf\u00e9<\/li>\n<li>viele \u00f6ffentlichen Erlebnisveranstaltungen, wie:\n<ul>\n<li>Hoffest im Sommer<\/li>\n<li>Weihnachtsmarkt<\/li>\n<li>Open-Air Konzerte auf dem Hof<\/li>\n<li>umfassende Erlebnisp\u00e4dagogik u.v.m.<\/li>\n<\/ul>\n<\/li>\n<\/ul>\n<p>&nbsp;<\/p>\n<p style=\"text-align: left;\"><strong>Der Hofladen mit Backstube hat f\u00fcr Sie ge\u00f6ffnet:<\/strong><\/p>\n<p>Mo\u00a0 \u00a0 \u00a0geschlossen<br \/>\nDi\u00a0 \u00a0 \u00a09:00 &#8211; 18:00 Uhr<br \/>\nMi\u00a0 \u00a0 \u00a0geschlossen<br \/>\nDo\u00a0 \u00a0 \u00a0geschlossen<br \/>\nFr\u00a0 \u00a0 \u00a09:00 &#8211; 18:00 Uhr<br \/>\nSa\u00a0 \u00a0 \u00a09:00 &#8211; 12:30 Uhr<\/p>\n<p><strong>In dem Hofladen finden Sie:<\/strong><\/p>\n<ul>\n<li>Verschiedene frischgebackene Brote, Br\u00f6tchen und Seelen aus der Hofbackstube<\/li>\n<li>K\u00e4se<\/li>\n<li>weiter Milchprodukte<\/li>\n<li>Gem\u00fcse<\/li>\n<li>ein umfangreiches Naturkost-Trockenprogramm<\/li>\n<li>Wechselnde Kuchen-Angebote aus der Hofbackstube aus kontrolliert \u00f6kologischen Zutaten<\/li>\n<li>\u00d6kologischer Espresso, Cappuccino, Milchkaffee, Tee und vieles mehr.<\/li>\n<\/ul>\n<p>&nbsp;<\/p>\n<p style=\"text-align: center;\"><a href=\"http:\/\/www.hof-bauern-hof.de\/\" target=\"_blank\" rel=\"noopener\">Offiziller Internetauftritt<\/a><\/p>\n<p style=\"text-align: center;\"><span style=\"font-size: large;\">Hofgemeinschaft Hofbauernhof<\/span><\/p>\n<p style=\"text-align: center;\">Biologisch-dynamische Landwirtschaft<br \/>\nSch\u00f6mberg<br \/>\nReinerzauerstr. 13<br \/>\n72290 Lo\u00dfburg<\/p>\n<p style=\"text-align: center;\">Tel. 07446 916047<br \/>\nFax. 07446 917587<\/p>\n<p style=\"text-align: center;\"><iframe loading=\"lazy\" src=\"https:\/\/maps.google.de\/maps?f=q&amp;source=s_q&amp;hl=de&amp;geocode=&amp;q=Reinerzauer+Stra%C3%9Fe+13,+Lo%C3%9Fburg&amp;aq=0&amp;oq=Reinerzauerstr.+13&amp;sll=48.661847,9.003665&amp;sspn=6.938416,19.248047&amp;t=h&amp;ie=UTF8&amp;hq=&amp;hnear=Reinerzauer+Stra%C3%9Fe+13,+Sch%C3%B6mberg+72290+Lo%C3%9Fburg,+Karlsruhe,+Baden-W%C3%BCrttemberg&amp;ll=48.395189,8.406043&amp;spn=0.006839,0.013711&amp;z=16&amp;iwloc=A&amp;output=embed\" width=\"640\" height=\"480\" frameborder=\"0\" marginwidth=\"0\" marginheight=\"0\" scrolling=\"no\"><\/iframe><br \/>\n<small><a style=\"color: #0000ff; text-align: left;\" href=\"https:\/\/maps.google.de\/maps?f=q&amp;source=embed&amp;hl=de&amp;geocode=&amp;q=Reinerzauer+Stra%C3%9Fe+13,+Lo%C3%9Fburg&amp;aq=0&amp;oq=Reinerzauerstr.+13&amp;sll=48.661847,9.003665&amp;sspn=6.938416,19.248047&amp;t=h&amp;ie=UTF8&amp;hq=&amp;hnear=Reinerzauer+Stra%C3%9Fe+13,+Sch%C3%B6mberg+72290+Lo%C3%9Fburg,+Karlsruhe,+Baden-W%C3%BCrttemberg&amp;ll=48.395189,8.406043&amp;spn=0.006839,0.013711&amp;z=16&amp;iwloc=A\">Gr\u00f6\u00dfere Kartenansicht<\/a><\/small><\/p>\n","protected":false},"excerpt":{"rendered":"<p>Der Hofbauernhof \/ biologisch-dynamische Landwirtschaft Der Hofbauernhof in Sch\u00f6mberg umfasst eine gro\u00dfe Gemeinschaft, die alle Bereiche einer biologisch-dynamischen Landwirtschaft mit Erfolg abdeckt. Dies umfasst nicht nur das Betreiben der Landwirtschaft, sondern auch: Hofladen mit Backstube \u00d6kokisten-Shop das Hofcaf\u00e9 viele \u00f6ffentlichen Erlebnisveranstaltungen, wie: Hoffest im Sommer Weihnachtsmarkt Open-Air Konzerte auf dem Hof umfassende Erlebnisp\u00e4dagogik u.v.m. &nbsp; &hellip; <\/p>\n<p><a class=\"more-link btn\" href=\"https:\/\/lossburg-schoemberg.de\/index.php\/gastronomie\/hofbauernhof\/\">Weiterlesen<\/a><\/p>\n","protected":false},"author":1,"featured_media":0,"parent":16,"menu_order":7,"comment_status":"open","ping_status":"closed","template":"","meta":{"footnotes":""},"class_list":["post-430","page","type-page","status-publish","hentry","nodate","item-wrap"],"_links":{"self":[{"href":"https:\/\/lossburg-schoemberg.de\/index.php\/wp-json\/wp\/v2\/pages\/430","targetHints":{"allow":["GET"]}}],"collection":[{"href":"https:\/\/lossburg-schoemberg.de\/index.php\/wp-json\/wp\/v2\/pages"}],"about":[{"href":"https:\/\/lossburg-schoemberg.de\/index.php\/wp-json\/wp\/v2\/types\/page"}],"author":[{"embeddable":true,"href":"https:\/\/lossburg-schoemberg.de\/index.php\/wp-json\/wp\/v2\/users\/1"}],"replies":[{"embeddable":true,"href":"https:\/\/lossburg-schoemberg.de\/index.php\/wp-json\/wp\/v2\/comments?post=430"}],"version-history":[{"count":18,"href":"https:\/\/lossburg-schoemberg.de\/index.php\/wp-json\/wp\/v2\/pages\/430\/revisions"}],"predecessor-version":[{"id":5169,"href":"https:\/\/lossburg-schoemberg.de\/index.php\/wp-json\/wp\/v2\/pages\/430\/revisions\/5169"}],"up":[{"embeddable":true,"href":"https:\/\/lossburg-schoemberg.de\/index.php\/wp-json\/wp\/v2\/pages\/16"}],"wp:attachment":[{"href":"https:\/\/lossburg-schoemberg.de\/index.php\/wp-json\/wp\/v2\/media?parent=430"}],"curies":[{"name":"wp","href":"https:\/\/api.w.org\/{rel}","templated":true}]}}