{"id":4278,"date":"2020-07-16T23:35:23","date_gmt":"2020-07-16T21:35:23","guid":{"rendered":"http:\/\/lossburg-schoemberg.de\/?page_id=4278"},"modified":"2021-04-11T10:48:29","modified_gmt":"2021-04-11T08:48:29","slug":"blockhuette-aussenarbeiten","status":"publish","type":"page","link":"https:\/\/lossburg-schoemberg.de\/index.php\/rueckblick\/2020-2\/blockhuette-aussenarbeiten\/","title":{"rendered":"Blockh\u00fctte Au\u00dfenarbeiten"},"content":{"rendered":"\r\n<p>Im Sommer 2020 haben wir einige Wochen lang an der H\u00fctte gearbeitet.<br \/>So wurde eine weitere Regenwasserableitung geschaffen. Der hintere Bereich der H\u00fctte wurde ebenfalls gepflastert, so dass nun komplett um die H\u00fctte ein ordentlicher Boden ist. Alle 3 Giebelseiten wurden geschindelt, sieht toll aus, weiter wurde im Giebelbereich die Holzschalung gestrichen.<\/p>\r\n<p>Nun ist die H\u00fctte au\u00dfen wirklich ganz fertig.<\/p>\r\n<p>Hier ein paar Bilder<\/p>\r\n\r\n\r\n\r\n<figure class=\"wp-block-gallery columns-2 is-cropped wp-block-gallery-1 is-layout-flex wp-block-gallery-is-layout-flex\">\r\n<ul class=\"blocks-gallery-grid\">\r\n<li class=\"blocks-gallery-item\">\r\n<figure><img loading=\"lazy\" decoding=\"async\" width=\"1024\" height=\"701\" class=\"wp-image-4294\" src=\"http:\/\/lossburg-schoemberg.de\/wp-content\/uploads\/2020\/07\/Blockhaus2020-Brennholzh-1-1024x701.jpg\" alt=\"\" data-id=\"4294\" data-full-url=\"http:\/\/lossburg-schoemberg.de\/wp-content\/uploads\/2020\/07\/Blockhaus2020-Brennholzh-1.jpg\" data-link=\"http:\/\/lossburg-schoemberg.de\/?attachment_id=4294\" srcset=\"https:\/\/lossburg-schoemberg.de\/wp-content\/uploads\/2020\/07\/Blockhaus2020-Brennholzh-1-1024x701.jpg 1024w, https:\/\/lossburg-schoemberg.de\/wp-content\/uploads\/2020\/07\/Blockhaus2020-Brennholzh-1-300x205.jpg 300w, https:\/\/lossburg-schoemberg.de\/wp-content\/uploads\/2020\/07\/Blockhaus2020-Brennholzh-1-768x526.jpg 768w, https:\/\/lossburg-schoemberg.de\/wp-content\/uploads\/2020\/07\/Blockhaus2020-Brennholzh-1-1536x1052.jpg 1536w, https:\/\/lossburg-schoemberg.de\/wp-content\/uploads\/2020\/07\/Blockhaus2020-Brennholzh-1.jpg 2048w\" sizes=\"auto, (max-width: 1024px) 100vw, 1024px\" \/><\/figure>\r\n<\/li>\r\n<li class=\"blocks-gallery-item\">\r\n<figure><img loading=\"lazy\" decoding=\"async\" width=\"1024\" height=\"768\" class=\"wp-image-4295\" src=\"http:\/\/lossburg-schoemberg.de\/wp-content\/uploads\/2020\/07\/Blockhaus2020-Schindeln-1-1024x768.jpg\" alt=\"\" data-id=\"4295\" data-full-url=\"http:\/\/lossburg-schoemberg.de\/wp-content\/uploads\/2020\/07\/Blockhaus2020-Schindeln-1.jpg\" data-link=\"http:\/\/lossburg-schoemberg.de\/?attachment_id=4295\" srcset=\"https:\/\/lossburg-schoemberg.de\/wp-content\/uploads\/2020\/07\/Blockhaus2020-Schindeln-1-1024x768.jpg 1024w, https:\/\/lossburg-schoemberg.de\/wp-content\/uploads\/2020\/07\/Blockhaus2020-Schindeln-1-300x225.jpg 300w, https:\/\/lossburg-schoemberg.de\/wp-content\/uploads\/2020\/07\/Blockhaus2020-Schindeln-1-768x576.jpg 768w, https:\/\/lossburg-schoemberg.de\/wp-content\/uploads\/2020\/07\/Blockhaus2020-Schindeln-1-1536x1152.jpg 1536w, https:\/\/lossburg-schoemberg.de\/wp-content\/uploads\/2020\/07\/Blockhaus2020-Schindeln-1.jpg 2048w\" sizes=\"auto, (max-width: 1024px) 100vw, 1024px\" \/><\/figure>\r\n<\/li>\r\n<li class=\"blocks-gallery-item\">\r\n<figure><img loading=\"lazy\" decoding=\"async\" width=\"1024\" height=\"634\" class=\"wp-image-4296\" src=\"http:\/\/lossburg-schoemberg.de\/wp-content\/uploads\/2020\/07\/Blockhaus2020a-1-1024x634.jpg\" alt=\"\" data-id=\"4296\" data-full-url=\"http:\/\/lossburg-schoemberg.de\/wp-content\/uploads\/2020\/07\/Blockhaus2020a-1.jpg\" data-link=\"http:\/\/lossburg-schoemberg.de\/?attachment_id=4296\" srcset=\"https:\/\/lossburg-schoemberg.de\/wp-content\/uploads\/2020\/07\/Blockhaus2020a-1-1024x634.jpg 1024w, https:\/\/lossburg-schoemberg.de\/wp-content\/uploads\/2020\/07\/Blockhaus2020a-1-300x186.jpg 300w, https:\/\/lossburg-schoemberg.de\/wp-content\/uploads\/2020\/07\/Blockhaus2020a-1-768x476.jpg 768w, https:\/\/lossburg-schoemberg.de\/wp-content\/uploads\/2020\/07\/Blockhaus2020a-1-1536x951.jpg 1536w, https:\/\/lossburg-schoemberg.de\/wp-content\/uploads\/2020\/07\/Blockhaus2020a-1.jpg 2025w\" sizes=\"auto, (max-width: 1024px) 100vw, 1024px\" \/><\/figure>\r\n<\/li>\r\n<li class=\"blocks-gallery-item\">\r\n<figure><img loading=\"lazy\" decoding=\"async\" width=\"1024\" height=\"768\" class=\"wp-image-4297\" src=\"http:\/\/lossburg-schoemberg.de\/wp-content\/uploads\/2020\/07\/Pflastern-1-1024x768.jpeg\" alt=\"\" data-id=\"4297\" data-full-url=\"http:\/\/lossburg-schoemberg.de\/wp-content\/uploads\/2020\/07\/Pflastern-1.jpeg\" data-link=\"http:\/\/lossburg-schoemberg.de\/?attachment_id=4297\" srcset=\"https:\/\/lossburg-schoemberg.de\/wp-content\/uploads\/2020\/07\/Pflastern-1-1024x768.jpeg 1024w, https:\/\/lossburg-schoemberg.de\/wp-content\/uploads\/2020\/07\/Pflastern-1-300x225.jpeg 300w, https:\/\/lossburg-schoemberg.de\/wp-content\/uploads\/2020\/07\/Pflastern-1-768x576.jpeg 768w, https:\/\/lossburg-schoemberg.de\/wp-content\/uploads\/2020\/07\/Pflastern-1-1536x1152.jpeg 1536w, https:\/\/lossburg-schoemberg.de\/wp-content\/uploads\/2020\/07\/Pflastern-1.jpeg 2048w\" sizes=\"auto, (max-width: 1024px) 100vw, 1024px\" \/><\/figure>\r\n<\/li>\r\n<\/ul>\r\n<\/figure>\r\n\r\n\r\n\r\n<figure class=\"wp-block-gallery columns-2 is-cropped wp-block-gallery-2 is-layout-flex wp-block-gallery-is-layout-flex\">\r\n<ul class=\"blocks-gallery-grid\">\r\n<li class=\"blocks-gallery-item\">\r\n<figure><img loading=\"lazy\" decoding=\"async\" width=\"1024\" height=\"552\" class=\"wp-image-4298\" src=\"http:\/\/lossburg-schoemberg.de\/wp-content\/uploads\/2020\/07\/Schindeln1-1-1024x552.jpg\" alt=\"\" data-id=\"4298\" data-full-url=\"http:\/\/lossburg-schoemberg.de\/wp-content\/uploads\/2020\/07\/Schindeln1-1.jpg\" data-link=\"http:\/\/lossburg-schoemberg.de\/?attachment_id=4298\" srcset=\"https:\/\/lossburg-schoemberg.de\/wp-content\/uploads\/2020\/07\/Schindeln1-1-1024x552.jpg 1024w, https:\/\/lossburg-schoemberg.de\/wp-content\/uploads\/2020\/07\/Schindeln1-1-300x162.jpg 300w, https:\/\/lossburg-schoemberg.de\/wp-content\/uploads\/2020\/07\/Schindeln1-1-768x414.jpg 768w, https:\/\/lossburg-schoemberg.de\/wp-content\/uploads\/2020\/07\/Schindeln1-1-1536x828.jpg 1536w, https:\/\/lossburg-schoemberg.de\/wp-content\/uploads\/2020\/07\/Schindeln1-1.jpg 2007w\" sizes=\"auto, (max-width: 1024px) 100vw, 1024px\" \/><\/figure>\r\n<\/li>\r\n<li class=\"blocks-gallery-item\">\r\n<figure><img loading=\"lazy\" decoding=\"async\" width=\"1024\" height=\"768\" class=\"wp-image-4299\" src=\"http:\/\/lossburg-schoemberg.de\/wp-content\/uploads\/2020\/07\/Schindeln2-1-1024x768.jpg\" alt=\"\" data-id=\"4299\" data-full-url=\"http:\/\/lossburg-schoemberg.de\/wp-content\/uploads\/2020\/07\/Schindeln2-1.jpg\" data-link=\"http:\/\/lossburg-schoemberg.de\/?attachment_id=4299\" srcset=\"https:\/\/lossburg-schoemberg.de\/wp-content\/uploads\/2020\/07\/Schindeln2-1-1024x768.jpg 1024w, https:\/\/lossburg-schoemberg.de\/wp-content\/uploads\/2020\/07\/Schindeln2-1-300x225.jpg 300w, https:\/\/lossburg-schoemberg.de\/wp-content\/uploads\/2020\/07\/Schindeln2-1-768x576.jpg 768w, https:\/\/lossburg-schoemberg.de\/wp-content\/uploads\/2020\/07\/Schindeln2-1-1536x1152.jpg 1536w, https:\/\/lossburg-schoemberg.de\/wp-content\/uploads\/2020\/07\/Schindeln2-1.jpg 2048w\" sizes=\"auto, (max-width: 1024px) 100vw, 1024px\" \/><\/figure>\r\n<\/li>\r\n<li class=\"blocks-gallery-item\">\r\n<figure><img loading=\"lazy\" decoding=\"async\" width=\"1024\" height=\"768\" class=\"wp-image-4300\" src=\"http:\/\/lossburg-schoemberg.de\/wp-content\/uploads\/2020\/07\/Schindeln3-1-1024x768.jpg\" alt=\"\" data-id=\"4300\" data-full-url=\"http:\/\/lossburg-schoemberg.de\/wp-content\/uploads\/2020\/07\/Schindeln3-1.jpg\" data-link=\"http:\/\/lossburg-schoemberg.de\/?attachment_id=4300\" srcset=\"https:\/\/lossburg-schoemberg.de\/wp-content\/uploads\/2020\/07\/Schindeln3-1-1024x768.jpg 1024w, https:\/\/lossburg-schoemberg.de\/wp-content\/uploads\/2020\/07\/Schindeln3-1-300x225.jpg 300w, https:\/\/lossburg-schoemberg.de\/wp-content\/uploads\/2020\/07\/Schindeln3-1-768x576.jpg 768w, https:\/\/lossburg-schoemberg.de\/wp-content\/uploads\/2020\/07\/Schindeln3-1-1536x1152.jpg 1536w, https:\/\/lossburg-schoemberg.de\/wp-content\/uploads\/2020\/07\/Schindeln3-1.jpg 2048w\" sizes=\"auto, (max-width: 1024px) 100vw, 1024px\" \/><\/figure>\r\n<\/li>\r\n<li class=\"blocks-gallery-item\">\r\n<figure><img loading=\"lazy\" decoding=\"async\" width=\"1024\" height=\"736\" class=\"wp-image-4302\" src=\"http:\/\/lossburg-schoemberg.de\/wp-content\/uploads\/2020\/07\/Schindeln5-1-1024x736.jpg\" alt=\"\" data-id=\"4302\" data-full-url=\"http:\/\/lossburg-schoemberg.de\/wp-content\/uploads\/2020\/07\/Schindeln5-1.jpg\" data-link=\"http:\/\/lossburg-schoemberg.de\/?attachment_id=4302\" srcset=\"https:\/\/lossburg-schoemberg.de\/wp-content\/uploads\/2020\/07\/Schindeln5-1-1024x736.jpg 1024w, https:\/\/lossburg-schoemberg.de\/wp-content\/uploads\/2020\/07\/Schindeln5-1-300x216.jpg 300w, https:\/\/lossburg-schoemberg.de\/wp-content\/uploads\/2020\/07\/Schindeln5-1-768x552.jpg 768w, https:\/\/lossburg-schoemberg.de\/wp-content\/uploads\/2020\/07\/Schindeln5-1-1536x1104.jpg 1536w, https:\/\/lossburg-schoemberg.de\/wp-content\/uploads\/2020\/07\/Schindeln5-1.jpg 2009w\" sizes=\"auto, (max-width: 1024px) 100vw, 1024px\" \/><\/figure>\r\n<\/li>\r\n<li class=\"blocks-gallery-item\">\r\n<figure><img loading=\"lazy\" decoding=\"async\" width=\"1024\" height=\"576\" class=\"wp-image-4303\" src=\"http:\/\/lossburg-schoemberg.de\/wp-content\/uploads\/2020\/07\/Schindeln6-1-1024x576.jpg\" alt=\"\" data-id=\"4303\" data-full-url=\"http:\/\/lossburg-schoemberg.de\/wp-content\/uploads\/2020\/07\/Schindeln6-1-scaled.jpg\" data-link=\"http:\/\/lossburg-schoemberg.de\/?attachment_id=4303\" srcset=\"https:\/\/lossburg-schoemberg.de\/wp-content\/uploads\/2020\/07\/Schindeln6-1-1024x576.jpg 1024w, https:\/\/lossburg-schoemberg.de\/wp-content\/uploads\/2020\/07\/Schindeln6-1-300x169.jpg 300w, https:\/\/lossburg-schoemberg.de\/wp-content\/uploads\/2020\/07\/Schindeln6-1-768x432.jpg 768w, https:\/\/lossburg-schoemberg.de\/wp-content\/uploads\/2020\/07\/Schindeln6-1-1536x865.jpg 1536w, https:\/\/lossburg-schoemberg.de\/wp-content\/uploads\/2020\/07\/Schindeln6-1-2048x1153.jpg 2048w\" sizes=\"auto, (max-width: 1024px) 100vw, 1024px\" \/><\/figure>\r\n<\/li>\r\n<li class=\"blocks-gallery-item\">\r\n<figure><img loading=\"lazy\" decoding=\"async\" width=\"1024\" height=\"576\" class=\"wp-image-4305\" src=\"http:\/\/lossburg-schoemberg.de\/wp-content\/uploads\/2020\/07\/Schindeln8-1-1024x576.jpg\" alt=\"\" data-id=\"4305\" data-full-url=\"http:\/\/lossburg-schoemberg.de\/wp-content\/uploads\/2020\/07\/Schindeln8-1-scaled.jpg\" data-link=\"http:\/\/lossburg-schoemberg.de\/?attachment_id=4305\" srcset=\"https:\/\/lossburg-schoemberg.de\/wp-content\/uploads\/2020\/07\/Schindeln8-1-1024x576.jpg 1024w, https:\/\/lossburg-schoemberg.de\/wp-content\/uploads\/2020\/07\/Schindeln8-1-300x169.jpg 300w, https:\/\/lossburg-schoemberg.de\/wp-content\/uploads\/2020\/07\/Schindeln8-1-768x432.jpg 768w, https:\/\/lossburg-schoemberg.de\/wp-content\/uploads\/2020\/07\/Schindeln8-1-1536x865.jpg 1536w, https:\/\/lossburg-schoemberg.de\/wp-content\/uploads\/2020\/07\/Schindeln8-1-2048x1153.jpg 2048w\" sizes=\"auto, (max-width: 1024px) 100vw, 1024px\" \/><\/figure>\r\n<\/li>\r\n<li class=\"blocks-gallery-item\">\r\n<figure><img loading=\"lazy\" decoding=\"async\" width=\"1024\" height=\"768\" class=\"wp-image-4306\" src=\"http:\/\/lossburg-schoemberg.de\/wp-content\/uploads\/2020\/07\/Tauchen1-1-1024x768.jpeg\" alt=\"\" data-id=\"4306\" data-full-url=\"http:\/\/lossburg-schoemberg.de\/wp-content\/uploads\/2020\/07\/Tauchen1-1.jpeg\" data-link=\"http:\/\/lossburg-schoemberg.de\/?attachment_id=4306\" srcset=\"https:\/\/lossburg-schoemberg.de\/wp-content\/uploads\/2020\/07\/Tauchen1-1-1024x768.jpeg 1024w, https:\/\/lossburg-schoemberg.de\/wp-content\/uploads\/2020\/07\/Tauchen1-1-300x225.jpeg 300w, https:\/\/lossburg-schoemberg.de\/wp-content\/uploads\/2020\/07\/Tauchen1-1-768x576.jpeg 768w, https:\/\/lossburg-schoemberg.de\/wp-content\/uploads\/2020\/07\/Tauchen1-1-1536x1152.jpeg 1536w, https:\/\/lossburg-schoemberg.de\/wp-content\/uploads\/2020\/07\/Tauchen1-1.jpeg 2048w\" sizes=\"auto, (max-width: 1024px) 100vw, 1024px\" \/><\/figure>\r\n<\/li>\r\n<li class=\"blocks-gallery-item\">\r\n<figure><img loading=\"lazy\" decoding=\"async\" width=\"768\" height=\"1024\" class=\"wp-image-4307\" src=\"http:\/\/lossburg-schoemberg.de\/wp-content\/uploads\/2020\/07\/Tauchen2-1-768x1024.jpeg\" alt=\"\" data-id=\"4307\" data-full-url=\"http:\/\/lossburg-schoemberg.de\/wp-content\/uploads\/2020\/07\/Tauchen2-1.jpeg\" data-link=\"http:\/\/lossburg-schoemberg.de\/?attachment_id=4307\" srcset=\"https:\/\/lossburg-schoemberg.de\/wp-content\/uploads\/2020\/07\/Tauchen2-1-768x1024.jpeg 768w, https:\/\/lossburg-schoemberg.de\/wp-content\/uploads\/2020\/07\/Tauchen2-1-225x300.jpeg 225w, https:\/\/lossburg-schoemberg.de\/wp-content\/uploads\/2020\/07\/Tauchen2-1-1152x1536.jpeg 1152w, https:\/\/lossburg-schoemberg.de\/wp-content\/uploads\/2020\/07\/Tauchen2-1.jpeg 1536w\" sizes=\"auto, (max-width: 768px) 100vw, 768px\" \/><\/figure>\r\n<\/li>\r\n<\/ul>\r\n<\/figure>\r\n","protected":false},"excerpt":{"rendered":"<p>Im Sommer 2020 haben wir einige Wochen lang an der H\u00fctte gearbeitet.So wurde eine weitere Regenwasserableitung geschaffen. Der hintere Bereich der H\u00fctte wurde ebenfalls gepflastert, so dass nun komplett um die H\u00fctte ein ordentlicher Boden ist. Alle 3 Giebelseiten wurden geschindelt, sieht toll aus, weiter wurde im Giebelbereich die Holzschalung gestrichen. Nun ist die H\u00fctte &hellip; <\/p>\n<p><a class=\"more-link btn\" href=\"https:\/\/lossburg-schoemberg.de\/index.php\/rueckblick\/2020-2\/blockhuette-aussenarbeiten\/\">Weiterlesen<\/a><\/p>\n","protected":false},"author":1,"featured_media":4281,"parent":4429,"menu_order":36,"comment_status":"closed","ping_status":"closed","template":"","meta":{"footnotes":""},"class_list":["post-4278","page","type-page","status-publish","has-post-thumbnail","hentry","nodate","item-wrap"],"_links":{"self":[{"href":"https:\/\/lossburg-schoemberg.de\/index.php\/wp-json\/wp\/v2\/pages\/4278","targetHints":{"allow":["GET"]}}],"collection":[{"href":"https:\/\/lossburg-schoemberg.de\/index.php\/wp-json\/wp\/v2\/pages"}],"about":[{"href":"https:\/\/lossburg-schoemberg.de\/index.php\/wp-json\/wp\/v2\/types\/page"}],"author":[{"embeddable":true,"href":"https:\/\/lossburg-schoemberg.de\/index.php\/wp-json\/wp\/v2\/users\/1"}],"replies":[{"embeddable":true,"href":"https:\/\/lossburg-schoemberg.de\/index.php\/wp-json\/wp\/v2\/comments?post=4278"}],"version-history":[{"count":6,"href":"https:\/\/lossburg-schoemberg.de\/index.php\/wp-json\/wp\/v2\/pages\/4278\/revisions"}],"predecessor-version":[{"id":4581,"href":"https:\/\/lossburg-schoemberg.de\/index.php\/wp-json\/wp\/v2\/pages\/4278\/revisions\/4581"}],"up":[{"embeddable":true,"href":"https:\/\/lossburg-schoemberg.de\/index.php\/wp-json\/wp\/v2\/pages\/4429"}],"wp:featuredmedia":[{"embeddable":true,"href":"https:\/\/lossburg-schoemberg.de\/index.php\/wp-json\/wp\/v2\/media\/4281"}],"wp:attachment":[{"href":"https:\/\/lossburg-schoemberg.de\/index.php\/wp-json\/wp\/v2\/media?parent=4278"}],"curies":[{"name":"wp","href":"https:\/\/api.w.org\/{rel}","templated":true}]}}