{"id":409,"date":"2012-07-11T20:29:20","date_gmt":"2012-07-11T18:29:20","guid":{"rendered":"http:\/\/beta.lossburg-schoemberg.de\/?page_id=409"},"modified":"2018-02-18T22:51:46","modified_gmt":"2018-02-18T21:51:46","slug":"gutshof-armbruster","status":"publish","type":"page","link":"https:\/\/lossburg-schoemberg.de\/index.php\/gastgeber\/gutshof-armbruster\/","title":{"rendered":"Gutshof Armbruster"},"content":{"rendered":"<h3 style=\"text-align: center;\"><strong>Gutshof Armbruster Hinterr\u00f6tenberg<\/strong><\/h3>\n<p>Der \u00e4ltere der beiden Gutsh\u00f6fe in Hinterr\u00f6tenberg\u00a0wird heute von der Familie Armbruster bewirtschaftet.<\/p>\n<p>&nbsp;<\/p>\n<div id=\"attachment_2253\" style=\"width: 300px\" class=\"wp-caption alignright\"><a href=\"http:\/\/beta.lossburg-schoemberg.de\/wp-content\/uploads\/2012\/07\/hofarmbruster.jpg\"><img loading=\"lazy\" decoding=\"async\" aria-describedby=\"caption-attachment-2253\" class=\"size-medium wp-image-2253\" src=\"http:\/\/beta.lossburg-schoemberg.de\/wp-content\/uploads\/2012\/07\/hofarmbruster-300x225.jpg\" alt=\"Gutshof Armbruster Hinterr\u00f6tenberg\" width=\"300\" height=\"225\" srcset=\"https:\/\/lossburg-schoemberg.de\/wp-content\/uploads\/2012\/07\/hofarmbruster-300x225.jpg 300w, https:\/\/lossburg-schoemberg.de\/wp-content\/uploads\/2012\/07\/hofarmbruster.jpg 700w\" sizes=\"auto, (max-width: 300px) 100vw, 300px\" \/><\/a><p id=\"caption-attachment-2253\" class=\"wp-caption-text\">Gutshof Armbruster Hinterr\u00f6tenberg<\/p><\/div>\n<p>Der Gutshof Armbruster bietet eine gro\u00dfe Vielfalt an Aktivit\u00e4ten, z.B.:<\/p>\n<p>&nbsp;<\/p>\n<ul>\n<li>Moderner Forstbetrieb<\/li>\n<li>Eigene Jagd<\/li>\n<li>Landwirtschaft mit \u00f6kologischem Landbau<\/li>\n<li>Verkauf von selbst erzeugtem Rindfleisch<\/li>\n<li>4-Sterne Ferienwohnungen<\/li>\n<li>Viel mehr Infos unter\u00a0<a href=\"http:\/\/www.gutshof-armbruster.de\/\" target=\"_blank\" rel=\"noopener\">Gutshof-Armbruster.de<\/a><\/li>\n<\/ul>\n<p>&nbsp;<\/p>\n<p>&nbsp;<\/p>\n<p style=\"text-align: center;\"><strong>Gutshof Armbruster<\/strong><\/p>\n<p style=\"text-align: center;\"><a href=\"http:\/\/www.gutshof-armbruster.de\/\" target=\"_blank\" rel=\"noopener\">Offizieller Internetauftritt<\/a><\/p>\n<p style=\"text-align: center;\">Hinterr\u00f6tenberg 1<br \/>\n72290 Lo\u00dfburg<br \/>\nTel.: +49 (0) 7446 2776<br \/>\nFax: +49 (0) 7446 917490<br \/>\nEmail:\u00a0info@gutshof-armbruster.de<\/p>\n<p style=\"text-align: center;\"><iframe loading=\"lazy\" src=\"https:\/\/maps.google.de\/maps?f=q&amp;source=s_q&amp;hl=de&amp;geocode=&amp;q=72290+Sch%C3%B6mberg+Hinterr%C3%B6tenberg+1&amp;aq=&amp;sll=48.394334,8.381109&amp;sspn=0.012168,0.033023&amp;t=h&amp;ie=UTF8&amp;hq=&amp;hnear=Hinterr%C3%B6tenberg+1,+Hinterr%C3%B6tenberg+72290+Lo%C3%9Fburg,+Karlsruhe,+Baden-W%C3%BCrttemberg&amp;ll=48.397326,8.377934&amp;spn=0.013677,0.027423&amp;z=15&amp;iwloc=A&amp;output=embed\" width=\"640\" height=\"480\" frameborder=\"0\" marginwidth=\"0\" marginheight=\"0\" scrolling=\"no\"><\/iframe><br \/>\n<small><a style=\"color: #0000ff; text-align: left;\" href=\"https:\/\/maps.google.de\/maps?f=q&amp;source=embed&amp;hl=de&amp;geocode=&amp;q=72290+Sch%C3%B6mberg+Hinterr%C3%B6tenberg+1&amp;aq=&amp;sll=48.394334,8.381109&amp;sspn=0.012168,0.033023&amp;t=h&amp;ie=UTF8&amp;hq=&amp;hnear=Hinterr%C3%B6tenberg+1,+Hinterr%C3%B6tenberg+72290+Lo%C3%9Fburg,+Karlsruhe,+Baden-W%C3%BCrttemberg&amp;ll=48.397326,8.377934&amp;spn=0.013677,0.027423&amp;z=15&amp;iwloc=A\">Gr\u00f6\u00dfere Kartenansicht<\/a><\/small><\/p>\n","protected":false},"excerpt":{"rendered":"<p>Gutshof Armbruster Hinterr\u00f6tenberg Der \u00e4ltere der beiden Gutsh\u00f6fe in Hinterr\u00f6tenberg\u00a0wird heute von der Familie Armbruster bewirtschaftet. &nbsp; Der Gutshof Armbruster bietet eine gro\u00dfe Vielfalt an Aktivit\u00e4ten, z.B.: &nbsp; Moderner Forstbetrieb Eigene Jagd Landwirtschaft mit \u00f6kologischem Landbau Verkauf von selbst erzeugtem Rindfleisch 4-Sterne Ferienwohnungen Viel mehr Infos unter\u00a0Gutshof-Armbruster.de &nbsp; &nbsp; Gutshof Armbruster Offizieller Internetauftritt Hinterr\u00f6tenberg 1 &hellip; <\/p>\n<p><a class=\"more-link btn\" href=\"https:\/\/lossburg-schoemberg.de\/index.php\/gastgeber\/gutshof-armbruster\/\">Weiterlesen<\/a><\/p>\n","protected":false},"author":1,"featured_media":0,"parent":14,"menu_order":5,"comment_status":"open","ping_status":"closed","template":"","meta":{"footnotes":""},"class_list":["post-409","page","type-page","status-publish","hentry","nodate","item-wrap"],"_links":{"self":[{"href":"https:\/\/lossburg-schoemberg.de\/index.php\/wp-json\/wp\/v2\/pages\/409","targetHints":{"allow":["GET"]}}],"collection":[{"href":"https:\/\/lossburg-schoemberg.de\/index.php\/wp-json\/wp\/v2\/pages"}],"about":[{"href":"https:\/\/lossburg-schoemberg.de\/index.php\/wp-json\/wp\/v2\/types\/page"}],"author":[{"embeddable":true,"href":"https:\/\/lossburg-schoemberg.de\/index.php\/wp-json\/wp\/v2\/users\/1"}],"replies":[{"embeddable":true,"href":"https:\/\/lossburg-schoemberg.de\/index.php\/wp-json\/wp\/v2\/comments?post=409"}],"version-history":[{"count":9,"href":"https:\/\/lossburg-schoemberg.de\/index.php\/wp-json\/wp\/v2\/pages\/409\/revisions"}],"predecessor-version":[{"id":3748,"href":"https:\/\/lossburg-schoemberg.de\/index.php\/wp-json\/wp\/v2\/pages\/409\/revisions\/3748"}],"up":[{"embeddable":true,"href":"https:\/\/lossburg-schoemberg.de\/index.php\/wp-json\/wp\/v2\/pages\/14"}],"wp:attachment":[{"href":"https:\/\/lossburg-schoemberg.de\/index.php\/wp-json\/wp\/v2\/media?parent=409"}],"curies":[{"name":"wp","href":"https:\/\/api.w.org\/{rel}","templated":true}]}}