{"id":3889,"date":"2018-07-12T20:56:29","date_gmt":"2018-07-12T18:56:29","guid":{"rendered":"http:\/\/lossburg-schoemberg.de\/?page_id=3889"},"modified":"2023-01-29T18:15:06","modified_gmt":"2023-01-29T17:15:06","slug":"anfahrt-skizze-schutzhuette","status":"publish","type":"page","link":"https:\/\/lossburg-schoemberg.de\/index.php\/ort\/blockhuette\/anfahrt-skizze-schutzhuette\/","title":{"rendered":"Anfahrt Skizze Schutzh\u00fctte"},"content":{"rendered":"<p>Hier die Anfahrt zur Schutzh\u00fctte, gezeichnet im Juni 2017 durch eine Sch\u00f6mbergerin. Vielen Dank daf\u00fcr.<\/p>\n<div id=\"attachment_3890\" style=\"width: 847px\" class=\"wp-caption alignleft\"><a href=\"http:\/\/lossburg-schoemberg.de\/wp-content\/uploads\/2018\/07\/Anfahrt-Schutzhuette.jpg\"><img loading=\"lazy\" decoding=\"async\" aria-describedby=\"caption-attachment-3890\" class=\"size-large wp-image-3890\" src=\"http:\/\/lossburg-schoemberg.de\/wp-content\/uploads\/2018\/07\/Anfahrt-Schutzhuette-1024x671.jpg\" alt=\"\" width=\"847\" height=\"555\" srcset=\"https:\/\/lossburg-schoemberg.de\/wp-content\/uploads\/2018\/07\/Anfahrt-Schutzhuette-1024x671.jpg 1024w, https:\/\/lossburg-schoemberg.de\/wp-content\/uploads\/2018\/07\/Anfahrt-Schutzhuette-300x197.jpg 300w, https:\/\/lossburg-schoemberg.de\/wp-content\/uploads\/2018\/07\/Anfahrt-Schutzhuette-768x503.jpg 768w, https:\/\/lossburg-schoemberg.de\/wp-content\/uploads\/2018\/07\/Anfahrt-Schutzhuette.jpg 1920w\" sizes=\"auto, (max-width: 847px) 100vw, 847px\" \/><\/a><p id=\"caption-attachment-3890\" class=\"wp-caption-text\">Die Anfahrt zur Schutzh\u00fctte am Spielplatz oberer Wald in Sch\u00f6mberg<\/p><\/div>\n","protected":false},"excerpt":{"rendered":"<p>Hier die Anfahrt zur Schutzh\u00fctte, gezeichnet im Juni 2017 durch eine Sch\u00f6mbergerin. Vielen Dank daf\u00fcr.<\/p>\n","protected":false},"author":1,"featured_media":3891,"parent":3204,"menu_order":38,"comment_status":"closed","ping_status":"closed","template":"","meta":{"footnotes":""},"class_list":["post-3889","page","type-page","status-publish","has-post-thumbnail","hentry","nodate","item-wrap"],"_links":{"self":[{"href":"https:\/\/lossburg-schoemberg.de\/index.php\/wp-json\/wp\/v2\/pages\/3889","targetHints":{"allow":["GET"]}}],"collection":[{"href":"https:\/\/lossburg-schoemberg.de\/index.php\/wp-json\/wp\/v2\/pages"}],"about":[{"href":"https:\/\/lossburg-schoemberg.de\/index.php\/wp-json\/wp\/v2\/types\/page"}],"author":[{"embeddable":true,"href":"https:\/\/lossburg-schoemberg.de\/index.php\/wp-json\/wp\/v2\/users\/1"}],"replies":[{"embeddable":true,"href":"https:\/\/lossburg-schoemberg.de\/index.php\/wp-json\/wp\/v2\/comments?post=3889"}],"version-history":[{"count":2,"href":"https:\/\/lossburg-schoemberg.de\/index.php\/wp-json\/wp\/v2\/pages\/3889\/revisions"}],"predecessor-version":[{"id":3893,"href":"https:\/\/lossburg-schoemberg.de\/index.php\/wp-json\/wp\/v2\/pages\/3889\/revisions\/3893"}],"up":[{"embeddable":true,"href":"https:\/\/lossburg-schoemberg.de\/index.php\/wp-json\/wp\/v2\/pages\/3204"}],"wp:featuredmedia":[{"embeddable":true,"href":"https:\/\/lossburg-schoemberg.de\/index.php\/wp-json\/wp\/v2\/media\/3891"}],"wp:attachment":[{"href":"https:\/\/lossburg-schoemberg.de\/index.php\/wp-json\/wp\/v2\/media?parent=3889"}],"curies":[{"name":"wp","href":"https:\/\/api.w.org\/{rel}","templated":true}]}}