{"id":3829,"date":"2018-05-15T11:29:39","date_gmt":"2018-05-15T09:29:39","guid":{"rendered":"http:\/\/lossburg-schoemberg.de\/?page_id=3829"},"modified":"2018-05-15T11:31:28","modified_gmt":"2018-05-15T09:31:28","slug":"hauptversammlung-2018","status":"publish","type":"page","link":"https:\/\/lossburg-schoemberg.de\/index.php\/einrichtungen\/dorfgemeinschaft\/hauptversammlung-2018\/","title":{"rendered":"Hauptversammlung 2018"},"content":{"rendered":"<h4><strong>\u201eDorfgemeinschaft Sch\u00f6mberg: \u201eWir im Dorf- f\u00fcr unser Dorf\u201c <\/strong><\/h4>\n<p><strong>\u201eZusammenhalt ist absolut vorbildlich\u00a0 \/\u00a0 Vorstandsgremium wiedergew\u00e4hlt<\/strong><\/p>\n<p>Auf ein ereignis- und erfolgreiches Jahr 2017 konnte die Dorfgemeinschaft Sch\u00f6mberg in ihrer Jahreshauptversammlung zur\u00fcckblicken.<\/p>\n<p>Der Vorsitzende Marco Eberhardt erinnerte in seiner Berichterstattung unter anderem an, die Maiwanderung die vom Startpunkt Freudenstadt \u00fcber Lauterbad und Gro\u00dfvatertanne nach Vordersteinwald und von dort aus weiter \u00fcber die Baumscheibe durch den Sch\u00f6mberger Stiftungswald zur\u00fcck nach Sch\u00f6mberg ging. .<\/p>\n<p>Beim traditionellen Herbstausflug stand das Ziel Stuttgart auf dem Programm. Nach einer sehr imponierenden Besichtigung des Porschemuseums ging es nachmittags zum traditionellen Volksfest auf den Cannstatter Wasen.<\/p>\n<p>Auch bezogen auf die Festaktivit\u00e4ten war das vergangene Jahr sehr ereignisreich. Ein, von Ortschaftsverwaltung und Dorfgemeinschaft gemeinsam organisierter \u201eDorfnachmittag\u201c, der durch Mittel aus der Stiftung Sch\u00f6mberg finanziert wurde, bildete den Anfang.\u00a0 Das, sich mittlerweile etablierte Backhausfest und ein gemeinsames Helferfest in der \u201eSchutzh\u00fctte\u201c beinhalteten ebenfalls sch\u00f6ne und gem\u00fctliche Stunden. Auch kamen am 6. Dezember f\u00fcr die Kleinen im Dorf wieder der Nikolaus und sein Knecht Ruprecht mit Geschenken vorbei.<\/p>\n<p>Das absolute Highlight war allerdings wiederum die Sonnwendfeier im Juni. \u201eBei angenehmen Temperaturen war man mit dem Besuch am Waldspielplatz \u201eOberer Wald\u201c sehr zufrieden.\u201c so Marco Eberhardt, \u201eund durch den Superzusammenhalt der Sch\u00f6mberger Dorfgemeinschaft haben wir es auch dieses Mal wieder toll hinbekommen.\u201c<\/p>\n<p>Arbeitseins\u00e4tze wie Holzspaltaktion f\u00fcr zuk\u00fcnftige Sonnwendfeiern, Brennholzaufarbeitung und Arbeitsdienste f\u00fcr die Blockh\u00fctte, sowie das Reisigmachen und Girlandenbinden f\u00fcr den Maibaum rundeten das ereignisreiche Jahr ab.<\/p>\n<p>Auch Ortsvorsteher Kurt Winter fand in seinen Ausf\u00fchrungen nur lobende Worte \u00fcber das Engagement und den \u201eabsolut vorbildlichen Zusammenhalt innerhalb der Dorfgemeinschaft, was sich auch in den vielen gemeinsamen Aktivit\u00e4ten wiederspiegelt.\u201c<\/p>\n<p>Angesichts der positiven Entwicklung war es wenig verwunderlich, dass die zahlreichen Anwesenden bei den anschlie\u00dfenden, durch Kurt Winter souver\u00e4n geleiteten Wahlen dem gesamten Vorstandsgremium wiederum das Vertrauen f\u00fcr die n\u00e4chsten zwei Jahre aussprachen.<\/p>\n<p>Gew\u00e4hlt wurden:<br \/>\n1. Vorsitzender\u00a0\u00a0 Marco Eberhardt<br \/>\n2. Vorsitzender\u00a0\u00a0 Mario K\u00f6hn<br \/>\nKassier\u00a0\u00a0\u00a0\u00a0\u00a0\u00a0\u00a0\u00a0\u00a0\u00a0\u00a0\u00a0\u00a0\u00a0\u00a0\u00a0\u00a0\u00a0\u00a0\u00a0 Ute Sawall<br \/>\nKassenpr\u00fcfer\u00a0\u00a0\u00a0\u00a0\u00a0\u00a0 Uli Armbruster und Stefan Liebrecht<br \/>\nWanderwart\u00a0\u00a0\u00a0\u00a0\u00a0\u00a0\u00a0\u00a0 Mario K\u00f6hn und Gerhard Sawall<br \/>\nSchriftf\u00fchrerin\u00a0\u00a0\u00a0 Madita Armbruster<br \/>\nStellv. Schriftf\u00fchrerin\u00a0\u00a0 Nicole Liebrecht<br \/>\nBeisitzer (Ausschuss)\u00a0\u00a0 Karl Pfau<\/p>\n<p>Abschlie\u00dfend bedankte sich der alte und neue Vorsitzende bei den Anwesenden und bekr\u00e4ftigte nochmals sein Ziel und Herzenswunsch. \u201eDass es uns gemeinsam auch zuk\u00fcnftig immer wieder aufs Neue gelingt, auch neu zugezogene Mitb\u00fcrgerinnen und Mitb\u00fcrger f\u00fcr die Dorfgemeinschaft zu begeistern und sie in unseren Kreis aufzunehmen- getreu dem Motto: \u201eWir im Dorf- f\u00fcr unser Dorf\u201c<\/p>\n<div id=\"attachment_3830\" style=\"width: 847px\" class=\"wp-caption alignleft\"><a href=\"http:\/\/lossburg-schoemberg.de\/wp-content\/uploads\/2018\/05\/Dorfgemeinschaft2018.jpg\"><img loading=\"lazy\" decoding=\"async\" aria-describedby=\"caption-attachment-3830\" class=\"wp-image-3830 size-large\" src=\"http:\/\/lossburg-schoemberg.de\/wp-content\/uploads\/2018\/05\/Dorfgemeinschaft2018-1024x577.jpg\" alt=\"\" width=\"847\" height=\"477\" srcset=\"https:\/\/lossburg-schoemberg.de\/wp-content\/uploads\/2018\/05\/Dorfgemeinschaft2018-1024x577.jpg 1024w, https:\/\/lossburg-schoemberg.de\/wp-content\/uploads\/2018\/05\/Dorfgemeinschaft2018-300x169.jpg 300w, https:\/\/lossburg-schoemberg.de\/wp-content\/uploads\/2018\/05\/Dorfgemeinschaft2018-768x432.jpg 768w, https:\/\/lossburg-schoemberg.de\/wp-content\/uploads\/2018\/05\/Dorfgemeinschaft2018.jpg 1920w\" sizes=\"auto, (max-width: 847px) 100vw, 847px\" \/><\/a><p id=\"caption-attachment-3830\" class=\"wp-caption-text\">Neu gew\u00e4hltes Vorstandsgremium der Dorfgemeinschaft Sch\u00f6mberg<br \/> Von links: Ortsvorsteher Kurt Winter, Gerhard Sawall, Madita Armbruster, Karl Pfau, Ute Sawall, Marco Eberhardt, Nicole Liebrecht, Uli Armbruster, Mario K\u00f6hn und Stefan Liebrecht<\/p><\/div>\n","protected":false},"excerpt":{"rendered":"<p>\u201eDorfgemeinschaft Sch\u00f6mberg: \u201eWir im Dorf- f\u00fcr unser Dorf\u201c \u201eZusammenhalt ist absolut vorbildlich\u00a0 \/\u00a0 Vorstandsgremium wiedergew\u00e4hlt Auf ein ereignis- und erfolgreiches Jahr 2017 konnte die Dorfgemeinschaft Sch\u00f6mberg in ihrer Jahreshauptversammlung zur\u00fcckblicken. Der Vorsitzende Marco Eberhardt erinnerte in seiner Berichterstattung unter anderem an, die Maiwanderung die vom Startpunkt Freudenstadt \u00fcber Lauterbad und Gro\u00dfvatertanne nach Vordersteinwald und von &hellip; <\/p>\n<p><a class=\"more-link btn\" href=\"https:\/\/lossburg-schoemberg.de\/index.php\/einrichtungen\/dorfgemeinschaft\/hauptversammlung-2018\/\">Weiterlesen<\/a><\/p>\n","protected":false},"author":1,"featured_media":3830,"parent":352,"menu_order":28,"comment_status":"closed","ping_status":"closed","template":"","meta":{"footnotes":""},"class_list":["post-3829","page","type-page","status-publish","has-post-thumbnail","hentry","nodate","item-wrap"],"_links":{"self":[{"href":"https:\/\/lossburg-schoemberg.de\/index.php\/wp-json\/wp\/v2\/pages\/3829","targetHints":{"allow":["GET"]}}],"collection":[{"href":"https:\/\/lossburg-schoemberg.de\/index.php\/wp-json\/wp\/v2\/pages"}],"about":[{"href":"https:\/\/lossburg-schoemberg.de\/index.php\/wp-json\/wp\/v2\/types\/page"}],"author":[{"embeddable":true,"href":"https:\/\/lossburg-schoemberg.de\/index.php\/wp-json\/wp\/v2\/users\/1"}],"replies":[{"embeddable":true,"href":"https:\/\/lossburg-schoemberg.de\/index.php\/wp-json\/wp\/v2\/comments?post=3829"}],"version-history":[{"count":2,"href":"https:\/\/lossburg-schoemberg.de\/index.php\/wp-json\/wp\/v2\/pages\/3829\/revisions"}],"predecessor-version":[{"id":3833,"href":"https:\/\/lossburg-schoemberg.de\/index.php\/wp-json\/wp\/v2\/pages\/3829\/revisions\/3833"}],"up":[{"embeddable":true,"href":"https:\/\/lossburg-schoemberg.de\/index.php\/wp-json\/wp\/v2\/pages\/352"}],"wp:featuredmedia":[{"embeddable":true,"href":"https:\/\/lossburg-schoemberg.de\/index.php\/wp-json\/wp\/v2\/media\/3830"}],"wp:attachment":[{"href":"https:\/\/lossburg-schoemberg.de\/index.php\/wp-json\/wp\/v2\/media?parent=3829"}],"curies":[{"name":"wp","href":"https:\/\/api.w.org\/{rel}","templated":true}]}}

<h4><strong>„Dorfgemeinschaft Schömberg: „Wir im Dorf- für unser Dorf“ </strong></h4>
<p><strong>„Zusammenhalt ist absolut vorbildlich  /  Vorstandsgremium wiedergewählt</strong></p>
<p>Auf ein ereignis- und erfolgreiches Jahr 2017 konnte die Dorfgemeinschaft Schömberg in ihrer Jahreshauptversammlung zurückblicken.</p>
<p>Der Vorsitzende Marco Eberhardt erinnerte in seiner Berichterstattung unter anderem an, die Maiwanderung die vom Startpunkt Freudenstadt über Lauterbad und Großvatertanne nach Vordersteinwald und von dort aus weiter über die Baumscheibe durch den Schömberger Stiftungswald zurück nach Schömberg ging. .</p>
<p>Beim traditionellen Herbstausflug stand das Ziel Stuttgart auf dem Programm. Nach einer sehr imponierenden Besichtigung des Porschemuseums ging es nachmittags zum traditionellen Volksfest auf den Cannstatter Wasen.</p>
<p>Auch bezogen auf die Festaktivitäten war das vergangene Jahr sehr ereignisreich. Ein, von Ortschaftsverwaltung und Dorfgemeinschaft gemeinsam organisierter „Dorfnachmittag“, der durch Mittel aus der Stiftung Schömberg finanziert wurde, bildete den Anfang.  Das, sich mittlerweile etablierte Backhausfest und ein gemeinsames Helferfest in der „Schutzhütte“ beinhalteten ebenfalls schöne und gemütliche Stunden. Auch kamen am 6. Dezember für die Kleinen im Dorf wieder der Nikolaus und sein Knecht Ruprecht mit Geschenken vorbei.</p>
<p>Das absolute Highlight war allerdings wiederum die Sonnwendfeier im Juni. „Bei angenehmen Temperaturen war man mit dem Besuch am Waldspielplatz „Oberer Wald“ sehr zufrieden.“ so Marco Eberhardt, „und durch den Superzusammenhalt der Schömberger Dorfgemeinschaft haben wir es auch dieses Mal wieder toll hinbekommen.“</p>
<p>Arbeitseinsätze wie Holzspaltaktion für zukünftige Sonnwendfeiern, Brennholzaufarbeitung und Arbeitsdienste für die Blockhütte, sowie das Reisigmachen und Girlandenbinden für den Maibaum rundeten das ereignisreiche Jahr ab.</p>
<p>Auch Ortsvorsteher Kurt Winter fand in seinen Ausführungen nur lobende Worte über das Engagement und den „absolut vorbildlichen Zusammenhalt innerhalb der Dorfgemeinschaft, was sich auch in den vielen gemeinsamen Aktivitäten wiederspiegelt.“</p>
<p>Angesichts der positiven Entwicklung war es wenig verwunderlich, dass die zahlreichen Anwesenden bei den anschließenden, durch Kurt Winter souverän geleiteten Wahlen dem gesamten Vorstandsgremium wiederum das Vertrauen für die nächsten zwei Jahre aussprachen.</p>
<p>Gewählt wurden:<br />
1. Vorsitzender   Marco Eberhardt<br />
2. Vorsitzender   Mario Köhn<br />
Kassier                     Ute Sawall<br />
Kassenprüfer       Uli Armbruster und Stefan Liebrecht<br />
Wanderwart         Mario Köhn und Gerhard Sawall<br />
Schriftführerin    Madita Armbruster<br />
Stellv. Schriftführerin   Nicole Liebrecht<br />
Beisitzer (Ausschuss)   Karl Pfau</p>
<p>Abschließend bedankte sich der alte und neue Vorsitzende bei den Anwesenden und bekräftigte nochmals sein Ziel und Herzenswunsch. „Dass es uns gemeinsam auch zukünftig immer wieder aufs Neue gelingt, auch neu zugezogene Mitbürgerinnen und Mitbürger für die Dorfgemeinschaft zu begeistern und sie in unseren Kreis aufzunehmen- getreu dem Motto: „Wir im Dorf- für unser Dorf“</p>
<div id="attachment_3830" style="width: 847px" class="wp-caption alignleft"><a href="http://lossburg-schoemberg.de/wp-content/uploads/2018/05/Dorfgemeinschaft2018.jpg"><img loading="lazy" decoding="async" aria-describedby="caption-attachment-3830" class="wp-image-3830 size-large" src="http://lossburg-schoemberg.de/wp-content/uploads/2018/05/Dorfgemeinschaft2018-1024x577.jpg" alt="" width="847" height="477" srcset="https://lossburg-schoemberg.de/wp-content/uploads/2018/05/Dorfgemeinschaft2018-1024x577.jpg 1024w, https://lossburg-schoemberg.de/wp-content/uploads/2018/05/Dorfgemeinschaft2018-300x169.jpg 300w, https://lossburg-schoemberg.de/wp-content/uploads/2018/05/Dorfgemeinschaft2018-768x432.jpg 768w, https://lossburg-schoemberg.de/wp-content/uploads/2018/05/Dorfgemeinschaft2018.jpg 1920w" sizes="auto, (max-width: 847px) 100vw, 847px" /></a><p id="caption-attachment-3830" class="wp-caption-text">Neu gewähltes Vorstandsgremium der Dorfgemeinschaft Schömberg<br /> Von links: Ortsvorsteher Kurt Winter, Gerhard Sawall, Madita Armbruster, Karl Pfau, Ute Sawall, Marco Eberhardt, Nicole Liebrecht, Uli Armbruster, Mario Köhn und Stefan Liebrecht</p></div>

<p>„Dorfgemeinschaft Schömberg: „Wir im Dorf- für unser Dorf“ „Zusammenhalt ist absolut vorbildlich  /  Vorstandsgremium wiedergewählt Auf ein ereignis- und erfolgreiches Jahr 2017 konnte die Dorfgemeinschaft Schömberg in ihrer Jahreshauptversammlung zurückblicken. Der Vorsitzende Marco Eberhardt erinnerte in seiner Berichterstattung unter anderem an, die Maiwanderung die vom Startpunkt Freudenstadt über Lauterbad und Großvatertanne nach Vordersteinwald und von &hellip; </p>
<p><a class="more-link btn" href="https://lossburg-schoemberg.de/index.php/einrichtungen/dorfgemeinschaft/hauptversammlung-2018/">Weiterlesen</a></p>
