{"id":3651,"date":"2017-07-26T22:19:45","date_gmt":"2017-07-26T20:19:45","guid":{"rendered":"http:\/\/lossburg-schoemberg.de\/?page_id=3651"},"modified":"2022-09-19T22:04:31","modified_gmt":"2022-09-19T20:04:31","slug":"800-jahre-schoemberg","status":"publish","type":"page","link":"https:\/\/lossburg-schoemberg.de\/index.php\/rueckblick\/2022-2\/800-jahre-schoemberg\/","title":{"rendered":"800 Jahre Sch\u00f6mberg"},"content":{"rendered":"<h3>Planung der 800 Jahr Feier<\/h3>\r\n<ul>\r\n<li>Termin:\u00a0\u00a0 <strong><span style=\"font-size: 14pt;\">Fr. 08.07. bis So. 10.07.2022<\/span><\/strong><\/li>\r\n<li>geplanter Ablauf, Stand April 2021:<\/li>\r\n<li>Freitag, Er\u00f6ffnung mit geladenen G\u00e4sten<\/li>\r\n<li>Samstag, Festvortrag, Er\u00f6ffnung des kleinen Museums \/ Dorfstube, Bewirtung, Spiele, Abends Musik<\/li>\r\n<li>Sonntag, Festgottesdienst, Umzug\u00a0<\/li>\r\n<\/ul>\r\n<p>Mit dieser Planungsgruppe sind wir gestartet:<\/p>\r\n<table style=\"width: 665px;\">\r\n<tbody>\r\n<tr>\r\n<td style=\"width: 185.767px;\">Kurt Winter<\/td>\r\n<td style=\"width: 478.233px;\">Ortsvorsteher, Gesamtverantwortung<\/td>\r\n<\/tr>\r\n<tr>\r\n<td style=\"width: 185.767px;\">Karl Pfau<\/td>\r\n<td style=\"width: 478.233px;\">Projektleiter<\/td>\r\n<\/tr>\r\n<tr>\r\n<td style=\"width: 185.767px;\">Jochen Ge\u00dfler<\/td>\r\n<td style=\"width: 478.233px;\">Bauamtsleiter der Gemeinde Lo\u00dfburg<\/td>\r\n<\/tr>\r\n<tr>\r\n<td style=\"width: 185.767px;\">Martin Frank<\/td>\r\n<td style=\"width: 478.233px;\">Pfarrer<\/td>\r\n<\/tr>\r\n<tr>\r\n<td style=\"width: 185.767px;\">Uli Armbruster<\/td>\r\n<td style=\"width: 478.233px;\">Feuerwehrkommandant<\/td>\r\n<\/tr>\r\n<tr>\r\n<td style=\"width: 185.767px;\">Ute Sawall<\/td>\r\n<td style=\"width: 478.233px;\">Vertreterin der Dorfgemeinschaft<\/td>\r\n<\/tr>\r\n<tr>\r\n<td style=\"width: 185.767px;\">D\u00f6rte K\u00fcbler<\/td>\r\n<td style=\"width: 478.233px;\">Vertreterin des Ortschaftsrates<\/td>\r\n<\/tr>\r\n<tr>\r\n<td style=\"width: 185.767px;\">Karin Armbruster<\/td>\r\n<td style=\"width: 478.233px;\">Lo\u00dfburg Information<\/td>\r\n<\/tr>\r\n<tr>\r\n<td style=\"width: 185.767px;\">Hartmut Eberhardt<\/td>\r\n<td style=\"width: 478.233px;\">Gemeinderat<\/td>\r\n<\/tr>\r\n<tr>\r\n<td style=\"width: 185.767px;\">Madita Armbruster<\/td>\r\n<td style=\"width: 478.233px;\">Schriftf\u00fchrerin<\/td>\r\n<\/tr>\r\n<\/tbody>\r\n<\/table>\r\n<p><a href=\"http:\/\/lossburg-schoemberg.de\/wp-content\/uploads\/2019\/05\/Planungsgruppe800Jahr.jpg\"><img loading=\"lazy\" decoding=\"async\" class=\"alignleft size-large wp-image-4180\" src=\"http:\/\/lossburg-schoemberg.de\/wp-content\/uploads\/2019\/05\/Planungsgruppe800Jahr-1024x678.jpg\" alt=\"\" width=\"847\" height=\"561\" srcset=\"https:\/\/lossburg-schoemberg.de\/wp-content\/uploads\/2019\/05\/Planungsgruppe800Jahr-1024x678.jpg 1024w, https:\/\/lossburg-schoemberg.de\/wp-content\/uploads\/2019\/05\/Planungsgruppe800Jahr-300x199.jpg 300w, https:\/\/lossburg-schoemberg.de\/wp-content\/uploads\/2019\/05\/Planungsgruppe800Jahr-768x509.jpg 768w, https:\/\/lossburg-schoemberg.de\/wp-content\/uploads\/2019\/05\/Planungsgruppe800Jahr.jpg 1920w\" sizes=\"auto, (max-width: 847px) 100vw, 847px\" \/><\/a><\/p>\r\n<h3>\u00a0<\/h3>\r\n<p>&nbsp;<\/p>\r\n<h3>Erstnennung von Sch\u00f6mberg<\/h3>\r\n<p>In einer Urkunde aus dem Jahre 1222, die sich im Generallandesarchiv in Karlsruhe befindet wird unser Sch\u00f6mberg erstmalig genannt.<\/p>\r\n<p>Auch in der Brosch\u00fcre von Hans Harter &#8222;Adel und Burgen im oberen Kinziggebiet&#8220;\u00a0 &#8222;Studien zur Besiedlung und hochmittelalterlichen Herrschaftsbildung im mittleren Schwarzwald&#8220; wird das Jahr 1222 genannt.<\/p>\r\n<p>In den &#8222;Beitr\u00e4gen zur Heimatgeschichte von Sch\u00f6mberg&#8220; von Oswald Heinzelmann wird die Erstnennung im Jahre 1222 best\u00e4tigt.<\/p>\r\n<p>Hier eine kurze Inhaltsangabe aus der lateinischen Urkunde von 1222, \u00fcbersetzt von Oswald Heinzelmann:<br \/><span style=\"color: #808080;\"><em>Graf Berthold von Sulz\/N lie\u00df seine verstorbene Gattin Hiltrude von Wartenberg im Kloster Salem am Bodensee bestatten. Er selbst w\u00fcnschte nach seinem Tode an ihrer Seite beigesetzt zu werden. Mit dieser Urkunde verpflichtete er am 03. M\u00e4rz 1222 seinen j\u00fcngeren Bruder Graf Alwig von Sulz\/N mit der Erf\u00fcllung des Wunsches. Unter den zahlreichen Zeugen finden sich die \u00c4bte der Kl\u00f6ster Salem und Alpirsbach, mehrere Ministeriale und 8 Leutpriester (Plebano) aus dem Sulzer Herrschaftsbereich. Unter ihnen finden wir:<\/em><\/span><br \/><span style=\"color: #808080;\"><em>&#8211; Werinher von Sconenberg<\/em><\/span><br \/><span style=\"color: #808080;\"><em>&#8211; Werner von Sch\u00f6mberg<\/em><\/span><\/p>\r\n<p>Das Kreisarchiv des Landkreises Freudenstadt hat nun auch best\u00e4tigt, dass sich die erste urkundliche Erw\u00e4hnung von Sch\u00f6mberg nun im Jahr 2022 zum 800. Mal j\u00e4hrt.<\/p>\r\n<p>F\u00fcr Sch\u00f6mberg ein Grund zu feiern.<\/p>\r\n<div id=\"attachment_3652\" style=\"width: 300px\" class=\"wp-caption aligncenter\"><a href=\"http:\/\/lossburg-schoemberg.de\/wp-content\/uploads\/2017\/07\/DeckblattUrkundenbuch.jpg\"><img loading=\"lazy\" decoding=\"async\" aria-describedby=\"caption-attachment-3652\" class=\"size-medium wp-image-3652\" src=\"http:\/\/lossburg-schoemberg.de\/wp-content\/uploads\/2017\/07\/DeckblattUrkundenbuch-300x237.jpg\" alt=\"\" width=\"300\" height=\"237\" srcset=\"https:\/\/lossburg-schoemberg.de\/wp-content\/uploads\/2017\/07\/DeckblattUrkundenbuch-300x237.jpg 300w, https:\/\/lossburg-schoemberg.de\/wp-content\/uploads\/2017\/07\/DeckblattUrkundenbuch-768x607.jpg 768w, https:\/\/lossburg-schoemberg.de\/wp-content\/uploads\/2017\/07\/DeckblattUrkundenbuch-1024x809.jpg 1024w, https:\/\/lossburg-schoemberg.de\/wp-content\/uploads\/2017\/07\/DeckblattUrkundenbuch.jpg 1804w\" sizes=\"auto, (max-width: 300px) 100vw, 300px\" \/><\/a><p id=\"caption-attachment-3652\" class=\"wp-caption-text\">Deckblatt, W\u00fcrttembergisches Urkundenbuch<\/p><\/div>\r\n<p>&nbsp;<\/p>\r\n<div id=\"attachment_3653\" style=\"width: 300px\" class=\"wp-caption aligncenter\"><a href=\"http:\/\/lossburg-schoemberg.de\/wp-content\/uploads\/2017\/07\/HansHarter.jpg\"><img loading=\"lazy\" decoding=\"async\" aria-describedby=\"caption-attachment-3653\" class=\"size-medium wp-image-3653\" src=\"http:\/\/lossburg-schoemberg.de\/wp-content\/uploads\/2017\/07\/HansHarter-300x169.jpg\" alt=\"\" width=\"300\" height=\"169\" srcset=\"https:\/\/lossburg-schoemberg.de\/wp-content\/uploads\/2017\/07\/HansHarter-300x169.jpg 300w, https:\/\/lossburg-schoemberg.de\/wp-content\/uploads\/2017\/07\/HansHarter-768x433.jpg 768w, https:\/\/lossburg-schoemberg.de\/wp-content\/uploads\/2017\/07\/HansHarter-1024x577.jpg 1024w, https:\/\/lossburg-schoemberg.de\/wp-content\/uploads\/2017\/07\/HansHarter.jpg 1424w\" sizes=\"auto, (max-width: 300px) 100vw, 300px\" \/><\/a><p id=\"caption-attachment-3653\" class=\"wp-caption-text\">Deckblatt der Brosch\u00fcre von Hans Harter<\/p><\/div>\r\n<p>In Sch\u00f6mberg hat sich ein Planugsgremium f\u00fcr die 800 Jahr Feier konstituiert.<\/p>\r\n<p>Auch eine Untergruppe &#8222;Museum&#8220; hat sich gefunden und bereits mit der Arbeit begonnen.<\/p>\r\n<p>Stand Mai 2020:<br \/>Die Planungsgruppe hat sich am 28.02.2018 gegr\u00fcndet. Seither hat sie sich bereits 10 mal getroffen.<br \/>Im n\u00e4chsten Schritt sollen die Sch\u00f6mberger B\u00fcrger motiviert werden Ideen einzubringen.<br \/>Zusammengetragen werden diese Ideen von Ute Sawall und Kurt Winter.<br \/>Hingewiesen auf die Ideensammlung wird<br \/>&#8211; hier. Also gerne auf uns zukommen, auch auf jeden der oben genannt ist.<br \/>&#8211; in einem der n\u00e4chsten Amtsbl\u00e4ttern<br \/>&#8211; im Schaukasten am Rathaus Sch\u00f6mberg<\/p>\r\n\r\n<p>&nbsp;<\/p>\r\n","protected":false},"excerpt":{"rendered":"<p>Planung der 800 Jahr Feier Termin:\u00a0\u00a0 Fr. 08.07. bis So. 10.07.2022 geplanter Ablauf, Stand April 2021: Freitag, Er\u00f6ffnung mit geladenen G\u00e4sten Samstag, Festvortrag, Er\u00f6ffnung des kleinen Museums \/ Dorfstube, Bewirtung, Spiele, Abends Musik Sonntag, Festgottesdienst, Umzug\u00a0 Mit dieser Planungsgruppe sind wir gestartet: Kurt Winter Ortsvorsteher, Gesamtverantwortung Karl Pfau Projektleiter Jochen Ge\u00dfler Bauamtsleiter der Gemeinde Lo\u00dfburg &hellip; <\/p>\n<p><a class=\"more-link btn\" href=\"https:\/\/lossburg-schoemberg.de\/index.php\/rueckblick\/2022-2\/800-jahre-schoemberg\/\">Weiterlesen<\/a><\/p>\n","protected":false},"author":1,"featured_media":0,"parent":4842,"menu_order":45,"comment_status":"closed","ping_status":"closed","template":"","meta":{"footnotes":""},"class_list":["post-3651","page","type-page","status-publish","hentry","nodate","item-wrap"],"_links":{"self":[{"href":"https:\/\/lossburg-schoemberg.de\/index.php\/wp-json\/wp\/v2\/pages\/3651","targetHints":{"allow":["GET"]}}],"collection":[{"href":"https:\/\/lossburg-schoemberg.de\/index.php\/wp-json\/wp\/v2\/pages"}],"about":[{"href":"https:\/\/lossburg-schoemberg.de\/index.php\/wp-json\/wp\/v2\/types\/page"}],"author":[{"embeddable":true,"href":"https:\/\/lossburg-schoemberg.de\/index.php\/wp-json\/wp\/v2\/users\/1"}],"replies":[{"embeddable":true,"href":"https:\/\/lossburg-schoemberg.de\/index.php\/wp-json\/wp\/v2\/comments?post=3651"}],"version-history":[{"count":19,"href":"https:\/\/lossburg-schoemberg.de\/index.php\/wp-json\/wp\/v2\/pages\/3651\/revisions"}],"predecessor-version":[{"id":4651,"href":"https:\/\/lossburg-schoemberg.de\/index.php\/wp-json\/wp\/v2\/pages\/3651\/revisions\/4651"}],"up":[{"embeddable":true,"href":"https:\/\/lossburg-schoemberg.de\/index.php\/wp-json\/wp\/v2\/pages\/4842"}],"wp:attachment":[{"href":"https:\/\/lossburg-schoemberg.de\/index.php\/wp-json\/wp\/v2\/media?parent=3651"}],"curies":[{"name":"wp","href":"https:\/\/api.w.org\/{rel}","templated":true}]}}