{"id":350,"date":"2012-07-11T18:47:21","date_gmt":"2012-07-11T16:47:21","guid":{"rendered":"http:\/\/beta.lossburg-schoemberg.de\/?page_id=350"},"modified":"2025-03-07T22:16:18","modified_gmt":"2025-03-07T21:16:18","slug":"feuerwehr","status":"publish","type":"page","link":"https:\/\/lossburg-schoemberg.de\/index.php\/einrichtungen\/feuerwehr\/","title":{"rendered":"Feuerwehr"},"content":{"rendered":"<table style=\"width: 818px;\" border=\"0\">\n<tbody>\n<tr>\n<td style=\"width: 282px;\">\n<ul>\n<li>Kommandant: Uli Armbruster<\/li>\n<li>Stellvertr. Kommandant: Christian Sawall<\/li>\n<li>Jugendfeuerwehr:\n<ul>\n<li>Oskar Kern<\/li>\n<li>Jugendwart der Gesamt Jugendfeuerwehr Lo\u00dfburg: Andreas Kaufmann<\/li>\n<\/ul>\n<\/li>\n<\/ul>\n<\/td>\n<td style=\"width: 535px;\">\n<p><div id=\"attachment_1676\" style=\"width: 300px\" class=\"wp-caption aligncenter\"><a href=\"http:\/\/beta.lossburg-schoemberg.de\/wp-content\/uploads\/2012\/07\/Feuerwehr_Wappen.jpg\"><img loading=\"lazy\" decoding=\"async\" aria-describedby=\"caption-attachment-1676\" class=\"size-medium wp-image-1676\" src=\"http:\/\/beta.lossburg-schoemberg.de\/wp-content\/uploads\/2012\/07\/Feuerwehr_Wappen-300x137.jpg\" alt=\"Wappen der Feuerwehr Sch\u00f6mberg\" width=\"300\" height=\"137\" srcset=\"https:\/\/lossburg-schoemberg.de\/wp-content\/uploads\/2012\/07\/Feuerwehr_Wappen-300x137.jpg 300w, https:\/\/lossburg-schoemberg.de\/wp-content\/uploads\/2012\/07\/Feuerwehr_Wappen.jpg 400w\" sizes=\"auto, (max-width: 300px) 100vw, 300px\" \/><\/a><p id=\"caption-attachment-1676\" class=\"wp-caption-text\">Wappen der Feuerwehr Sch\u00f6mberg<\/p><\/div><\/td>\n<\/tr>\n<tr>\n<td style=\"width: 817px;\" colspan=\"2\">\n<h2 style=\"text-align: center;\">Feuerwehr Sch\u00f6mberg im M\u00e4rz 2019<\/h2>\n<\/td>\n<\/tr>\n<tr>\n<td style=\"width: 282px;\">Die Feuerwehrleute 2019:<br \/>\nUli Armbruster, Michael Asbach, Florian Bl\u00e4si, Benjamin Braunschweiger, Philipp Dieterle, Fabian Haist, Kai Heinzelmann, Dennis K\u00f6hn, Marcel Conrad, Gabriel Mehnert, Christian Sawall, Matthias Schmid, Sven Weigold, Moritz Winter, L\u00f6rg Wirth, Matthias Wirth, Sebastian Wirth, Tobias Z\u00f6ll. Kommandand der Gesamtfeuerwehr Lo\u00dfburg ist Jochen Link. Im Bild sind nicht alle Feuerwehrleute.<br \/>\nMit im Bild sind: Stv. des\u00a0 ds Ortsvorstehers, Karl Pfau, Ortsvorsteher Kurt Winter<\/td>\n<td style=\"width: 535px;\">\n<p><div id=\"attachment_4068\" style=\"width: 312px\" class=\"wp-caption alignleft\"><a href=\"http:\/\/lossburg-schoemberg.de\/wp-content\/uploads\/2019\/03\/Abteilungsversammlung_2019.jpg\"><img loading=\"lazy\" decoding=\"async\" aria-describedby=\"caption-attachment-4068\" class=\"wp-image-4068\" src=\"http:\/\/lossburg-schoemberg.de\/wp-content\/uploads\/2019\/03\/Abteilungsversammlung_2019-1024x774.jpg\" alt=\"\" width=\"312\" height=\"236\" srcset=\"https:\/\/lossburg-schoemberg.de\/wp-content\/uploads\/2019\/03\/Abteilungsversammlung_2019-1024x774.jpg 1024w, https:\/\/lossburg-schoemberg.de\/wp-content\/uploads\/2019\/03\/Abteilungsversammlung_2019-300x227.jpg 300w, https:\/\/lossburg-schoemberg.de\/wp-content\/uploads\/2019\/03\/Abteilungsversammlung_2019-768x581.jpg 768w, https:\/\/lossburg-schoemberg.de\/wp-content\/uploads\/2019\/03\/Abteilungsversammlung_2019.jpg 1280w\" sizes=\"auto, (max-width: 312px) 100vw, 312px\" \/><\/a><p id=\"caption-attachment-4068\" class=\"wp-caption-text\">Abteilungsversammlung 2019, Bild: Lothar Schwark<\/p><\/div><\/td>\n<\/tr>\n<tr>\n<td style=\"width: 817px;\" colspan=\"2\">\n<h2 style=\"text-align: center;\">Die Mannschaft der Feuerwehr Sch\u00f6mberg 2016<\/h2>\n<\/td>\n<\/tr>\n<tr>\n<td style=\"width: 282px;\">\u00a0Im Blid rechts, die Teilnehmer der Jahreshauptversammlung im Februar 2016.<\/p>\n<p>Von links: Benjamin Braunschweiger, J\u00f6rg Wirth, Sebastian Wirth, Stellvertreter des Kommandanten Christian Sawall, Philipp Dieterle, Matthias Wirth, Kai Heinzelmann, Fabian Haist, Florian Bl\u00e4si, Stefan Schanz, Matthias Schmid, Kommandant Uli Armbruster, Stellvertretender Ortsvorsteher Karl Pfau.<\/p>\n<p>Weitere Feuerwehrleute, nicht auf dem Bild:<br \/>\nMicheal Asbach, Dennis K\u00f6hn, Marcel Konrad, Matthias Walter, Sven Weigold.<\/td>\n<td style=\"width: 535px;\">\n<p><div id=\"attachment_3245\" style=\"width: 300px\" class=\"wp-caption aligncenter\"><a href=\"http:\/\/lossburg-schoemberg.de\/wp-content\/uploads\/2012\/07\/HV2016.jpg\" rel=\"attachment wp-att-3245\"><img loading=\"lazy\" decoding=\"async\" aria-describedby=\"caption-attachment-3245\" class=\"size-medium wp-image-3245\" src=\"http:\/\/lossburg-schoemberg.de\/wp-content\/uploads\/2012\/07\/HV2016-300x177.jpg\" alt=\"Jahreshauptversammlung 2016\" width=\"300\" height=\"177\" srcset=\"https:\/\/lossburg-schoemberg.de\/wp-content\/uploads\/2012\/07\/HV2016-300x177.jpg 300w, https:\/\/lossburg-schoemberg.de\/wp-content\/uploads\/2012\/07\/HV2016-768x452.jpg 768w, https:\/\/lossburg-schoemberg.de\/wp-content\/uploads\/2012\/07\/HV2016-1024x603.jpg 1024w, https:\/\/lossburg-schoemberg.de\/wp-content\/uploads\/2012\/07\/HV2016.jpg 1904w\" sizes=\"auto, (max-width: 300px) 100vw, 300px\" \/><\/a><p id=\"caption-attachment-3245\" class=\"wp-caption-text\">Jahreshauptversammlung 2016<\/p><\/div><\/td>\n<\/tr>\n<tr>\n<td style=\"width: 282px;\">\n<h2>Feuerwehr im Sommer 2016<\/h2>\n<p>Das Bild rechts ist entstanden nach dem Trauergottesdienst f\u00fcr Fererwehrkamarad Armin Winter. Er war mit Unterbrechung 35 Jahre bei der Feuerwehr.<\/td>\n<td style=\"width: 535px;\">\n<div class=\"mceTemp\" style=\"text-align: center;\"><\/div>\n<p><a href=\"http:\/\/lossburg-schoemberg.de\/wp-content\/uploads\/2012\/07\/2016Juli.jpg\"><img loading=\"lazy\" decoding=\"async\" class=\"aligncenter size-medium wp-image-3315\" src=\"http:\/\/lossburg-schoemberg.de\/wp-content\/uploads\/2012\/07\/2016Juli-300x212.jpg\" alt=\"2016Juli\" width=\"300\" height=\"212\" srcset=\"https:\/\/lossburg-schoemberg.de\/wp-content\/uploads\/2012\/07\/2016Juli-300x212.jpg 300w, https:\/\/lossburg-schoemberg.de\/wp-content\/uploads\/2012\/07\/2016Juli-768x542.jpg 768w, https:\/\/lossburg-schoemberg.de\/wp-content\/uploads\/2012\/07\/2016Juli-1024x723.jpg 1024w, https:\/\/lossburg-schoemberg.de\/wp-content\/uploads\/2012\/07\/2016Juli.jpg 1546w\" sizes=\"auto, (max-width: 300px) 100vw, 300px\" \/><\/a><\/td>\n<\/tr>\n<tr>\n<td style=\"width: 817px;\" colspan=\"2\">\n<h2 style=\"text-align: center;\">Geplante besondere Events f\u00fcr 2016 der Feuerwehr Sch\u00f6mberg:<\/h2>\n<h4>Maibaumaufstellen\u00a0 am 30. April mit anschlie\u00dfendem Fest im B\u00fcrger- und G\u00e4stehaus<\/h4>\n<h4>Sonnwendfeier am 18.Juni am Spielplatz oberer Wald<\/h4>\n<h4>Rasentraktorrennen am 10.September in B\u00fcchenberg, Team: Feuerwehr Sch\u00f6mberg<\/h4>\n<h4>Mostfest am 29.Oktober im B\u00fcrger- und G\u00e4stehaus<\/h4>\n<\/td>\n<\/tr>\n<tr>\n<td style=\"width: 817px;\" colspan=\"2\">\n<h2 style=\"text-align: center;\">Die Mannschaft der Feuerwehr 2010 mit Jugendfeuerwehr<\/h2>\n<\/td>\n<\/tr>\n<tr>\n<td style=\"width: 282px;\">Auf dem Bild rechts stehend von links:<br \/>\nChristian Sawall, Raphael G\u00fcnter, Sebastian Wirth, Matthias Wirth, Sven Weigold, Matthias Schmid, Florian Bl\u00e4si, Armin Winter, Stefan Schanz, Ingo Kandzia, Stv. Kommandant J\u00f6rg Wirth, Michael Asbach, Marcel Konrad, Kommandant Uli Armbruster.Kniend von links:<br \/>\nDennis K\u00f6hn, Philipp Dieterle, Fabian Haist, Matthias Walter.<\/td>\n<td style=\"width: 535px;\">\u00a0<a href=\"http:\/\/beta.lossburg-schoemberg.de\/wp-content\/uploads\/2012\/07\/Feuerwehr2010Maibaum.jpg\"><img loading=\"lazy\" decoding=\"async\" class=\"aligncenter size-medium wp-image-1688\" src=\"http:\/\/beta.lossburg-schoemberg.de\/wp-content\/uploads\/2012\/07\/Feuerwehr2010Maibaum-300x191.jpg\" alt=\"Feuerwehr2010Maibaum\" width=\"300\" height=\"191\" srcset=\"https:\/\/lossburg-schoemberg.de\/wp-content\/uploads\/2012\/07\/Feuerwehr2010Maibaum-300x191.jpg 300w, https:\/\/lossburg-schoemberg.de\/wp-content\/uploads\/2012\/07\/Feuerwehr2010Maibaum.jpg 931w\" sizes=\"auto, (max-width: 300px) 100vw, 300px\" \/><\/a><\/td>\n<\/tr>\n<tr>\n<td style=\"text-align: center; width: 817px;\" colspan=\"2\">\n<h2>Vor 2010<\/h2>\n<\/td>\n<\/tr>\n<tr>\n<td style=\"width: 282px;\">Auf dem Bild rechts die Mannschaft der Feuerwehr Sch\u00f6mberg im Mai 2009, nach dem Aufstellen des Maibaumes.Von links: Stv. Kommandant J\u00f6rg Wirth, Armin Winter, Matthias Wirth, Michael Asbach, Patrick Bussenius, Sven Weigold, Florian Bl\u00e4si, J\u00fcrgen Veigel, Sebastian Wirth, Christian Sawall, Matthias Schmid, Raphael G\u00fcnter, Kommandant Uli Armbruster.Nicht auf dem Bild: Ingo Kandzia, Stefan Schanz, Marcel Konrad.<\/td>\n<td style=\"width: 535px;\">\u00a0<a href=\"http:\/\/beta.lossburg-schoemberg.de\/wp-content\/uploads\/2012\/07\/Mannschaft2009.jpg\"><img loading=\"lazy\" decoding=\"async\" class=\"aligncenter size-medium wp-image-1692\" src=\"http:\/\/beta.lossburg-schoemberg.de\/wp-content\/uploads\/2012\/07\/Mannschaft2009-300x132.jpg\" alt=\"Mannschaft2009\" width=\"300\" height=\"132\" srcset=\"https:\/\/lossburg-schoemberg.de\/wp-content\/uploads\/2012\/07\/Mannschaft2009-300x132.jpg 300w, https:\/\/lossburg-schoemberg.de\/wp-content\/uploads\/2012\/07\/Mannschaft2009.jpg 800w\" sizes=\"auto, (max-width: 300px) 100vw, 300px\" \/><\/a><\/td>\n<\/tr>\n<tr>\n<td style=\"width: 282px;\">Im Bild rechts die Mannschaft der Feuerwehr Sch\u00f6mberg in der Zusammensetzung bis Februar 2008.Links hinten: Kommandant Uli Armbruster<br \/>\nRechst hinten: sein damaliger Stellvertreter J\u00fcrgen Veigel<\/td>\n<td style=\"width: 535px;\">\u00a0<a href=\"http:\/\/beta.lossburg-schoemberg.de\/wp-content\/uploads\/2012\/07\/Mannschaft2007.jpg\"><img loading=\"lazy\" decoding=\"async\" class=\"aligncenter size-medium wp-image-1693\" src=\"http:\/\/beta.lossburg-schoemberg.de\/wp-content\/uploads\/2012\/07\/Mannschaft2007-300x162.jpg\" alt=\"Mannschaft2007\" width=\"300\" height=\"162\" srcset=\"https:\/\/lossburg-schoemberg.de\/wp-content\/uploads\/2012\/07\/Mannschaft2007-300x162.jpg 300w, https:\/\/lossburg-schoemberg.de\/wp-content\/uploads\/2012\/07\/Mannschaft2007.jpg 800w\" sizes=\"auto, (max-width: 300px) 100vw, 300px\" \/><\/a><\/td>\n<\/tr>\n<tr>\n<td style=\"width: 282px;\">Bild der freiwilligen Feuerwehr Sch\u00f6mberg bei der \u00dcbergabe des neuen Einsatzfahrzeugs im Jahr 2000. Hintere Reihen: aktive Mitglieder<br \/>\nVordere Reihe: Jugendfeuerwehr<\/td>\n<td style=\"width: 535px;\">\u00a0<a href=\"http:\/\/beta.lossburg-schoemberg.de\/wp-content\/uploads\/2012\/07\/Feuerwehr_Alle.jpg\"><img loading=\"lazy\" decoding=\"async\" class=\"aligncenter size-medium wp-image-1694\" src=\"http:\/\/beta.lossburg-schoemberg.de\/wp-content\/uploads\/2012\/07\/Feuerwehr_Alle-300x158.jpg\" alt=\"Feuerwehr_Alle\" width=\"300\" height=\"158\" srcset=\"https:\/\/lossburg-schoemberg.de\/wp-content\/uploads\/2012\/07\/Feuerwehr_Alle-300x158.jpg 300w, https:\/\/lossburg-schoemberg.de\/wp-content\/uploads\/2012\/07\/Feuerwehr_Alle.jpg 474w\" sizes=\"auto, (max-width: 300px) 100vw, 300px\" \/><\/a><\/td>\n<\/tr>\n<\/tbody>\n<\/table>\n","protected":false},"excerpt":{"rendered":"<p>Kommandant: Uli Armbruster Stellvertr. Kommandant: Christian Sawall Jugendfeuerwehr: Oskar Kern Jugendwart der Gesamt Jugendfeuerwehr Lo\u00dfburg: Andreas Kaufmann Feuerwehr Sch\u00f6mberg im M\u00e4rz 2019 Die Feuerwehrleute 2019: Uli Armbruster, Michael Asbach, Florian Bl\u00e4si, Benjamin Braunschweiger, Philipp Dieterle, Fabian Haist, Kai Heinzelmann, Dennis K\u00f6hn, Marcel Conrad, Gabriel Mehnert, Christian Sawall, Matthias Schmid, Sven Weigold, Moritz Winter, L\u00f6rg Wirth, &hellip; <\/p>\n<p><a class=\"more-link btn\" href=\"https:\/\/lossburg-schoemberg.de\/index.php\/einrichtungen\/feuerwehr\/\">Weiterlesen<\/a><\/p>\n","protected":false},"author":1,"featured_media":1715,"parent":10,"menu_order":40,"comment_status":"open","ping_status":"closed","template":"","meta":{"footnotes":""},"class_list":["post-350","page","type-page","status-publish","has-post-thumbnail","hentry","nodate","item-wrap"],"_links":{"self":[{"href":"https:\/\/lossburg-schoemberg.de\/index.php\/wp-json\/wp\/v2\/pages\/350","targetHints":{"allow":["GET"]}}],"collection":[{"href":"https:\/\/lossburg-schoemberg.de\/index.php\/wp-json\/wp\/v2\/pages"}],"about":[{"href":"https:\/\/lossburg-schoemberg.de\/index.php\/wp-json\/wp\/v2\/types\/page"}],"author":[{"embeddable":true,"href":"https:\/\/lossburg-schoemberg.de\/index.php\/wp-json\/wp\/v2\/users\/1"}],"replies":[{"embeddable":true,"href":"https:\/\/lossburg-schoemberg.de\/index.php\/wp-json\/wp\/v2\/comments?post=350"}],"version-history":[{"count":57,"href":"https:\/\/lossburg-schoemberg.de\/index.php\/wp-json\/wp\/v2\/pages\/350\/revisions"}],"predecessor-version":[{"id":5289,"href":"https:\/\/lossburg-schoemberg.de\/index.php\/wp-json\/wp\/v2\/pages\/350\/revisions\/5289"}],"up":[{"embeddable":true,"href":"https:\/\/lossburg-schoemberg.de\/index.php\/wp-json\/wp\/v2\/pages\/10"}],"wp:featuredmedia":[{"embeddable":true,"href":"https:\/\/lossburg-schoemberg.de\/index.php\/wp-json\/wp\/v2\/media\/1715"}],"wp:attachment":[{"href":"https:\/\/lossburg-schoemberg.de\/index.php\/wp-json\/wp\/v2\/media?parent=350"}],"curies":[{"name":"wp","href":"https:\/\/api.w.org\/{rel}","templated":true}]}}