{"id":348,"date":"2012-07-11T18:46:58","date_gmt":"2012-07-11T16:46:58","guid":{"rendered":"http:\/\/beta.lossburg-schoemberg.de\/?page_id=348"},"modified":"2025-07-15T13:11:26","modified_gmt":"2025-07-15T11:11:26","slug":"kirche","status":"publish","type":"page","link":"https:\/\/lossburg-schoemberg.de\/index.php\/einrichtungen\/kirche\/","title":{"rendered":"Kirche"},"content":{"rendered":"<hr \/>\r\n<table>\r\n<thead>\r\n<tr valign=\"top\">\r\n<td style=\"width: 50%;\">\r\n<h3><strong>Evangelische Kirchengemeinde<br \/>Lo\u00dfburg<\/strong><\/h3>\r\n<p>Die Fusion ab 2025:<\/p>\r\n<p><strong>Ab dem 01.01.2025 gibt es nur noch eine Kirchengemeinde Lo\u00dfburg mit dem Kernort Lo\u00dfburg und den Teilorten Lombach, Oberbr\u00e4ndi, Sch\u00f6mberg und Wittendorf.<\/strong><\/p>\r\n<p>Hier der Link zur Kirchengemeine Lo\u00dfburg<br \/><a href=\"https:\/\/www.lossburg-evangelisch.de\" target=\"_blank\" rel=\"noopener\">https:\/\/www.lossburg-evangelisch.de<\/a><\/p>\r\n<p>Die Fusion ab 2019:<\/p>\r\n<p><strong>Am 01.12.2019 mit Beginn des Kirchenjahres wurde die Kirchengemeinde Sch\u00f6mberg zusammengef\u00fchrt mit der Kirchengemeinde Lo\u00dfburg.<\/strong><\/p>\r\n<p>Die neue, gr\u00f6\u00dfere Kirchengemeinde nennt sich nun:<br \/>Kirchengemeinde Lo\u00dfburg-Sch\u00f6mberg<\/p>\r\n<p>Hier der Link zur gemeinsamen Seite <br \/><a href=\"https:\/\/www.gemeinde.lossburg.elk-wue.de\/\">Evangelische Kirchengemeinde Lo\u00dfburg-Sch\u00f6mberg<\/a><\/p>\r\n<p>Am 01.12.2019 wurde auch ein gemeinsamer Kirchengemeinderat gew\u00e4hlt.<\/p>\r\n<p>Unser Pfarrer, Herr Martin Frank, durfte noch bleiben bis zu seiner Pensionierung im August 2021.<br \/>Wir w\u00fcnschen ihm eine gute Zeit in seinem wohlverdienten Ruhestand.<\/p>\r\n<p>Danach war f\u00fcr 7 Monate Frau\u00a0 Stefanie Helbling als Pfarrerin hier. Sie wurde im M\u00e4rz 2022 verabschiedet.<\/p>\r\n<p>Nun haben wir mit Ernest Ahlfeld wieder einen festen Pfarrer.<\/p>\r\n<p><strong>Weiteres zu Sch\u00f6mberg:<\/strong><\/p>\r\n<p><strong>Verabschiedung von Diana Armbruster<\/strong><br \/>Pfarramtssekret\u00e4rin und Kirchenpflegerin<\/p>\r\n<p>Im Gottesdienst am 1. Advent 2020 wurde\u00a0<br \/>Diana Armruster verabschiedet.<br \/>Die Stelle wird aufgel\u00f6st, denn Sch\u00f6mberg ist keine eigenst\u00e4ndige Kirchengemeinde mehr.<br \/>Von vielen gab es Lob und Anerkennung f\u00fcr ihre geleistete Arbeit. Auch viele Pr\u00e4sente wurden ihr w\u00e4hrend der Gottesdienst Feier \u00fcberreicht.<\/p>\r\n<br \/>\r\n<ul>\r\n<li>Mesnerin ist Mandy Keller<\/li>\r\n<\/ul>\r\n<p>&nbsp;<\/p>\r\n<p>Bisher wurden von Sch\u00f6mberg aus, Reinerzau und Oberehlenbogen betreut.<br \/>Reinerzau ist nun Eigenst\u00e4ndig,<br \/>Oberehlenbogen geht nach Alpirsbach<\/p>\r\n<p>&nbsp;<\/p>\r\n<h3>Neu in der Sch\u00f6mberger Kirche seit November 2019:<\/h3>\r\n<p>Mehrere informative Tafeln zur<\/p>\r\n<ul>\r\n<li><strong>Geschichte der Sch\u00f6mberger Kirche<\/strong><br \/>(ab 1222)<\/li>\r\n<li><strong>Reihe der st\u00e4ngigen Pfarrer auf der Pfarrstelle Sch\u00f6mberg<\/strong><br \/>(ab 1573)<\/li>\r\n<li><strong>Die Geschichte der Pfarrei Sch\u00f6mberg<\/strong><br \/>(ab 1095)<\/li>\r\n<\/ul>\r\n<p>Vielen Dank daf\u00fcr an Pfarrer Martin Frank und seine Mitarbeiter f\u00fcr die sehr aufw\u00e4ndigen, umpfangreichen Recherchen zur Erstellung der Tafeln.<\/p>\r\n<p>&nbsp;<\/p>\r\n<p><span style=\"font-size: 14pt;\"><strong>Unser bisheriger Pfarrer:<\/strong><\/span><\/p>\r\n<p>In der \u00dcbergangszeit bis 2022 wurde die Pfarrstelle der Kirchengemeinde Lo\u00dfburg-Sch\u00f6mberg von Pfarrerin Stefanie Helbling betreut.<\/p>\r\n<p>Von 2012 bis 2021 hat Pfarrer Martin Frank die beiden Kirchengemeinden betreut.<\/p>\r\n<p>Von 2011 bis 2012 war Friedrich Hartmann Pfarrer in der Kchengemeinde Sch\u00f6mberg-Reinerzau.<\/p>\r\n<p>In 2010 war die Pfarrstelle unbesetzt.<\/p>\r\n<p>Am Sonntag, den 25.10.2009 wurde in einem feierlichen Gottesdienst bei vollbesetzter Kirche\u00a0Herr Pfarrer Gottfried A. B\u00fchrer verabschiedet.<\/p>\r\n<p>Wir bedanken uns bei Herrn B\u00fchrer f\u00fcr seine vielf\u00e4ltigen Aktivit\u00e4ten im Dienste der Kirchengemeinden und f\u00fcr den Ort.<\/p>\r\n<p><span style=\"font-size: 14pt;\"><strong>Unser vor\u00fcbergehender Pfarrer:<\/strong><\/span><\/p>\r\n<p>Von Anfang 2011 bis August 2012 verbringt Pfarrer Frieder\u00a0Hartmann die erste Zeit seines Ruhestandes im Pfarrhaus in Sch\u00f6mberg. Er und seine Familie bringen sich in vielf\u00e4ltiger Weise unterst\u00fctzend in das d\u00f6rfliche Leben ein. Vielen Dank daf\u00fcr.<strong><br \/><\/strong><\/p>\r\n<p><span style=\"font-size: 14pt;\"><strong>Unser jetziger Pfarrer<\/strong><\/span><\/p>\r\n<table align=\"left\">\r\n<tbody>\r\n<tr>\r\n<td>\u00a0<\/td>\r\n<td>\r\n<div id=\"attachment_1959\" style=\"width: 300px\" class=\"wp-caption alignnone\"><a href=\"http:\/\/beta.lossburg-schoemberg.de\/wp-content\/uploads\/2012\/07\/Pfarrer_Frank.jpg\"><img loading=\"lazy\" decoding=\"async\" aria-describedby=\"caption-attachment-1959\" class=\"size-medium wp-image-1959\" src=\"http:\/\/beta.lossburg-schoemberg.de\/wp-content\/uploads\/2012\/07\/Pfarrer_Frank-300x246.jpg\" alt=\"Martin Frank\" width=\"300\" height=\"246\" srcset=\"https:\/\/lossburg-schoemberg.de\/wp-content\/uploads\/2012\/07\/Pfarrer_Frank-300x246.jpg 300w, https:\/\/lossburg-schoemberg.de\/wp-content\/uploads\/2012\/07\/Pfarrer_Frank.jpg 431w\" sizes=\"auto, (max-width: 300px) 100vw, 300px\" \/><\/a><p id=\"caption-attachment-1959\" class=\"wp-caption-text\">Martin Frank<\/p><\/div>\r\n<\/td>\r\n<\/tr>\r\n<\/tbody>\r\n<\/table>\r\n<p style=\"text-align: center;\">\u00a0<\/p>\r\n<\/td>\r\n<td valign=\"top\">\r\n<p><a href=\"http:\/\/lossburg-schoemberg.de\/wp-content\/uploads\/2012\/07\/Kirche3.jpg\"><img loading=\"lazy\" decoding=\"async\" class=\"aligncenter size-full wp-image-1502\" src=\"http:\/\/lossburg-schoemberg.de\/wp-content\/uploads\/2012\/07\/Kirche3.jpg\" alt=\"\" width=\"400\" height=\"553\" srcset=\"https:\/\/lossburg-schoemberg.de\/wp-content\/uploads\/2012\/07\/Kirche3.jpg 400w, https:\/\/lossburg-schoemberg.de\/wp-content\/uploads\/2012\/07\/Kirche3-216x300.jpg 216w\" sizes=\"auto, (max-width: 400px) 100vw, 400px\" \/><\/a><\/p>\r\n<p><a href=\"http:\/\/lossburg-schoemberg.de\/wp-content\/uploads\/2017\/05\/DSC01584.jpg\"><img loading=\"lazy\" decoding=\"async\" class=\"aligncenter size-full wp-image-3633\" src=\"http:\/\/lossburg-schoemberg.de\/wp-content\/uploads\/2017\/05\/DSC01584.jpg\" alt=\"\" width=\"973\" height=\"730\" srcset=\"https:\/\/lossburg-schoemberg.de\/wp-content\/uploads\/2017\/05\/DSC01584.jpg 973w, https:\/\/lossburg-schoemberg.de\/wp-content\/uploads\/2017\/05\/DSC01584-300x225.jpg 300w, https:\/\/lossburg-schoemberg.de\/wp-content\/uploads\/2017\/05\/DSC01584-768x576.jpg 768w\" sizes=\"auto, (max-width: 973px) 100vw, 973px\" \/><\/a><\/p>\r\n<\/td>\r\n<\/tr>\r\n<\/thead>\r\n<tbody>\r\n<tr>\r\n<td>\r\n<p><span style=\"font-size: 14pt;\"><strong><strong><strong>Pfarrer Martin Frank und seine Frau ziehen ins Sch\u00f6mberger Pfarrhaus ein:<\/strong><\/strong><\/strong><\/span><\/p>\r\n<p>fast nahtlos nach dem Weggang von Pfarrer Frieder Hartmann ziehen Pfarrer Martin Frank und seine Frau ins frisch renovierte Pfarrhaus ein. Sie wurden am Einzugstag empfangen von den Vorsitzenden der beiden Kirchengemeinder\u00e4te Sch\u00f6mberg und Reinerzau.Nach alter Tradition hatten sie als Willkommensgeschenk\u00a0Brot und Salz dabei.<\/p>\r\n<p><span style=\"font-size: 14pt;\"><strong>Investitur von Pfarrer Martin Frank:<\/strong><\/span><\/p>\r\n<p>Am So. 16.09.12 um 10:00 Uhr wurde in der Kirche in Sch\u00f6mberg in einem Investiturgottesdienst Pfarrer Martin Frank eingesetzt.Wir freuen uns, unseren neuen Pfarrer und seine Familie\u00a0in der Kirchengemeinde\u00a0Sch\u00f6mberg-Reinerzau herzlich Willkommen zu hei\u00dfen.<\/p>\r\n<\/td>\r\n<td style=\"text-align: center;\"><address><a href=\"http:\/\/beta.lossburg-schoemberg.de\/wp-content\/uploads\/2012\/07\/MartinFrank.jpg\"><img loading=\"lazy\" decoding=\"async\" class=\" wp-image-1505 aligncenter\" src=\"http:\/\/beta.lossburg-schoemberg.de\/wp-content\/uploads\/2012\/07\/MartinFrank-300x191.jpg\" alt=\"MartinFrank\" width=\"320\" height=\"204\" srcset=\"https:\/\/lossburg-schoemberg.de\/wp-content\/uploads\/2012\/07\/MartinFrank-300x191.jpg 300w, https:\/\/lossburg-schoemberg.de\/wp-content\/uploads\/2012\/07\/MartinFrank.jpg 1024w\" sizes=\"auto, (max-width: 320px) 100vw, 320px\" \/><\/a>v.l.n.r: Adolf Armbruster, 1. Vorsitzender Kirchengemeinderat Sch\u00f6mberg; Frau Frank; Pfarrer Martin Frank; Dietmar Weigold, 1. Vorsitzender Kirchengemeinderat Reinerzau<\/address><\/td>\r\n<\/tr>\r\n<tr>\r\n<td style=\"text-align: center;\" colspan=\"2\">\u00a0<\/td>\r\n<\/tr>\r\n<tr>\r\n<td>\r\n<p><span style=\"font-size: 14pt;\"><strong><strong>Aktuelles: <\/strong><\/strong><\/span><\/p>\r\n<p>Seit Dezember 2011 k\u00f6nnen Sie die Gottesdienste in Sch\u00f6mberg auf eine akustisch neue Art erleben: Eine hochwertige Lautsprecheranlage wurde installiert und erfreut sich gro\u00dfer Beliebtheit bei den Gemeindegliedern, G\u00e4sten und Predigern.Bereits im Sommer 2011 wurde der von Umwelteinfl\u00fcssen stark besch\u00e4digte Plattenweg aus Sandstein erneuert und f\u00fcgt sich nun passend und trittsicher ins Gesamtbild rund um das Kirchengeb\u00e4ude ein.<\/p>\r\n<\/td>\r\n<td style=\"text-align: center;\">\u00a0<a href=\"http:\/\/beta.lossburg-schoemberg.de\/wp-content\/uploads\/2012\/07\/Krippe2011b.jpg\"><img loading=\"lazy\" decoding=\"async\" class=\"aligncenter wp-image-1504\" src=\"http:\/\/beta.lossburg-schoemberg.de\/wp-content\/uploads\/2012\/07\/Krippe2011b-300x208.jpg\" alt=\"Krippe2011b\" width=\"320\" height=\"222\" srcset=\"https:\/\/lossburg-schoemberg.de\/wp-content\/uploads\/2012\/07\/Krippe2011b-300x208.jpg 300w, https:\/\/lossburg-schoemberg.de\/wp-content\/uploads\/2012\/07\/Krippe2011b.jpg 500w\" sizes=\"auto, (max-width: 320px) 100vw, 320px\" \/><\/a>\r\n<p>&nbsp;<\/p>\r\n<p>&nbsp;<\/p>\r\n<address>Krippe auf dem neu geschaffenen Platz im hinteren Teil der Kirche<\/address><\/td>\r\n<\/tr>\r\n<tr>\r\n<td colspan=\"2\">\r\n<p style=\"text-align: center;\"><span style=\"font-size: 14pt;\"><strong>Wenn Sie Lust haben, neben einem Rundgang durchs Dorf auch unsere sch\u00f6ne Kirche zu besichtigen, laden wir Sie herzlich ein.<\/strong><\/span><\/p>\r\n<p>Die Kirche ist fast immer f\u00fcr Sie offen, (au\u00dfer bei sehr schlechtem Wetter). Im Innenraum der Kirche finden Sie einen kleinen \u201eKirchenf\u00fchrer\u201c, der allerlei Interessantes \u00fcber die Geschichte und das Geb\u00e4ude der Kirche preisgibt. Besuchen Sie uns doch einfach\u2026 auch kleine Orte bergen Sch\u00e4tze\u2026<\/p>\r\n<\/td>\r\n<\/tr>\r\n<tr>\r\n<td style=\"text-align: center;\" colspan=\"2\">\r\n<p><span style=\"font-size: 14pt;\"><strong>Weitere Konfessionen<\/strong><\/span><\/p>\r\n<\/td>\r\n<\/tr>\r\n<tr>\r\n<td colspan=\"2\">\r\n<p><span style=\"font-size: 14pt;\"><strong>Katholisches Pfarramt Freudenstadt<\/strong><\/span><\/p>\r\n<p>Dekan Markus Ziegler<\/p>\r\n<p>Kirchplatz 3, 72250 Freudenstadt<\/p>\r\n<p>Tel. 07441 91720<\/p>\r\n<\/td>\r\n<\/tr>\r\n<tr>\r\n<td colspan=\"2\">\r\n<p><span style=\"font-size: 14pt;\"><strong>Evangelisch-methodistische Kirche<\/strong><\/span><\/p>\r\n<p>Pastor Wilfried R\u00f6cker<\/p>\r\n<p>Stuttgarter Str. 23, 72250 Freudenstadt<\/p>\r\n<p>Tel.: 07441 2147<\/p>\r\n<\/td>\r\n<\/tr>\r\n<tr>\r\n<td colspan=\"2\">\r\n<h6><span style=\"font-size: 14pt;\"><strong>Volksmission e.V.<\/strong><\/span><\/h6>\r\n<p>Wallstr. 5, 72250 Freudenstadt<\/p>\r\n<p>Tel.: 07441 7173<\/p>\r\n<\/td>\r\n<\/tr>\r\n<\/tbody>\r\n<\/table>\r\n<hr \/>\r\n<p class=\"m_7111207885957743580bodytext\"><b>DATENSCHUTZ<\/b><\/p>\r\n<p class=\"m_7111207885957743580bodytext\"><b>Beauftragter f\u00fcr den Datenschutz der EKD<\/b> <u><\/u><u><\/u><\/p>\r\n<p class=\"m_7111207885957743580bodytext\">Michael Jacob<br \/>B\u00f6ttcherstra\u00dfe 7<br \/>30419 Hannover<br \/>Telefon: +49 (0)511 768128-0<br \/>Fax: +49 (0)511 768128-20<br \/><a href=\"mailto:info@datenschutz.ekd.de\" target=\"_blank\" rel=\"noopener noreferrer\">info@datenschutz.ekd.de<\/a>\u00a0 <u><\/u><u><\/u><\/p>\r\n<p class=\"m_7111207885957743580bodytext\"><b>Au\u00dfenstelle f\u00fcr die Datenschutzregion S\u00fcd<\/b> <u><\/u><u><\/u><\/p>\r\n<p class=\"m_7111207885957743580bodytext\">Hirschstra\u00dfe 4<br \/>89073 Ulm<br \/>Telefon: +49 (0)731 140593-0<br \/>Fax: +49 (0)731 140593-20<br \/><a href=\"mailto:sued@datenschutz.ekd.de\" target=\"_blank\" rel=\"noopener noreferrer\">sued@datenschutz.ekd.de<\/a><\/p>\r\n\r\n<p>&nbsp;<\/p>\r\n","protected":false},"excerpt":{"rendered":"<p>Evangelische KirchengemeindeLo\u00dfburg Die Fusion ab 2025: Ab dem 01.01.2025 gibt es nur noch eine Kirchengemeinde Lo\u00dfburg mit dem Kernort Lo\u00dfburg und den Teilorten Lombach, Oberbr\u00e4ndi, Sch\u00f6mberg und Wittendorf. Hier der Link zur Kirchengemeine Lo\u00dfburghttps:\/\/www.lossburg-evangelisch.de Die Fusion ab 2019: Am 01.12.2019 mit Beginn des Kirchenjahres wurde die Kirchengemeinde Sch\u00f6mberg zusammengef\u00fchrt mit der Kirchengemeinde Lo\u00dfburg. Die neue, &hellip; <\/p>\n<p><a class=\"more-link btn\" href=\"https:\/\/lossburg-schoemberg.de\/index.php\/einrichtungen\/kirche\/\">Weiterlesen<\/a><\/p>\n","protected":false},"author":1,"featured_media":487,"parent":10,"menu_order":0,"comment_status":"open","ping_status":"open","template":"","meta":{"footnotes":""},"class_list":["post-348","page","type-page","status-publish","has-post-thumbnail","hentry","nodate","item-wrap"],"_links":{"self":[{"href":"https:\/\/lossburg-schoemberg.de\/index.php\/wp-json\/wp\/v2\/pages\/348","targetHints":{"allow":["GET"]}}],"collection":[{"href":"https:\/\/lossburg-schoemberg.de\/index.php\/wp-json\/wp\/v2\/pages"}],"about":[{"href":"https:\/\/lossburg-schoemberg.de\/index.php\/wp-json\/wp\/v2\/types\/page"}],"author":[{"embeddable":true,"href":"https:\/\/lossburg-schoemberg.de\/index.php\/wp-json\/wp\/v2\/users\/1"}],"replies":[{"embeddable":true,"href":"https:\/\/lossburg-schoemberg.de\/index.php\/wp-json\/wp\/v2\/comments?post=348"}],"version-history":[{"count":23,"href":"https:\/\/lossburg-schoemberg.de\/index.php\/wp-json\/wp\/v2\/pages\/348\/revisions"}],"predecessor-version":[{"id":5390,"href":"https:\/\/lossburg-schoemberg.de\/index.php\/wp-json\/wp\/v2\/pages\/348\/revisions\/5390"}],"up":[{"embeddable":true,"href":"https:\/\/lossburg-schoemberg.de\/index.php\/wp-json\/wp\/v2\/pages\/10"}],"wp:featuredmedia":[{"embeddable":true,"href":"https:\/\/lossburg-schoemberg.de\/index.php\/wp-json\/wp\/v2\/media\/487"}],"wp:attachment":[{"href":"https:\/\/lossburg-schoemberg.de\/index.php\/wp-json\/wp\/v2\/media?parent=348"}],"curies":[{"name":"wp","href":"https:\/\/api.w.org\/{rel}","templated":true}]}}