{"id":3204,"date":"2016-02-19T17:37:41","date_gmt":"2016-02-19T16:37:41","guid":{"rendered":"http:\/\/lossburg-schoemberg.de\/?page_id=3204"},"modified":"2023-03-02T11:04:09","modified_gmt":"2023-03-02T10:04:09","slug":"blockhuette","status":"publish","type":"page","link":"https:\/\/lossburg-schoemberg.de\/index.php\/ort\/blockhuette\/","title":{"rendered":"Blockh\u00fctte"},"content":{"rendered":"\r\n<p>Super sch\u00f6n beleuchtete H\u00fctte, eingerichtet durch Ulrich Scheckenhofer. Diese Beleuchtung kann man mieten f\u00fcr Veranstaltungen.<\/p>\r\n\r\n\r\n\r\n<figure class=\"wp-block-image\"><img loading=\"lazy\" decoding=\"async\" width=\"1024\" height=\"576\" class=\"wp-image-4233\" src=\"http:\/\/lossburg-schoemberg.de\/wp-content\/uploads\/2019\/11\/Blockhaus-Scheckenhofer-1024x576.jpg\" alt=\"\" srcset=\"https:\/\/lossburg-schoemberg.de\/wp-content\/uploads\/2019\/11\/Blockhaus-Scheckenhofer-1024x576.jpg 1024w, https:\/\/lossburg-schoemberg.de\/wp-content\/uploads\/2019\/11\/Blockhaus-Scheckenhofer-300x169.jpg 300w, https:\/\/lossburg-schoemberg.de\/wp-content\/uploads\/2019\/11\/Blockhaus-Scheckenhofer-768x432.jpg 768w, https:\/\/lossburg-schoemberg.de\/wp-content\/uploads\/2019\/11\/Blockhaus-Scheckenhofer.jpg 1599w\" sizes=\"auto, (max-width: 1024px) 100vw, 1024px\" \/><\/figure>\r\n","protected":false},"excerpt":{"rendered":"<p>Super sch\u00f6n beleuchtete H\u00fctte, eingerichtet durch Ulrich Scheckenhofer. Diese Beleuchtung kann man mieten f\u00fcr Veranstaltungen.<\/p>\n","protected":false},"author":2,"featured_media":0,"parent":7,"menu_order":0,"comment_status":"closed","ping_status":"closed","template":"","meta":{"footnotes":""},"class_list":["post-3204","page","type-page","status-publish","hentry","nodate","item-wrap"],"_links":{"self":[{"href":"https:\/\/lossburg-schoemberg.de\/index.php\/wp-json\/wp\/v2\/pages\/3204","targetHints":{"allow":["GET"]}}],"collection":[{"href":"https:\/\/lossburg-schoemberg.de\/index.php\/wp-json\/wp\/v2\/pages"}],"about":[{"href":"https:\/\/lossburg-schoemberg.de\/index.php\/wp-json\/wp\/v2\/types\/page"}],"author":[{"embeddable":true,"href":"https:\/\/lossburg-schoemberg.de\/index.php\/wp-json\/wp\/v2\/users\/2"}],"replies":[{"embeddable":true,"href":"https:\/\/lossburg-schoemberg.de\/index.php\/wp-json\/wp\/v2\/comments?post=3204"}],"version-history":[{"count":5,"href":"https:\/\/lossburg-schoemberg.de\/index.php\/wp-json\/wp\/v2\/pages\/3204\/revisions"}],"predecessor-version":[{"id":4951,"href":"https:\/\/lossburg-schoemberg.de\/index.php\/wp-json\/wp\/v2\/pages\/3204\/revisions\/4951"}],"up":[{"embeddable":true,"href":"https:\/\/lossburg-schoemberg.de\/index.php\/wp-json\/wp\/v2\/pages\/7"}],"wp:attachment":[{"href":"https:\/\/lossburg-schoemberg.de\/index.php\/wp-json\/wp\/v2\/media?parent=3204"}],"curies":[{"name":"wp","href":"https:\/\/api.w.org\/{rel}","templated":true}]}}