{"id":2874,"date":"2015-03-04T23:30:35","date_gmt":"2015-03-04T22:30:35","guid":{"rendered":"http:\/\/lossburg-schoemberg.de\/?page_id=2874"},"modified":"2015-11-07T20:55:12","modified_gmt":"2015-11-07T19:55:12","slug":"hauptversammlung-2015","status":"publish","type":"page","link":"https:\/\/lossburg-schoemberg.de\/index.php\/einrichtungen\/dorfgemeinschaft\/hauptversammlung-2015\/","title":{"rendered":"Hauptversammlung 2015"},"content":{"rendered":"<h2>Viele Aktionen in 2014<\/h2>\n<h4>In der Hauptversammlung am 04.03. 2015 berichtet Marco Eberhardt im R\u00fcckblick von richtig vielen Aktionen die von der Dorfgemeinschaft angeboten wurden.<\/h4>\n<p>&#8211; 1. Mai, Maiwanderung<\/p>\n<p>. 3. Mai, Bewirtung beim Spatenstich f\u00fcr die neue Schutzh\u00fctte<\/p>\n<p>&#8211; 9. August, Backhausfest<\/p>\n<p>&#8211; 3. und 4. Oktober, 2-t\u00e4giger Herbstausflug nach Freiburg u.a. mit Besuch der Sektkellerei Geldermann<\/p>\n<p>&#8211; 18. Oktober, Bewirtung bei der Senierenfeier in alten Gasthau Linde in Reinerzau Vortal<\/p>\n<p>&#8211; 14. November, Richtfest bei der neuen Schutzh\u00fctte<\/p>\n<p>&#8211; 14.Februar 2015, Bewirtung beim Dorfnachmittag<\/p>\n<h4>Auch f\u00fcr das Jahr 2015 werden wieder vielen Aktionen geplant.<\/h4>\n<p>Dies sind:<\/p>\n<p>&#8211; 6. und 7. M\u00e4rz,\u00a0 Arbeitseinsatz beim Bau der Schutzh\u00fctte.<br \/>\nz.B. reinigen der Innenw\u00e4nde, haupts\u00e4chlich S\u00e4gemehl und saubermachen des Bodens<\/p>\n<p>&#8211; 30. April, Maibaumaufstellen<\/p>\n<p>&#8211; 1. Mai, Maiwanderung<\/p>\n<p>&#8211; 20. Juni, Sonnwendfeier<\/p>\n<p>&#8211; um den 3. Oktober, Herbstwanderung<\/p>\n<p>&nbsp;<\/p>\n<p>Vielen Dank an Marco Eberhard und allen seinen Helfern f\u00fcr die vielen Aktionen der D\u00f6rflichen Gemeinschaft.<\/p>\n<p>&nbsp;<\/p>\n<p>&nbsp;<\/p>\n","protected":false},"excerpt":{"rendered":"<p>Viele Aktionen in 2014 In der Hauptversammlung am 04.03. 2015 berichtet Marco Eberhardt im R\u00fcckblick von richtig vielen Aktionen die von der Dorfgemeinschaft angeboten wurden. &#8211; 1. Mai, Maiwanderung . 3. Mai, Bewirtung beim Spatenstich f\u00fcr die neue Schutzh\u00fctte &#8211; 9. August, Backhausfest &#8211; 3. und 4. Oktober, 2-t\u00e4giger Herbstausflug nach Freiburg u.a. mit Besuch &hellip; <\/p>\n<p><a class=\"more-link btn\" href=\"https:\/\/lossburg-schoemberg.de\/index.php\/einrichtungen\/dorfgemeinschaft\/hauptversammlung-2015\/\">Weiterlesen<\/a><\/p>\n","protected":false},"author":1,"featured_media":2876,"parent":352,"menu_order":32,"comment_status":"open","ping_status":"open","template":"","meta":{"footnotes":""},"class_list":["post-2874","page","type-page","status-publish","has-post-thumbnail","hentry","nodate","item-wrap"],"_links":{"self":[{"href":"https:\/\/lossburg-schoemberg.de\/index.php\/wp-json\/wp\/v2\/pages\/2874","targetHints":{"allow":["GET"]}}],"collection":[{"href":"https:\/\/lossburg-schoemberg.de\/index.php\/wp-json\/wp\/v2\/pages"}],"about":[{"href":"https:\/\/lossburg-schoemberg.de\/index.php\/wp-json\/wp\/v2\/types\/page"}],"author":[{"embeddable":true,"href":"https:\/\/lossburg-schoemberg.de\/index.php\/wp-json\/wp\/v2\/users\/1"}],"replies":[{"embeddable":true,"href":"https:\/\/lossburg-schoemberg.de\/index.php\/wp-json\/wp\/v2\/comments?post=2874"}],"version-history":[{"count":1,"href":"https:\/\/lossburg-schoemberg.de\/index.php\/wp-json\/wp\/v2\/pages\/2874\/revisions"}],"predecessor-version":[{"id":2875,"href":"https:\/\/lossburg-schoemberg.de\/index.php\/wp-json\/wp\/v2\/pages\/2874\/revisions\/2875"}],"up":[{"embeddable":true,"href":"https:\/\/lossburg-schoemberg.de\/index.php\/wp-json\/wp\/v2\/pages\/352"}],"wp:featuredmedia":[{"embeddable":true,"href":"https:\/\/lossburg-schoemberg.de\/index.php\/wp-json\/wp\/v2\/media\/2876"}],"wp:attachment":[{"href":"https:\/\/lossburg-schoemberg.de\/index.php\/wp-json\/wp\/v2\/media?parent=2874"}],"curies":[{"name":"wp","href":"https:\/\/api.w.org\/{rel}","templated":true}]}}

<h2>Viele Aktionen in 2014</h2>
<h4>In der Hauptversammlung am 04.03. 2015 berichtet Marco Eberhardt im Rückblick von richtig vielen Aktionen die von der Dorfgemeinschaft angeboten wurden.</h4>
<p>&#8211; 1. Mai, Maiwanderung</p>
<p>. 3. Mai, Bewirtung beim Spatenstich für die neue Schutzhütte</p>
<p>&#8211; 9. August, Backhausfest</p>
<p>&#8211; 3. und 4. Oktober, 2-tägiger Herbstausflug nach Freiburg u.a. mit Besuch der Sektkellerei Geldermann</p>
<p>&#8211; 18. Oktober, Bewirtung bei der Senierenfeier in alten Gasthau Linde in Reinerzau Vortal</p>
<p>&#8211; 14. November, Richtfest bei der neuen Schutzhütte</p>
<p>&#8211; 14.Februar 2015, Bewirtung beim Dorfnachmittag</p>
<h4>Auch für das Jahr 2015 werden wieder vielen Aktionen geplant.</h4>
<p>Dies sind:</p>
<p>&#8211; 6. und 7. März,  Arbeitseinsatz beim Bau der Schutzhütte.<br />
z.B. reinigen der Innenwände, hauptsächlich Sägemehl und saubermachen des Bodens</p>
<p>&#8211; 30. April, Maibaumaufstellen</p>
<p>&#8211; 1. Mai, Maiwanderung</p>
<p>&#8211; 20. Juni, Sonnwendfeier</p>
<p>&#8211; um den 3. Oktober, Herbstwanderung</p>
<p>&nbsp;</p>
<p>Vielen Dank an Marco Eberhard und allen seinen Helfern für die vielen Aktionen der Dörflichen Gemeinschaft.</p>
<p>&nbsp;</p>
<p>&nbsp;</p>

<p>Viele Aktionen in 2014 In der Hauptversammlung am 04.03. 2015 berichtet Marco Eberhardt im Rückblick von richtig vielen Aktionen die von der Dorfgemeinschaft angeboten wurden. &#8211; 1. Mai, Maiwanderung . 3. Mai, Bewirtung beim Spatenstich für die neue Schutzhütte &#8211; 9. August, Backhausfest &#8211; 3. und 4. Oktober, 2-tägiger Herbstausflug nach Freiburg u.a. mit Besuch &hellip; </p>
<p><a class="more-link btn" href="https://lossburg-schoemberg.de/index.php/einrichtungen/dorfgemeinschaft/hauptversammlung-2015/">Weiterlesen</a></p>
