{"id":2473,"date":"2014-04-01T18:28:59","date_gmt":"2014-04-01T16:28:59","guid":{"rendered":"http:\/\/lossburg-schoemberg.de\/?page_id=2473"},"modified":"2015-11-07T20:54:39","modified_gmt":"2015-11-07T19:54:39","slug":"hauptversammlung-2014","status":"publish","type":"page","link":"https:\/\/lossburg-schoemberg.de\/index.php\/einrichtungen\/dorfgemeinschaft\/hauptversammlung-2014\/","title":{"rendered":"Hauptversammlung 2014"},"content":{"rendered":"<h1>Toller Zusammenhalt der Dorfgemeinschaft<\/h1>\n<h2>Sch\u00f6mberger blicken auf erfolgreiches Jahr zur\u00fcck \/ Vorstandsgremium wiedergew\u00e4hlt<\/h2>\n<p>Auf ein ereignis- und erfolgreiches Jahr 2013 konnte die Dorfgemeinschaft Sch\u00f6mberg in ihrer Jahreshauptversammlung zur\u00fcckblicken.<\/p>\n<p>Der Vorsitzende Marco Eberhardt erinnerte in seiner Berichterstattung unter anderem an die Maiwanderung im letzten Jahr, welche \u00fcber Vordersteinwald, Sandwiese und Vogteiturm nach Sulzbach zur Wilkenbrandh\u00fctte und mit Abstecher ins Zauberland zur\u00fcck nach Sch\u00f6mberg f\u00fchrte.<\/p>\n<p>Beim traditionellen Herbstausflug stand das Ziel Waldenbuch mit ausgiebigem Besuch der Schokoladenfabrik \u201eRitter Sport\u201c auf dem Programm. Der Dorfgemeinschaftsnachwuchs konnte dabei in der hauseigenen Schokowerkstatt nach eigenem Wusch und Geschmack Schokolade und die dazugeh\u00f6rige Verpackung herstellen.<\/p>\n<p>Beide Ausfl\u00fcge wurden von den routinierten Wanderwarten Mario K\u00f6hn und Gerhard Sawall bestens organisiert und \u00fcberzeugten durch gro\u00dfe Begeisterung bei den Teilnehmern.<\/p>\n<p>Auch im Hinblick auf die Festaktivit\u00e4ten war das vergangene Jahr sehr ereignisreich. So bewirtete die Dorfgemeinschaft zusammen mit dem Kirchengemeinderat die G\u00e4ste bei der Einweihung des neu gestalteten Sch\u00f6mberger Friedhofes sowie die Seniorinnen und Senioren aus Sch\u00f6mberg und Reinerzau im Rahmen der Hugo-F.-Zuber-Stiftung.<\/p>\n<p>Dar\u00fcber hinaus fand ein von der Ortschaftsverwaltung und Dorfgemeinschaft gemeinsam organisierter \u201eDorfnachmittag\u201c in der Vorweihnachtszeit statt, der durch Mittel aus der Stiftung Sch\u00f6mberg finanziert wurde.<\/p>\n<p>Das absolute Highlight war jedoch die Sonnwendfeiert im Juni. \u201eTrotz der leicht k\u00fchlen Temperaturen war man mit dem Besuch am Waldspielplatz sehr zufrieden\u201c so Marco Eberhardt, \u201eund durch den tollen Zusammenhalt der Sch\u00f6mberger haben wir es auch dieses Mal wieder super hinbekommen. Hier hat es sich einmal mehr bewahrheitet: Der Geist der Dorfgemeinschaft lebt!\u201c<\/p>\n<p>Auch Ortsvorsteher Kurt Winter fand in seinen Ausf\u00fchrungen nur lobende Worte \u00fcber das Engagement und den Zusammenhalt innerhalb der Dorfgemeinschaft \u201ewas heutzutage bei weitem keine Selbstverst\u00e4ndlichkeit mehr darstellt.\u201c<\/p>\n<p>Angesichts der positiven Entwicklung war nicht verwunderlich, dass die zahlreichen Anwesenden bei den anschlie\u00dfenden, durch Ortsvorsteher Kurt Winter geleiteten Wahlen, dem gesamten Vorstandsgremium wieder das Vertrauen f\u00fcr die n\u00e4chsten zwei Jahre aussprachen.<\/p>\n<h2>\u00a0Gew\u00e4hlt wurden:<\/h2>\n<p>1. Vorsitzender Marco Eberhardt<\/p>\n<p>2. Vorsitzender Mario K\u00f6hn<\/p>\n<p>Kassier Ute Sawall<\/p>\n<p>Kassenpr\u00fcfer Uli Armbruster und Stefan Liebrecht<\/p>\n<p>Wanderwart Mario K\u00f6hn und Gerhard Sawall<\/p>\n<p>Schriftf\u00fchrer\/in Diana Armbruster<\/p>\n<p>Stellv. Schriftf\u00fchrer\/in Nicole Liebrecht<\/p>\n<p>Beisitzer (Ausschuss) Ingo Kandzia<\/p>\n<p>&nbsp;<\/p>\n<p>Abschlie\u00dfend bedankte sich der seitherige und neue Vorsitzende bei den Anwesenden und bekr\u00e4ftigte nochmals sein Ziel und Herzenswunsch: \u201eDass es uns auch zuk\u00fcnftig immer wieder gelingt, alteingesessene und neu zugezogene Mitb\u00fcrgerinnen und Mitb\u00fcrger f\u00fcr die Dorfgemeinschaft zu begeistern.\u201c<\/p>\n<div id=\"attachment_2474\" style=\"width: 640px\" class=\"wp-caption alignleft\"><a href=\"http:\/\/lossburg-schoemberg.de\/wp-content\/uploads\/2014\/04\/DG_Vorstand2014.jpg\"><img loading=\"lazy\" decoding=\"async\" aria-describedby=\"caption-attachment-2474\" class=\" wp-image-2474 \" src=\"http:\/\/lossburg-schoemberg.de\/wp-content\/uploads\/2014\/04\/DG_Vorstand2014.jpg\" alt=\"DG_Vorstand2014\" width=\"640\" height=\"536\" srcset=\"https:\/\/lossburg-schoemberg.de\/wp-content\/uploads\/2014\/04\/DG_Vorstand2014.jpg 800w, https:\/\/lossburg-schoemberg.de\/wp-content\/uploads\/2014\/04\/DG_Vorstand2014-300x251.jpg 300w\" sizes=\"auto, (max-width: 640px) 100vw, 640px\" \/><\/a><p id=\"caption-attachment-2474\" class=\"wp-caption-text\">Neu gew\u00e4hltes Vorstandsgremium der Dorfgemeinschaft Sch\u00f6mberg<br \/>v.l.: Uli Armbruster, Nicole Liebrecht, Stefan Liebrecht, Ingo Kandzia, Mario K\u00f6hn, Diana Armbruster, Marco Eberhardt, Ute Sawall, Gerhard Sawall<\/p><\/div>\n<p>&nbsp;<\/p>\n<p>&nbsp;<\/p>\n","protected":false},"excerpt":{"rendered":"<p>Toller Zusammenhalt der Dorfgemeinschaft Sch\u00f6mberger blicken auf erfolgreiches Jahr zur\u00fcck \/ Vorstandsgremium wiedergew\u00e4hlt Auf ein ereignis- und erfolgreiches Jahr 2013 konnte die Dorfgemeinschaft Sch\u00f6mberg in ihrer Jahreshauptversammlung zur\u00fcckblicken. Der Vorsitzende Marco Eberhardt erinnerte in seiner Berichterstattung unter anderem an die Maiwanderung im letzten Jahr, welche \u00fcber Vordersteinwald, Sandwiese und Vogteiturm nach Sulzbach zur Wilkenbrandh\u00fctte und &hellip; <\/p>\n<p><a class=\"more-link btn\" href=\"https:\/\/lossburg-schoemberg.de\/index.php\/einrichtungen\/dorfgemeinschaft\/hauptversammlung-2014\/\">Weiterlesen<\/a><\/p>\n","protected":false},"author":1,"featured_media":2474,"parent":352,"menu_order":34,"comment_status":"open","ping_status":"open","template":"","meta":{"footnotes":""},"class_list":["post-2473","page","type-page","status-publish","has-post-thumbnail","hentry","nodate","item-wrap"],"_links":{"self":[{"href":"https:\/\/lossburg-schoemberg.de\/index.php\/wp-json\/wp\/v2\/pages\/2473","targetHints":{"allow":["GET"]}}],"collection":[{"href":"https:\/\/lossburg-schoemberg.de\/index.php\/wp-json\/wp\/v2\/pages"}],"about":[{"href":"https:\/\/lossburg-schoemberg.de\/index.php\/wp-json\/wp\/v2\/types\/page"}],"author":[{"embeddable":true,"href":"https:\/\/lossburg-schoemberg.de\/index.php\/wp-json\/wp\/v2\/users\/1"}],"replies":[{"embeddable":true,"href":"https:\/\/lossburg-schoemberg.de\/index.php\/wp-json\/wp\/v2\/comments?post=2473"}],"version-history":[{"count":2,"href":"https:\/\/lossburg-schoemberg.de\/index.php\/wp-json\/wp\/v2\/pages\/2473\/revisions"}],"predecessor-version":[{"id":3102,"href":"https:\/\/lossburg-schoemberg.de\/index.php\/wp-json\/wp\/v2\/pages\/2473\/revisions\/3102"}],"up":[{"embeddable":true,"href":"https:\/\/lossburg-schoemberg.de\/index.php\/wp-json\/wp\/v2\/pages\/352"}],"wp:featuredmedia":[{"embeddable":true,"href":"https:\/\/lossburg-schoemberg.de\/index.php\/wp-json\/wp\/v2\/media\/2474"}],"wp:attachment":[{"href":"https:\/\/lossburg-schoemberg.de\/index.php\/wp-json\/wp\/v2\/media?parent=2473"}],"curies":[{"name":"wp","href":"https:\/\/api.w.org\/{rel}","templated":true}]}}

<h1>Toller Zusammenhalt der Dorfgemeinschaft</h1>
<h2>Schömberger blicken auf erfolgreiches Jahr zurück / Vorstandsgremium wiedergewählt</h2>
<p>Auf ein ereignis- und erfolgreiches Jahr 2013 konnte die Dorfgemeinschaft Schömberg in ihrer Jahreshauptversammlung zurückblicken.</p>
<p>Der Vorsitzende Marco Eberhardt erinnerte in seiner Berichterstattung unter anderem an die Maiwanderung im letzten Jahr, welche über Vordersteinwald, Sandwiese und Vogteiturm nach Sulzbach zur Wilkenbrandhütte und mit Abstecher ins Zauberland zurück nach Schömberg führte.</p>
<p>Beim traditionellen Herbstausflug stand das Ziel Waldenbuch mit ausgiebigem Besuch der Schokoladenfabrik „Ritter Sport“ auf dem Programm. Der Dorfgemeinschaftsnachwuchs konnte dabei in der hauseigenen Schokowerkstatt nach eigenem Wusch und Geschmack Schokolade und die dazugehörige Verpackung herstellen.</p>
<p>Beide Ausflüge wurden von den routinierten Wanderwarten Mario Köhn und Gerhard Sawall bestens organisiert und überzeugten durch große Begeisterung bei den Teilnehmern.</p>
<p>Auch im Hinblick auf die Festaktivitäten war das vergangene Jahr sehr ereignisreich. So bewirtete die Dorfgemeinschaft zusammen mit dem Kirchengemeinderat die Gäste bei der Einweihung des neu gestalteten Schömberger Friedhofes sowie die Seniorinnen und Senioren aus Schömberg und Reinerzau im Rahmen der Hugo-F.-Zuber-Stiftung.</p>
<p>Darüber hinaus fand ein von der Ortschaftsverwaltung und Dorfgemeinschaft gemeinsam organisierter „Dorfnachmittag“ in der Vorweihnachtszeit statt, der durch Mittel aus der Stiftung Schömberg finanziert wurde.</p>
<p>Das absolute Highlight war jedoch die Sonnwendfeiert im Juni. „Trotz der leicht kühlen Temperaturen war man mit dem Besuch am Waldspielplatz sehr zufrieden“ so Marco Eberhardt, „und durch den tollen Zusammenhalt der Schömberger haben wir es auch dieses Mal wieder super hinbekommen. Hier hat es sich einmal mehr bewahrheitet: Der Geist der Dorfgemeinschaft lebt!“</p>
<p>Auch Ortsvorsteher Kurt Winter fand in seinen Ausführungen nur lobende Worte über das Engagement und den Zusammenhalt innerhalb der Dorfgemeinschaft „was heutzutage bei weitem keine Selbstverständlichkeit mehr darstellt.“</p>
<p>Angesichts der positiven Entwicklung war nicht verwunderlich, dass die zahlreichen Anwesenden bei den anschließenden, durch Ortsvorsteher Kurt Winter geleiteten Wahlen, dem gesamten Vorstandsgremium wieder das Vertrauen für die nächsten zwei Jahre aussprachen.</p>
<h2> Gewählt wurden:</h2>
<p>1. Vorsitzender Marco Eberhardt</p>
<p>2. Vorsitzender Mario Köhn</p>
<p>Kassier Ute Sawall</p>
<p>Kassenprüfer Uli Armbruster und Stefan Liebrecht</p>
<p>Wanderwart Mario Köhn und Gerhard Sawall</p>
<p>Schriftführer/in Diana Armbruster</p>
<p>Stellv. Schriftführer/in Nicole Liebrecht</p>
<p>Beisitzer (Ausschuss) Ingo Kandzia</p>
<p>&nbsp;</p>
<p>Abschließend bedankte sich der seitherige und neue Vorsitzende bei den Anwesenden und bekräftigte nochmals sein Ziel und Herzenswunsch: „Dass es uns auch zukünftig immer wieder gelingt, alteingesessene und neu zugezogene Mitbürgerinnen und Mitbürger für die Dorfgemeinschaft zu begeistern.“</p>
<div id="attachment_2474" style="width: 640px" class="wp-caption alignleft"><a href="http://lossburg-schoemberg.de/wp-content/uploads/2014/04/DG_Vorstand2014.jpg"><img loading="lazy" decoding="async" aria-describedby="caption-attachment-2474" class=" wp-image-2474 " src="http://lossburg-schoemberg.de/wp-content/uploads/2014/04/DG_Vorstand2014.jpg" alt="DG_Vorstand2014" width="640" height="536" srcset="https://lossburg-schoemberg.de/wp-content/uploads/2014/04/DG_Vorstand2014.jpg 800w, https://lossburg-schoemberg.de/wp-content/uploads/2014/04/DG_Vorstand2014-300x251.jpg 300w" sizes="auto, (max-width: 640px) 100vw, 640px" /></a><p id="caption-attachment-2474" class="wp-caption-text">Neu gewähltes Vorstandsgremium der Dorfgemeinschaft Schömberg<br />v.l.: Uli Armbruster, Nicole Liebrecht, Stefan Liebrecht, Ingo Kandzia, Mario Köhn, Diana Armbruster, Marco Eberhardt, Ute Sawall, Gerhard Sawall</p></div>
<p>&nbsp;</p>
<p>&nbsp;</p>

<p>Toller Zusammenhalt der Dorfgemeinschaft Schömberger blicken auf erfolgreiches Jahr zurück / Vorstandsgremium wiedergewählt Auf ein ereignis- und erfolgreiches Jahr 2013 konnte die Dorfgemeinschaft Schömberg in ihrer Jahreshauptversammlung zurückblicken. Der Vorsitzende Marco Eberhardt erinnerte in seiner Berichterstattung unter anderem an die Maiwanderung im letzten Jahr, welche über Vordersteinwald, Sandwiese und Vogteiturm nach Sulzbach zur Wilkenbrandhütte und &hellip; </p>
<p><a class="more-link btn" href="https://lossburg-schoemberg.de/index.php/einrichtungen/dorfgemeinschaft/hauptversammlung-2014/">Weiterlesen</a></p>
