{"id":2260,"date":"2013-10-13T20:17:32","date_gmt":"2013-10-13T18:17:32","guid":{"rendered":"http:\/\/beta.lossburg-schoemberg.de\/?page_id=2260"},"modified":"2013-12-25T21:45:44","modified_gmt":"2013-12-25T20:45:44","slug":"dorffest-im-dezember","status":"publish","type":"page","link":"https:\/\/lossburg-schoemberg.de\/index.php\/rueckblick\/2013-2\/dorffest-im-dezember\/","title":{"rendered":"Dorfnachmittag im Dezember"},"content":{"rendered":"<div id=\"attachment_2370\" style=\"width: 230px\" class=\"wp-caption alignright\"><a href=\"http:\/\/lossburg-schoemberg.de\/wp-content\/uploads\/2013\/10\/Dorfnachmittag02.jpg\"><img loading=\"lazy\" decoding=\"async\" aria-describedby=\"caption-attachment-2370\" class=\" wp-image-2370 \" alt=\"Dorfnachmittag02\" src=\"http:\/\/lossburg-schoemberg.de\/wp-content\/uploads\/2013\/10\/Dorfnachmittag02.jpg\" width=\"230\" height=\"305\" srcset=\"https:\/\/lossburg-schoemberg.de\/wp-content\/uploads\/2013\/10\/Dorfnachmittag02.jpg 640w, https:\/\/lossburg-schoemberg.de\/wp-content\/uploads\/2013\/10\/Dorfnachmittag02-226x300.jpg 226w\" sizes=\"auto, (max-width: 230px) 100vw, 230px\" \/><\/a><p id=\"caption-attachment-2370\" class=\"wp-caption-text\">Ortsvorsteher Kurt Winter<\/p><\/div>\n<p>Sch\u00f6mberger Dorfnachmittag in der Vorweihnachtszeit.<\/p>\n<p>Im Namen der Stiftung Sch\u00f6mberg war die B\u00fcrgerschaft zu einem Nachmittag und Abend eingeladen.<br \/>\nDie Veranstaltung fand reges Interesse, beide S\u00e4le des B\u00fcrgerhauses waren bis auf den letzten Platz belegt.<\/p>\n<p>Ortsvorsteher Kurt Winter hielt eine kurze Ansprache in der er insbesondere auf die Aufgaben der Stitung Sch\u00f6mberg einging. Nur durch sie ist es m\u00f6glich, derartige Veranstaltungen ins Leben zu rufen un den B\u00fcrgern diese besondere Art der Begegnung anzubieten. Ziel ist es, die Gemeinsamkeit zu f\u00f6rdern, die Jugend zu motivieren und den Neu zugezogenen die unkomplizierte M\u00f6glichkeit zu bieten, mit den Menschen in ihrem neuen Umfeld ins Gespr\u00e4ch zu kommen und Kontakte aufzubauen.<\/p>\n<p>Musikalisch umrahmt wurde der Nachmittag durch Lisa und Annemarie aus Hardt.<\/p>\n<p>Ortschaftsrat und Dorfgemeinschaft bedanken sich f\u00fcr den zahlreichen Besuch.<\/p>\n<div id=\"attachment_2369\" style=\"width: 800px\" class=\"wp-caption alignleft\"><a href=\"http:\/\/lossburg-schoemberg.de\/wp-content\/uploads\/2013\/10\/Dorfnachmittag01.jpg\"><img loading=\"lazy\" decoding=\"async\" aria-describedby=\"caption-attachment-2369\" class=\" wp-image-2369\" alt=\"Dorfnachmittag01\" src=\"http:\/\/lossburg-schoemberg.de\/wp-content\/uploads\/2013\/10\/Dorfnachmittag01.jpg\" width=\"800\" height=\"327\" srcset=\"https:\/\/lossburg-schoemberg.de\/wp-content\/uploads\/2013\/10\/Dorfnachmittag01.jpg 800w, https:\/\/lossburg-schoemberg.de\/wp-content\/uploads\/2013\/10\/Dorfnachmittag01-300x122.jpg 300w\" sizes=\"auto, (max-width: 800px) 100vw, 800px\" \/><\/a><p id=\"caption-attachment-2369\" class=\"wp-caption-text\">Voll besetztes B\u00fcrgerhaus im Dezember 2013<\/p><\/div>\n<p>&nbsp;<\/p>\n","protected":false},"excerpt":{"rendered":"<p>Sch\u00f6mberger Dorfnachmittag in der Vorweihnachtszeit. Im Namen der Stiftung Sch\u00f6mberg war die B\u00fcrgerschaft zu einem Nachmittag und Abend eingeladen. Die Veranstaltung fand reges Interesse, beide S\u00e4le des B\u00fcrgerhauses waren bis auf den letzten Platz belegt. Ortsvorsteher Kurt Winter hielt eine kurze Ansprache in der er insbesondere auf die Aufgaben der Stitung Sch\u00f6mberg einging. Nur durch &hellip; <\/p>\n<p><a class=\"more-link btn\" href=\"https:\/\/lossburg-schoemberg.de\/index.php\/rueckblick\/2013-2\/dorffest-im-dezember\/\">Weiterlesen<\/a><\/p>\n","protected":false},"author":1,"featured_media":637,"parent":2080,"menu_order":12,"comment_status":"open","ping_status":"open","template":"","meta":{"footnotes":""},"class_list":["post-2260","page","type-page","status-publish","has-post-thumbnail","hentry","nodate","item-wrap"],"_links":{"self":[{"href":"https:\/\/lossburg-schoemberg.de\/index.php\/wp-json\/wp\/v2\/pages\/2260","targetHints":{"allow":["GET"]}}],"collection":[{"href":"https:\/\/lossburg-schoemberg.de\/index.php\/wp-json\/wp\/v2\/pages"}],"about":[{"href":"https:\/\/lossburg-schoemberg.de\/index.php\/wp-json\/wp\/v2\/types\/page"}],"author":[{"embeddable":true,"href":"https:\/\/lossburg-schoemberg.de\/index.php\/wp-json\/wp\/v2\/users\/1"}],"replies":[{"embeddable":true,"href":"https:\/\/lossburg-schoemberg.de\/index.php\/wp-json\/wp\/v2\/comments?post=2260"}],"version-history":[{"count":6,"href":"https:\/\/lossburg-schoemberg.de\/index.php\/wp-json\/wp\/v2\/pages\/2260\/revisions"}],"predecessor-version":[{"id":2371,"href":"https:\/\/lossburg-schoemberg.de\/index.php\/wp-json\/wp\/v2\/pages\/2260\/revisions\/2371"}],"up":[{"embeddable":true,"href":"https:\/\/lossburg-schoemberg.de\/index.php\/wp-json\/wp\/v2\/pages\/2080"}],"wp:featuredmedia":[{"embeddable":true,"href":"https:\/\/lossburg-schoemberg.de\/index.php\/wp-json\/wp\/v2\/media\/637"}],"wp:attachment":[{"href":"https:\/\/lossburg-schoemberg.de\/index.php\/wp-json\/wp\/v2\/media?parent=2260"}],"curies":[{"name":"wp","href":"https:\/\/api.w.org\/{rel}","templated":true}]}}

<div id="attachment_2370" style="width: 230px" class="wp-caption alignright"><a href="http://lossburg-schoemberg.de/wp-content/uploads/2013/10/Dorfnachmittag02.jpg"><img loading="lazy" decoding="async" aria-describedby="caption-attachment-2370" class=" wp-image-2370 " alt="Dorfnachmittag02" src="http://lossburg-schoemberg.de/wp-content/uploads/2013/10/Dorfnachmittag02.jpg" width="230" height="305" srcset="https://lossburg-schoemberg.de/wp-content/uploads/2013/10/Dorfnachmittag02.jpg 640w, https://lossburg-schoemberg.de/wp-content/uploads/2013/10/Dorfnachmittag02-226x300.jpg 226w" sizes="auto, (max-width: 230px) 100vw, 230px" /></a><p id="caption-attachment-2370" class="wp-caption-text">Ortsvorsteher Kurt Winter</p></div>
<p>Schömberger Dorfnachmittag in der Vorweihnachtszeit.</p>
<p>Im Namen der Stiftung Schömberg war die Bürgerschaft zu einem Nachmittag und Abend eingeladen.<br />
Die Veranstaltung fand reges Interesse, beide Säle des Bürgerhauses waren bis auf den letzten Platz belegt.</p>
<p>Ortsvorsteher Kurt Winter hielt eine kurze Ansprache in der er insbesondere auf die Aufgaben der Stitung Schömberg einging. Nur durch sie ist es möglich, derartige Veranstaltungen ins Leben zu rufen un den Bürgern diese besondere Art der Begegnung anzubieten. Ziel ist es, die Gemeinsamkeit zu fördern, die Jugend zu motivieren und den Neu zugezogenen die unkomplizierte Möglichkeit zu bieten, mit den Menschen in ihrem neuen Umfeld ins Gespräch zu kommen und Kontakte aufzubauen.</p>
<p>Musikalisch umrahmt wurde der Nachmittag durch Lisa und Annemarie aus Hardt.</p>
<p>Ortschaftsrat und Dorfgemeinschaft bedanken sich für den zahlreichen Besuch.</p>
<div id="attachment_2369" style="width: 800px" class="wp-caption alignleft"><a href="http://lossburg-schoemberg.de/wp-content/uploads/2013/10/Dorfnachmittag01.jpg"><img loading="lazy" decoding="async" aria-describedby="caption-attachment-2369" class=" wp-image-2369" alt="Dorfnachmittag01" src="http://lossburg-schoemberg.de/wp-content/uploads/2013/10/Dorfnachmittag01.jpg" width="800" height="327" srcset="https://lossburg-schoemberg.de/wp-content/uploads/2013/10/Dorfnachmittag01.jpg 800w, https://lossburg-schoemberg.de/wp-content/uploads/2013/10/Dorfnachmittag01-300x122.jpg 300w" sizes="auto, (max-width: 800px) 100vw, 800px" /></a><p id="caption-attachment-2369" class="wp-caption-text">Voll besetztes Bürgerhaus im Dezember 2013</p></div>
<p>&nbsp;</p>

<p>Schömberger Dorfnachmittag in der Vorweihnachtszeit. Im Namen der Stiftung Schömberg war die Bürgerschaft zu einem Nachmittag und Abend eingeladen. Die Veranstaltung fand reges Interesse, beide Säle des Bürgerhauses waren bis auf den letzten Platz belegt. Ortsvorsteher Kurt Winter hielt eine kurze Ansprache in der er insbesondere auf die Aufgaben der Stitung Schömberg einging. Nur durch &hellip; </p>
<p><a class="more-link btn" href="https://lossburg-schoemberg.de/index.php/rueckblick/2013-2/dorffest-im-dezember/">Weiterlesen</a></p>
