{"id":2177,"date":"2013-06-24T21:51:18","date_gmt":"2013-06-24T19:51:18","guid":{"rendered":"http:\/\/beta.lossburg-schoemberg.de\/?page_id=2177"},"modified":"2013-10-05T18:36:10","modified_gmt":"2013-10-05T16:36:10","slug":"hoffest-2013","status":"publish","type":"page","link":"https:\/\/lossburg-schoemberg.de\/index.php\/rueckblick\/2013-2\/hoffest-2013\/","title":{"rendered":"Hoffest 2013"},"content":{"rendered":"<p><a href=\"http:\/\/beta.lossburg-schoemberg.de\/wp-content\/uploads\/2013\/06\/Hoffest13.jpg\"><img loading=\"lazy\" decoding=\"async\" class=\"alignleft  wp-image-2178\" alt=\"Hoffest13\" src=\"http:\/\/beta.lossburg-schoemberg.de\/wp-content\/uploads\/2013\/06\/Hoffest13-336x1024.jpg\" width=\"266\" height=\"745\" \/><\/a><\/p>\n<h1>Flohmarkt und Hoffest<\/h1>\n<h2>auf dem <a href=\"http:\/\/www.seelentransport.de\" target=\"_blank\">Hofbauernhof Sch\u00f6mberg<\/a><\/h2>\n<p>Auch in diesem Sommer wurde wieder &#8222;gefestet&#8220;<\/p>\n<p>Bei sch\u00f6nstem Wetter waren T\u00fcr, Tor und St\u00e4lle ge\u00f6ffnet,<\/p>\n<p>es gab vielf\u00e4ltige Kinderspiele, Hoff\u00fchrungen,<\/p>\n<p>Musik, Tanz, Bio-Verpflegung aus Hofk\u00fcche und<\/p>\n<p>Hofbackstube, Probierst\u00e4nde und viele<\/p>\n<p>Mitmach-Aktionen.<\/p>\n<p>&nbsp;<\/p>\n<p>Die Wiesen hinter dem Hofbauernhof standen<\/p>\n<p>an diesem Tag f\u00fcr alle privaten Flohm\u00e4rktler offen.<\/p>\n<p>&nbsp;<\/p>\n<p>Zum zweiten Mal wurden wieder Kisten gestapelt.<\/p>\n<p>Die inoffiziellen deutschen Hochstapler-Meisterschaften<\/p>\n<p>wurden auf dem Hofbauernhof ausgetragen.<\/p>\n<p>&nbsp;<\/p>\n<p>&nbsp;<\/p>\n<p>&nbsp;<\/p>\n<p>&nbsp;<\/p>\n","protected":false},"excerpt":{"rendered":"<p>Flohmarkt und Hoffest auf dem Hofbauernhof Sch\u00f6mberg Auch in diesem Sommer wurde wieder &#8222;gefestet&#8220; Bei sch\u00f6nstem Wetter waren T\u00fcr, Tor und St\u00e4lle ge\u00f6ffnet, es gab vielf\u00e4ltige Kinderspiele, Hoff\u00fchrungen, Musik, Tanz, Bio-Verpflegung aus Hofk\u00fcche und Hofbackstube, Probierst\u00e4nde und viele Mitmach-Aktionen. &nbsp; Die Wiesen hinter dem Hofbauernhof standen an diesem Tag f\u00fcr alle privaten Flohm\u00e4rktler offen. &nbsp; &hellip; <\/p>\n<p><a class=\"more-link btn\" href=\"https:\/\/lossburg-schoemberg.de\/index.php\/rueckblick\/2013-2\/hoffest-2013\/\">Weiterlesen<\/a><\/p>\n","protected":false},"author":1,"featured_media":2178,"parent":2080,"menu_order":10,"comment_status":"open","ping_status":"open","template":"","meta":{"footnotes":""},"class_list":["post-2177","page","type-page","status-publish","has-post-thumbnail","hentry","nodate","item-wrap"],"_links":{"self":[{"href":"https:\/\/lossburg-schoemberg.de\/index.php\/wp-json\/wp\/v2\/pages\/2177","targetHints":{"allow":["GET"]}}],"collection":[{"href":"https:\/\/lossburg-schoemberg.de\/index.php\/wp-json\/wp\/v2\/pages"}],"about":[{"href":"https:\/\/lossburg-schoemberg.de\/index.php\/wp-json\/wp\/v2\/types\/page"}],"author":[{"embeddable":true,"href":"https:\/\/lossburg-schoemberg.de\/index.php\/wp-json\/wp\/v2\/users\/1"}],"replies":[{"embeddable":true,"href":"https:\/\/lossburg-schoemberg.de\/index.php\/wp-json\/wp\/v2\/comments?post=2177"}],"version-history":[{"count":21,"href":"https:\/\/lossburg-schoemberg.de\/index.php\/wp-json\/wp\/v2\/pages\/2177\/revisions"}],"predecessor-version":[{"id":2183,"href":"https:\/\/lossburg-schoemberg.de\/index.php\/wp-json\/wp\/v2\/pages\/2177\/revisions\/2183"}],"up":[{"embeddable":true,"href":"https:\/\/lossburg-schoemberg.de\/index.php\/wp-json\/wp\/v2\/pages\/2080"}],"wp:featuredmedia":[{"embeddable":true,"href":"https:\/\/lossburg-schoemberg.de\/index.php\/wp-json\/wp\/v2\/media\/2178"}],"wp:attachment":[{"href":"https:\/\/lossburg-schoemberg.de\/index.php\/wp-json\/wp\/v2\/media?parent=2177"}],"curies":[{"name":"wp","href":"https:\/\/api.w.org\/{rel}","templated":true}]}}