{"id":2103,"date":"2013-05-03T22:04:22","date_gmt":"2013-05-03T20:04:22","guid":{"rendered":"http:\/\/beta.lossburg-schoemberg.de\/?page_id=2103"},"modified":"2013-05-04T10:43:24","modified_gmt":"2013-05-04T08:43:24","slug":"maiwanderung-der-dorfgemeinschaft","status":"publish","type":"page","link":"https:\/\/lossburg-schoemberg.de\/index.php\/rueckblick\/2013-2\/maiwanderung-der-dorfgemeinschaft\/","title":{"rendered":"Maiwanderung der Dorfgemeinschaft"},"content":{"rendered":"<h3>Maientour auf Sch\u00e4fers Wegen\u2026.<\/h3>\n<p><a href=\"http:\/\/beta.lossburg-schoemberg.de\/wp-content\/uploads\/2013\/05\/Gruppe2.jpg\"><img loading=\"lazy\" decoding=\"async\" class=\"size-medium wp-image-2105 alignleft\" alt=\"Gruppe2\" src=\"http:\/\/beta.lossburg-schoemberg.de\/wp-content\/uploads\/2013\/05\/Gruppe2-300x153.jpg\" width=\"300\" height=\"153\" srcset=\"https:\/\/lossburg-schoemberg.de\/wp-content\/uploads\/2013\/05\/Gruppe2-300x153.jpg 300w, https:\/\/lossburg-schoemberg.de\/wp-content\/uploads\/2013\/05\/Gruppe2.jpg 1024w\" sizes=\"auto, (max-width: 300px) 100vw, 300px\" \/><\/a><\/p>\n<p>Wie immer am 1. Mai traf sich auch in diesem Jahr die Dorfgemeinschaft zur traditionellen Maiwanderung. Mario K\u00f6hn und Gerhard Sawall hatten eine sch\u00f6ne Strecke vorbereitet. Allerdings wurde die erste Etappe nicht zu Fu\u00df, sondern per Bus zur\u00fcckgelegt: Vom Sch\u00f6mberg bis in den Vordersteinwald konnte man sich noch bequem zur\u00fccklehnen. Als alle ausgestiegen waren und auch der Kinderwagen ausgepackt war, ging es in Richtung Lo\u00dfburg los. Durch den Wald \u00fcber die Sandwiese f\u00fchrte der Weg. Im Wald sp\u00fcrte man den Nebel fast nicht und die Stimmung war fr\u00f6hlich und ausgelassen. Auch die kleinen Wanderer\/innen zeigten ihre Begeisterung, indem sie mal vorne, mal hinten bei der Wandergruppe mit wuselten. Am Vogteiturm angekommen, kletterten ein paar Sportliche hinauf, obwohl klar war, dass es keine Aussicht gab. Nun liefen wir weiter zu unserer ersten \u201eVersorgungsstation\u201c: Ingo und Yvette Kandzia hatten vor dem Haus eine St\u00e4rkung in fl\u00fcssiger Form vorbereitet, die auch gerne angenommen wurde. Weiter ging zur \u201eWilkenbrandh\u00fctte\u201c. Wir hatten Gl\u00fcck, denn wir kamen vor dem gro\u00dfen Andrang und konnten unsere Steaks und W\u00fcrste genie\u00dfen ohne lange in der Schlange zu stehen. Nachdem alle satt waren und man sich auch mit anderen H\u00fcttenbesuchern unterhalten hatte, ging die Tour weiter. Am Schafstall der Familie Fehrenbacher sahen die Kinder schon von weitem die vielen kleinen L\u00e4mmer auf der Weide. Auch die Erwachsenen hatten was zu schauen, denn die Schafscherer waren bei der Arbeit. Nach diesem interessanten Einblick in die Arbeit der M\u00e4nner wanderten wir gem\u00fctlich weiter zum Zauberland. Am Kinzigsee beim Sch\u00e4ferwagen machten wir eine kleine Kaffeepause und genossen die wenigen Sonnenstrahlen, die ihren Weg durch das Grau des Himmels fanden. Nun teilte sich die Gruppe: Ein paar unerm\u00fcdliche Wanderer (mit Kindern!) lief \u00fcber den \u00d6denwald und Ostweg zum Sch\u00f6mberg zur\u00fcck, w\u00e4hrend die anderen mit den Autos, die bereits morgens am Freibad geparkt worden waren, zur\u00fcck fuhren. Wir trafen uns alle wieder in der \u201eSonne\u201c, wo es einen sch\u00f6nen Abschluss des gelungenen Tages gab.\u00a0 (Text: Diana Armbruster)<\/p>\n<p><a href=\"http:\/\/beta.lossburg-schoemberg.de\/wp-content\/uploads\/2013\/05\/Gruppe1.jpg\"><img loading=\"lazy\" decoding=\"async\" class=\"size-medium wp-image-2104 aligncenter\" alt=\"Gruppe1\" src=\"http:\/\/beta.lossburg-schoemberg.de\/wp-content\/uploads\/2013\/05\/Gruppe1-300x222.jpg\" width=\"300\" height=\"222\" srcset=\"https:\/\/lossburg-schoemberg.de\/wp-content\/uploads\/2013\/05\/Gruppe1-300x222.jpg 300w, https:\/\/lossburg-schoemberg.de\/wp-content\/uploads\/2013\/05\/Gruppe1.jpg 1024w\" sizes=\"auto, (max-width: 300px) 100vw, 300px\" \/><\/a><\/p>\n<p>&nbsp;<\/p>\n","protected":false},"excerpt":{"rendered":"<p>Maientour auf Sch\u00e4fers Wegen\u2026. Wie immer am 1. Mai traf sich auch in diesem Jahr die Dorfgemeinschaft zur traditionellen Maiwanderung. Mario K\u00f6hn und Gerhard Sawall hatten eine sch\u00f6ne Strecke vorbereitet. Allerdings wurde die erste Etappe nicht zu Fu\u00df, sondern per Bus zur\u00fcckgelegt: Vom Sch\u00f6mberg bis in den Vordersteinwald konnte man sich noch bequem zur\u00fccklehnen. Als &hellip; <\/p>\n<p><a class=\"more-link btn\" href=\"https:\/\/lossburg-schoemberg.de\/index.php\/rueckblick\/2013-2\/maiwanderung-der-dorfgemeinschaft\/\">Weiterlesen<\/a><\/p>\n","protected":false},"author":1,"featured_media":2105,"parent":2080,"menu_order":6,"comment_status":"open","ping_status":"open","template":"","meta":{"footnotes":""},"class_list":["post-2103","page","type-page","status-publish","has-post-thumbnail","hentry","nodate","item-wrap"],"_links":{"self":[{"href":"https:\/\/lossburg-schoemberg.de\/index.php\/wp-json\/wp\/v2\/pages\/2103","targetHints":{"allow":["GET"]}}],"collection":[{"href":"https:\/\/lossburg-schoemberg.de\/index.php\/wp-json\/wp\/v2\/pages"}],"about":[{"href":"https:\/\/lossburg-schoemberg.de\/index.php\/wp-json\/wp\/v2\/types\/page"}],"author":[{"embeddable":true,"href":"https:\/\/lossburg-schoemberg.de\/index.php\/wp-json\/wp\/v2\/users\/1"}],"replies":[{"embeddable":true,"href":"https:\/\/lossburg-schoemberg.de\/index.php\/wp-json\/wp\/v2\/comments?post=2103"}],"version-history":[{"count":6,"href":"https:\/\/lossburg-schoemberg.de\/index.php\/wp-json\/wp\/v2\/pages\/2103\/revisions"}],"predecessor-version":[{"id":2109,"href":"https:\/\/lossburg-schoemberg.de\/index.php\/wp-json\/wp\/v2\/pages\/2103\/revisions\/2109"}],"up":[{"embeddable":true,"href":"https:\/\/lossburg-schoemberg.de\/index.php\/wp-json\/wp\/v2\/pages\/2080"}],"wp:featuredmedia":[{"embeddable":true,"href":"https:\/\/lossburg-schoemberg.de\/index.php\/wp-json\/wp\/v2\/media\/2105"}],"wp:attachment":[{"href":"https:\/\/lossburg-schoemberg.de\/index.php\/wp-json\/wp\/v2\/media?parent=2103"}],"curies":[{"name":"wp","href":"https:\/\/api.w.org\/{rel}","templated":true}]}}

<h3>Maientour auf Schäfers Wegen….</h3>
<p><a href="http://beta.lossburg-schoemberg.de/wp-content/uploads/2013/05/Gruppe2.jpg"><img loading="lazy" decoding="async" class="size-medium wp-image-2105 alignleft" alt="Gruppe2" src="http://beta.lossburg-schoemberg.de/wp-content/uploads/2013/05/Gruppe2-300x153.jpg" width="300" height="153" srcset="https://lossburg-schoemberg.de/wp-content/uploads/2013/05/Gruppe2-300x153.jpg 300w, https://lossburg-schoemberg.de/wp-content/uploads/2013/05/Gruppe2.jpg 1024w" sizes="auto, (max-width: 300px) 100vw, 300px" /></a></p>
<p>Wie immer am 1. Mai traf sich auch in diesem Jahr die Dorfgemeinschaft zur traditionellen Maiwanderung. Mario Köhn und Gerhard Sawall hatten eine schöne Strecke vorbereitet. Allerdings wurde die erste Etappe nicht zu Fuß, sondern per Bus zurückgelegt: Vom Schömberg bis in den Vordersteinwald konnte man sich noch bequem zurücklehnen. Als alle ausgestiegen waren und auch der Kinderwagen ausgepackt war, ging es in Richtung Loßburg los. Durch den Wald über die Sandwiese führte der Weg. Im Wald spürte man den Nebel fast nicht und die Stimmung war fröhlich und ausgelassen. Auch die kleinen Wanderer/innen zeigten ihre Begeisterung, indem sie mal vorne, mal hinten bei der Wandergruppe mit wuselten. Am Vogteiturm angekommen, kletterten ein paar Sportliche hinauf, obwohl klar war, dass es keine Aussicht gab. Nun liefen wir weiter zu unserer ersten „Versorgungsstation“: Ingo und Yvette Kandzia hatten vor dem Haus eine Stärkung in flüssiger Form vorbereitet, die auch gerne angenommen wurde. Weiter ging zur „Wilkenbrandhütte“. Wir hatten Glück, denn wir kamen vor dem großen Andrang und konnten unsere Steaks und Würste genießen ohne lange in der Schlange zu stehen. Nachdem alle satt waren und man sich auch mit anderen Hüttenbesuchern unterhalten hatte, ging die Tour weiter. Am Schafstall der Familie Fehrenbacher sahen die Kinder schon von weitem die vielen kleinen Lämmer auf der Weide. Auch die Erwachsenen hatten was zu schauen, denn die Schafscherer waren bei der Arbeit. Nach diesem interessanten Einblick in die Arbeit der Männer wanderten wir gemütlich weiter zum Zauberland. Am Kinzigsee beim Schäferwagen machten wir eine kleine Kaffeepause und genossen die wenigen Sonnenstrahlen, die ihren Weg durch das Grau des Himmels fanden. Nun teilte sich die Gruppe: Ein paar unermüdliche Wanderer (mit Kindern!) lief über den Ödenwald und Ostweg zum Schömberg zurück, während die anderen mit den Autos, die bereits morgens am Freibad geparkt worden waren, zurück fuhren. Wir trafen uns alle wieder in der „Sonne“, wo es einen schönen Abschluss des gelungenen Tages gab.  (Text: Diana Armbruster)</p>
<p><a href="http://beta.lossburg-schoemberg.de/wp-content/uploads/2013/05/Gruppe1.jpg"><img loading="lazy" decoding="async" class="size-medium wp-image-2104 aligncenter" alt="Gruppe1" src="http://beta.lossburg-schoemberg.de/wp-content/uploads/2013/05/Gruppe1-300x222.jpg" width="300" height="222" srcset="https://lossburg-schoemberg.de/wp-content/uploads/2013/05/Gruppe1-300x222.jpg 300w, https://lossburg-schoemberg.de/wp-content/uploads/2013/05/Gruppe1.jpg 1024w" sizes="auto, (max-width: 300px) 100vw, 300px" /></a></p>
<p>&nbsp;</p>

<p>Maientour auf Schäfers Wegen…. Wie immer am 1. Mai traf sich auch in diesem Jahr die Dorfgemeinschaft zur traditionellen Maiwanderung. Mario Köhn und Gerhard Sawall hatten eine schöne Strecke vorbereitet. Allerdings wurde die erste Etappe nicht zu Fuß, sondern per Bus zurückgelegt: Vom Schömberg bis in den Vordersteinwald konnte man sich noch bequem zurücklehnen. Als &hellip; </p>
<p><a class="more-link btn" href="https://lossburg-schoemberg.de/index.php/rueckblick/2013-2/maiwanderung-der-dorfgemeinschaft/">Weiterlesen</a></p>
