{"id":1895,"date":"2013-02-05T17:04:03","date_gmt":"2013-02-05T16:04:03","guid":{"rendered":"http:\/\/beta.lossburg-schoemberg.de\/?page_id=1895"},"modified":"2014-04-25T21:33:50","modified_gmt":"2014-04-25T19:33:50","slug":"die-verleihung-der-sportabzeichen-fuer-2007","status":"publish","type":"page","link":"https:\/\/lossburg-schoemberg.de\/index.php\/einrichtungen\/jugendsportgruppe\/die-verleihung-der-sportabzeichen-fuer-2007\/","title":{"rendered":"Die Verleihung der Sportabzeichen f\u00fcr 2007"},"content":{"rendered":"<p>Im November 2007 fand im Rahmen einer kleinen Feier die 7. Verleihung der Sportabzeichen statt.<\/p>\n<p>Auch in diesem Jahr haben sich wieder viele Sch\u00f6mberger beteiligt und sich ihr Sportabzeichen erk\u00e4mpft. So konnten an 28 Jugendliche, an 5 Erwachsene und an 2 Familien, Sportabzeichen in Bronze, Silber und Gold \u00fcberreicht werden. Die Teilnehmer waren im Alter zwischen 7 und 44 Jahren.<\/p>\n<p>Alle d\u00fcrfen stolz auf ihre Leistung sein.<\/p>\n<div id=\"attachment_1896\" style=\"width: 560px\" class=\"wp-caption aligncenter\"><a href=\"http:\/\/beta.lossburg-schoemberg.de\/wp-content\/uploads\/2013\/02\/Jugendsport07.jpg\"><img loading=\"lazy\" decoding=\"async\" aria-describedby=\"caption-attachment-1896\" class=\" wp-image-1896 \" src=\"http:\/\/beta.lossburg-schoemberg.de\/wp-content\/uploads\/2013\/02\/Jugendsport07.jpg\" alt=\"Links im Bild: Ortsvorsteher Kurt Winter, rechts Jugendleiterin Anja Eberhardt und Kreissportwart Erich Fordtner.\" width=\"560\" height=\"241\" srcset=\"https:\/\/lossburg-schoemberg.de\/wp-content\/uploads\/2013\/02\/Jugendsport07.jpg 800w, https:\/\/lossburg-schoemberg.de\/wp-content\/uploads\/2013\/02\/Jugendsport07-300x129.jpg 300w\" sizes=\"auto, (max-width: 560px) 100vw, 560px\" \/><\/a><p id=\"caption-attachment-1896\" class=\"wp-caption-text\">Links im Bild: Ortsvorsteher Kurt Winter, rechts Jugendleiterin Anja Eberhardt und Kreissportwart Erich Fordtner.<\/p><\/div>\n","protected":false},"excerpt":{"rendered":"<p>Im November 2007 fand im Rahmen einer kleinen Feier die 7. Verleihung der Sportabzeichen statt. Auch in diesem Jahr haben sich wieder viele Sch\u00f6mberger beteiligt und sich ihr Sportabzeichen erk\u00e4mpft. So konnten an 28 Jugendliche, an 5 Erwachsene und an 2 Familien, Sportabzeichen in Bronze, Silber und Gold \u00fcberreicht werden. Die Teilnehmer waren im Alter &hellip; <\/p>\n<p><a class=\"more-link btn\" href=\"https:\/\/lossburg-schoemberg.de\/index.php\/einrichtungen\/jugendsportgruppe\/die-verleihung-der-sportabzeichen-fuer-2007\/\">Weiterlesen<\/a><\/p>\n","protected":false},"author":2,"featured_media":0,"parent":354,"menu_order":48,"comment_status":"open","ping_status":"open","template":"","meta":{"footnotes":""},"class_list":["post-1895","page","type-page","status-publish","hentry","nodate","item-wrap"],"_links":{"self":[{"href":"https:\/\/lossburg-schoemberg.de\/index.php\/wp-json\/wp\/v2\/pages\/1895","targetHints":{"allow":["GET"]}}],"collection":[{"href":"https:\/\/lossburg-schoemberg.de\/index.php\/wp-json\/wp\/v2\/pages"}],"about":[{"href":"https:\/\/lossburg-schoemberg.de\/index.php\/wp-json\/wp\/v2\/types\/page"}],"author":[{"embeddable":true,"href":"https:\/\/lossburg-schoemberg.de\/index.php\/wp-json\/wp\/v2\/users\/2"}],"replies":[{"embeddable":true,"href":"https:\/\/lossburg-schoemberg.de\/index.php\/wp-json\/wp\/v2\/comments?post=1895"}],"version-history":[{"count":3,"href":"https:\/\/lossburg-schoemberg.de\/index.php\/wp-json\/wp\/v2\/pages\/1895\/revisions"}],"predecessor-version":[{"id":2502,"href":"https:\/\/lossburg-schoemberg.de\/index.php\/wp-json\/wp\/v2\/pages\/1895\/revisions\/2502"}],"up":[{"embeddable":true,"href":"https:\/\/lossburg-schoemberg.de\/index.php\/wp-json\/wp\/v2\/pages\/354"}],"wp:attachment":[{"href":"https:\/\/lossburg-schoemberg.de\/index.php\/wp-json\/wp\/v2\/media?parent=1895"}],"curies":[{"name":"wp","href":"https:\/\/api.w.org\/{rel}","templated":true}]}}