{"id":1790,"date":"2013-02-04T22:02:59","date_gmt":"2013-02-04T21:02:59","guid":{"rendered":"http:\/\/beta.lossburg-schoemberg.de\/?page_id=1790"},"modified":"2015-11-07T20:52:54","modified_gmt":"2015-11-07T19:52:54","slug":"bericht-der-vorstandssitzung-2012","status":"publish","type":"page","link":"https:\/\/lossburg-schoemberg.de\/index.php\/einrichtungen\/dorfgemeinschaft\/bericht-der-vorstandssitzung-2012\/","title":{"rendered":"Bericht der Vorstandssitzung 2012"},"content":{"rendered":"<table>\n<tbody>\n<tr>\n<td colspan=\"3\">\n<h3>Hier der Bericht der Vorstandssitzung 2012:<\/h3>\n<h3 style=\"text-align: center;\"><span style=\"font-size: large;\" data-mce-mark=\"1\"><strong>\u201eGeist der Dorfgemeinschaft lebt\u201c<\/strong><\/span><\/h3>\n<p>Auf ein ereignis- und erfolgreiches Jahr 2011 konnte die Dorfgemeinschaft Sch\u00f6mberg in ihrer Jahreshauptversammlung zur\u00fcck-blicken.Der Vorsitzende Marco Eberhardt erinnerte in seiner Berichterstattung unter anderem an die Maiwanderung, welche die Sch\u00f6mberger im letzten Jahr in den B\u00e4renpark nach Bad Rippoldsau-Schapbach gef\u00fchrt hatte. Beim traditionellen Herbstausflug standen die Ziele Naturkundemuseum Karlsruhe und der Wildpark Silz in der S\u00fcdpfalz auf dem Programm. Beide Ausfl\u00fcge wurden von den routinierten Wanderwarten Mario K\u00f6hn und Gerhard Sawall wiederum bestens organisiert und ernteten viel Begeisterung bei den Teilnehmern.Auch bezogen auf die Festaktivit\u00e4ten war das vergangene Jahr sehr ereignisreich. So bewirtete die Dorfgemeinschaft beispielsweise die G\u00e4ste bei der feierlichen \u00dcbergabe einer neu gestalteten Dorfchronik oder auch die Seniorinnen und Senioren aus Sch\u00f6mberg und Reinerzau im Rahmen der Hugo F. Zuber- Stiftung. Dar\u00fcber hinaus fand noch ein Helferfest, sowie die, von Ort-schaftsverwaltung und Dorfgemeinschaft gemeinsam organisierte Heimat- und Adventsfeier statt. Das absolute Highlight war allerdings die Sonnwendfeier im Juni. Bei herrlichem Wetter herrschte auf dem Sch\u00f6mberger Waldspielplatz ein Riesenandrang. \u201eWir wurden fast \u00fcberrannt\u201c so Marco Eberhardt, \u201eaber durch den Superzusammenhalt der Sch\u00f6mberger haben wir auch das gestemmt bekommen. Hier hat es sich wieder mal bewahrheitet: Der Geist der Dorfgemeinschaft lebt! \u201cAuch Ortsvorsteher Kurt Winter fand in seinen Ausf\u00fchrungen nur lobende Worte \u00fcber \u201edas Engagement und den Zusammenhalt innerhalb der Dorfgemeinschaft, was heutzutage bei weitem keine Selbstverst\u00e4ndlichkeit mehr darstellt.\u201c Angesichts der positiven Entwicklung war es wenig verwunderlich, dass die zahlreichen Anwesenden bei den anschlie\u00dfenden, durch Ortsvorsteher Kurt Winter geleiteten Wahlen dem gesamten Vorstandsgremium wiederum das Vertrauen f\u00fcr die n\u00e4chsten zwei Jahre aussprachen.<\/td>\n<\/tr>\n<tr>\n<td colspan=\"3\"><a style=\"line-height: 18px;\" href=\"http:\/\/beta.lossburg-schoemberg.de\/wp-content\/uploads\/2012\/07\/Vorstand12_1.jpg\"><img loading=\"lazy\" decoding=\"async\" class=\"aligncenter wp-image-1560\" src=\"http:\/\/beta.lossburg-schoemberg.de\/wp-content\/uploads\/2012\/07\/Vorstand12_1.jpg\" alt=\"Vorstand12_1\" width=\"616\" height=\"294\" srcset=\"https:\/\/lossburg-schoemberg.de\/wp-content\/uploads\/2012\/07\/Vorstand12_1.jpg 800w, https:\/\/lossburg-schoemberg.de\/wp-content\/uploads\/2012\/07\/Vorstand12_1-300x142.jpg 300w\" sizes=\"auto, (max-width: 616px) 100vw, 616px\" \/><\/a><\/p>\n<p style=\"text-align: center;\">Das langfristige Ziel des alten und neuen Vorsitzenden und sein Herzenswunsch:<br \/>\n\u201eDass es uns zuk\u00fcnftig noch mehr gelingt, auch neu zugezogene Mitb\u00fcrgerinnen und Mitb\u00fcrger f\u00fcr die Dorfgemeinschaft zu begeistern.\u201c<\/p>\n<\/td>\n<\/tr>\n<\/tbody>\n<\/table>\n","protected":false},"excerpt":{"rendered":"<p>Hier der Bericht der Vorstandssitzung 2012: \u201eGeist der Dorfgemeinschaft lebt\u201c Auf ein ereignis- und erfolgreiches Jahr 2011 konnte die Dorfgemeinschaft Sch\u00f6mberg in ihrer Jahreshauptversammlung zur\u00fcck-blicken.Der Vorsitzende Marco Eberhardt erinnerte in seiner Berichterstattung unter anderem an die Maiwanderung, welche die Sch\u00f6mberger im letzten Jahr in den B\u00e4renpark nach Bad Rippoldsau-Schapbach gef\u00fchrt hatte. Beim traditionellen Herbstausflug standen &hellip; <\/p>\n<p><a class=\"more-link btn\" href=\"https:\/\/lossburg-schoemberg.de\/index.php\/einrichtungen\/dorfgemeinschaft\/bericht-der-vorstandssitzung-2012\/\">Weiterlesen<\/a><\/p>\n","protected":false},"author":2,"featured_media":1560,"parent":352,"menu_order":42,"comment_status":"open","ping_status":"open","template":"","meta":{"footnotes":""},"class_list":["post-1790","page","type-page","status-publish","has-post-thumbnail","hentry","nodate","item-wrap"],"_links":{"self":[{"href":"https:\/\/lossburg-schoemberg.de\/index.php\/wp-json\/wp\/v2\/pages\/1790","targetHints":{"allow":["GET"]}}],"collection":[{"href":"https:\/\/lossburg-schoemberg.de\/index.php\/wp-json\/wp\/v2\/pages"}],"about":[{"href":"https:\/\/lossburg-schoemberg.de\/index.php\/wp-json\/wp\/v2\/types\/page"}],"author":[{"embeddable":true,"href":"https:\/\/lossburg-schoemberg.de\/index.php\/wp-json\/wp\/v2\/users\/2"}],"replies":[{"embeddable":true,"href":"https:\/\/lossburg-schoemberg.de\/index.php\/wp-json\/wp\/v2\/comments?post=1790"}],"version-history":[{"count":6,"href":"https:\/\/lossburg-schoemberg.de\/index.php\/wp-json\/wp\/v2\/pages\/1790\/revisions"}],"predecessor-version":[{"id":3099,"href":"https:\/\/lossburg-schoemberg.de\/index.php\/wp-json\/wp\/v2\/pages\/1790\/revisions\/3099"}],"up":[{"embeddable":true,"href":"https:\/\/lossburg-schoemberg.de\/index.php\/wp-json\/wp\/v2\/pages\/352"}],"wp:featuredmedia":[{"embeddable":true,"href":"https:\/\/lossburg-schoemberg.de\/index.php\/wp-json\/wp\/v2\/media\/1560"}],"wp:attachment":[{"href":"https:\/\/lossburg-schoemberg.de\/index.php\/wp-json\/wp\/v2\/media?parent=1790"}],"curies":[{"name":"wp","href":"https:\/\/api.w.org\/{rel}","templated":true}]}}