{"id":1092,"date":"2012-08-29T12:32:49","date_gmt":"2012-08-29T10:32:49","guid":{"rendered":"http:\/\/beta.lossburg-schoemberg.de\/?page_id=1092"},"modified":"2021-01-18T20:38:54","modified_gmt":"2021-01-18T19:38:54","slug":"1900-2000","status":"publish","type":"page","link":"https:\/\/lossburg-schoemberg.de\/index.php\/ort\/geschichte\/1900-2000\/","title":{"rendered":"1900-2000"},"content":{"rendered":"<p align=\"left\"><span style=\"font-family: arial,helvetica,sans-serif; font-size: small;\"><strong>1904<\/strong> bekam Sch\u00f6mberg eine Wasserleitung, etwas sp\u00e4ter auch Strom und Telefon. Auch im ersten Jahrzehnt setzte sich der wirtschaftliche Aufschwung fort. Die gro\u00dfen Bauernh\u00f6fe wurden zum Teil neu errichtet oder durch Anbau vergr\u00f6\u00dfert, unter anderem Altenburg und Solhof. Zu den Hofg\u00fctern geh\u00f6rte damals wie heute ein gro\u00dfer Privatwaldbesitz.<\/span><\/p>\n<p align=\"left\"><span style=\"font-family: arial,helvetica,sans-serif; font-size: small;\">Der erste Weltkrieg stoppte wie \u00fcberall auch hier diese Entwicklung.<\/span><\/p>\n<p align=\"left\"><span style=\"font-family: arial,helvetica,sans-serif; font-size: small;\">Im ersten Weltkrieg <strong>1914 -1918<\/strong> fielen von Sch\u00f6mberg 11 Soldaten.<\/span><\/p>\n<p align=\"left\"><span style=\"font-family: arial,helvetica,sans-serif; font-size: small;\"><strong>1922 <\/strong>wurde auf dem Friedhof in Sch\u00f6mberg ein Ehrenmal f\u00fcr die Gefallenen errichtet<\/span><\/p>\n<p align=\"left\"><span style=\"font-family: arial,helvetica,sans-serif; font-size: small;\"><strong>1936<\/strong> lebten in Sch\u00f6mberg 334 Einwohner, davon 323 evangelisch, 7 katholisch und 4 andere.<\/span><\/p>\n<p align=\"left\"><span style=\"font-family: arial,helvetica,sans-serif; font-size: small;\"><strong>1938<\/strong> wurden die Ober\u00e4mter in Landkreise eingeteilt. Sch\u00f6mberg kam zum Landkreis Freudenstadt.<\/span><\/p>\n<p align=\"left\"><span style=\"font-family: arial,helvetica,sans-serif; font-size: small;\"><strong>1939<\/strong> &#8211;<strong>1945<\/strong>\u00a0 zweiter Weltkrieg. 19 Soldaten kamen nicht mehr heim.<\/span><br \/>\n<span style=\"font-family: arial,helvetica,sans-serif; font-size: small;\"> <strong>1952<\/strong> &#8211;<strong>1953<\/strong>\u00a0 Bau des neuen Schulhauses. Einweihung Anfang 1953.<\/span><br \/>\n<span style=\"font-family: arial,helvetica,sans-serif; font-size: small;\"> Hans-Joachim \u00dcberschaer war der einzige Lehrer in der neuen Schule von der Er\u00f6ffnung bis zur Schlie\u00dfung des<\/span><br \/>\n<span style=\"font-family: arial,helvetica,sans-serif; font-size: small;\"> Schulhauses im Zuge der Eingemeindung 1974.<\/span><br \/>\n<span style=\"font-family: arial,helvetica,sans-serif; font-size: small;\"> Herr \u00dcberschaer wohnte mit seiner Familie im alten Schulhaus. Dort war auch \u00fcber viele Jahre der Jugendclub Sch\u00f6mberg<\/span> <span style=\"font-family: arial,helvetica,sans-serif; font-size: small;\">untergebracht. Sp\u00e4ter wurde das Haus umgebaut zum Gasthaus Waldhufen. Heute ist es ein Wohngeb\u00e4ude.<\/span><\/p>\n<div id=\"attachment_1103\" style=\"width: 614px\" class=\"wp-caption alignnone\"><a href=\"http:\/\/beta.lossburg-schoemberg.de\/wp-content\/uploads\/2012\/08\/Schulhaus1952.jpg\"><img loading=\"lazy\" decoding=\"async\" aria-describedby=\"caption-attachment-1103\" class=\"wp-image-1103 \" title=\"Schulhaus1952\" src=\"http:\/\/beta.lossburg-schoemberg.de\/wp-content\/uploads\/2012\/08\/Schulhaus1952.jpg\" alt=\"\" width=\"614\" height=\"404\" srcset=\"https:\/\/lossburg-schoemberg.de\/wp-content\/uploads\/2012\/08\/Schulhaus1952.jpg 1024w, https:\/\/lossburg-schoemberg.de\/wp-content\/uploads\/2012\/08\/Schulhaus1952-300x197.jpg 300w\" sizes=\"auto, (max-width: 614px) 100vw, 614px\" \/><\/a><p id=\"caption-attachment-1103\" class=\"wp-caption-text\"><em>Bild von 1952 vom Richtfest des Schulhauses<\/em><\/p><\/div>\n<p align=\"left\"><span style=\"font-size: small; font-family: arial,helvetica,sans-serif;\"><strong>1953<\/strong> &#8211; <strong>1954<\/strong>\u00a0 wird die Kirche gro\u00dfz\u00fcgig umgebaut nach den Pl\u00e4nen von Prof. Leonhardt und Pfarrer Grasser<\/span><\/p>\n<p align=\"left\"><span style=\"font-size: small; font-family: arial,helvetica,sans-serif;\"><strong>1971<\/strong>\u00a0 Die Sch\u00f6mberger Hauptsch\u00fcler besuchen die &#8222;Nachbarschafts-Hauptschule&#8220; in Lo\u00dfburg.<\/span><\/p>\n<p align=\"left\"><span style=\"font-family: arial,helvetica,sans-serif; font-size: small;\"><strong>1972<\/strong>\u00a0 Erschlie\u00dfung des Wohngebietes \u201eSchulfeld\u201c\u00a0\u00a0<\/span><\/p>\n<p align=\"left\"><span style=\"font-family: arial,helvetica,sans-serif; font-size: small;\"><strong>1974<\/strong>\u00a0 Eingemeindung zur Gemeinde Lo\u00dfburg<\/span><\/p>\n<p align=\"left\"><span style=\"font-family: arial,helvetica,sans-serif; font-size: small;\"><strong>1978<\/strong>\u00a0 Aufl\u00f6sung der Grundschule. F\u00fcr alle Sch\u00fcler ist Lo\u00dfburg Schulort<\/span><\/p>\n<p align=\"left\"><span style=\"font-family: arial,helvetica,sans-serif; font-size: small;\"><strong>1985\u00a0 <\/strong>Renovierung der Kirche.\u00a0 Solhof brennt ab.<\/span><\/p>\n<p align=\"left\"><span style=\"font-family: arial,helvetica,sans-serif; font-size: small;\"><strong>1999<\/strong>\u00a0 Erschlie\u00dfung des Wohngebietes \u201eFeuersee\u201c<\/span><\/p>\n<div id=\"attachment_1104\" style=\"width: 673px\" class=\"wp-caption alignleft\"><a href=\"http:\/\/beta.lossburg-schoemberg.de\/wp-content\/uploads\/2012\/08\/Luftbild1950.jpg\"><img loading=\"lazy\" decoding=\"async\" aria-describedby=\"caption-attachment-1104\" class=\" wp-image-1104 \" title=\"Luftbild1950\" src=\"http:\/\/beta.lossburg-schoemberg.de\/wp-content\/uploads\/2012\/08\/Luftbild1950.jpg\" alt=\"\" width=\"673\" height=\"412\" srcset=\"https:\/\/lossburg-schoemberg.de\/wp-content\/uploads\/2012\/08\/Luftbild1950.jpg 1558w, https:\/\/lossburg-schoemberg.de\/wp-content\/uploads\/2012\/08\/Luftbild1950-300x183.jpg 300w, https:\/\/lossburg-schoemberg.de\/wp-content\/uploads\/2012\/08\/Luftbild1950-1024x625.jpg 1024w\" sizes=\"auto, (max-width: 673px) 100vw, 673px\" \/><\/a><p id=\"caption-attachment-1104\" class=\"wp-caption-text\"><em>Luftbild von Sch\u00f6mberg von 1950. Vorne in der Mitte der alte L\u00f6wen. Die Altenburgstra\u00dfe ist noch nicht bebaut.<\/em><\/p><\/div>\n","protected":false},"excerpt":{"rendered":"<p>1904 bekam Sch\u00f6mberg eine Wasserleitung, etwas sp\u00e4ter auch Strom und Telefon. Auch im ersten Jahrzehnt setzte sich der wirtschaftliche Aufschwung fort. Die gro\u00dfen Bauernh\u00f6fe wurden zum Teil neu errichtet oder durch Anbau vergr\u00f6\u00dfert, unter anderem Altenburg und Solhof. Zu den Hofg\u00fctern geh\u00f6rte damals wie heute ein gro\u00dfer Privatwaldbesitz. Der erste Weltkrieg stoppte wie \u00fcberall auch &hellip; <\/p>\n<p><a class=\"more-link btn\" href=\"https:\/\/lossburg-schoemberg.de\/index.php\/ort\/geschichte\/1900-2000\/\">Weiterlesen<\/a><\/p>\n","protected":false},"author":1,"featured_media":0,"parent":23,"menu_order":1,"comment_status":"open","ping_status":"open","template":"","meta":{"footnotes":""},"class_list":["post-1092","page","type-page","status-publish","hentry","nodate","item-wrap"],"_links":{"self":[{"href":"https:\/\/lossburg-schoemberg.de\/index.php\/wp-json\/wp\/v2\/pages\/1092","targetHints":{"allow":["GET"]}}],"collection":[{"href":"https:\/\/lossburg-schoemberg.de\/index.php\/wp-json\/wp\/v2\/pages"}],"about":[{"href":"https:\/\/lossburg-schoemberg.de\/index.php\/wp-json\/wp\/v2\/types\/page"}],"author":[{"embeddable":true,"href":"https:\/\/lossburg-schoemberg.de\/index.php\/wp-json\/wp\/v2\/users\/1"}],"replies":[{"embeddable":true,"href":"https:\/\/lossburg-schoemberg.de\/index.php\/wp-json\/wp\/v2\/comments?post=1092"}],"version-history":[{"count":9,"href":"https:\/\/lossburg-schoemberg.de\/index.php\/wp-json\/wp\/v2\/pages\/1092\/revisions"}],"predecessor-version":[{"id":4519,"href":"https:\/\/lossburg-schoemberg.de\/index.php\/wp-json\/wp\/v2\/pages\/1092\/revisions\/4519"}],"up":[{"embeddable":true,"href":"https:\/\/lossburg-schoemberg.de\/index.php\/wp-json\/wp\/v2\/pages\/23"}],"wp:attachment":[{"href":"https:\/\/lossburg-schoemberg.de\/index.php\/wp-json\/wp\/v2\/media?parent=1092"}],"curies":[{"name":"wp","href":"https:\/\/api.w.org\/{rel}","templated":true}]}}